220
CXUS53 KGRB 011827
CLSRHI
CLIMATE REPORT
NATIONAL WEATHER SERVICE GREEN BAY
127 PM CDT MON JUN 1 2020
...THE RHINELANDER WI SPRING CLIMATE SUMMARY FROM 3/1/2020 TO
5/31/2020...
CLIMATE NORMAL PERIOD 1981 TO 2010
CLIMATE RECORD PERIOD 1908 TO 2020
WEATHER OBSERVED NORMAL DEPART LAST YEAR`S
VALUE DATE(S) VALUE FROM VALUE DATE(S)
NORMAL
................................................................
TEMPERATURE (F)
RECORD
HIGH 99 05/31/1934
LOW -36 03/01/1962
HIGHEST 82 05/26 87 -5 91 05/31
05/24
05/25
LOWEST 1 04/15 -10 11 -25 03/04
03/21
AVG. MAXIMUM 50.0 51.9 -1.9 49.7
AVG. MINIMUM 29.2 29.1 0.1 27.4
MEAN 39.6 40.5 -0.9 38.6
DAYS MAX >= 90 0 0.1 -0.1 1
DAYS MAX <= 32 7 11.8 -4.8 9
DAYS MIN <= 32 66 51.7 14.3 49
DAYS MIN <= 0 0 3.4 -3.4 7
PRECIPITATION (INCHES)
RECORD
MAXIMUM 14.87 1991
MINIMUM 2.28 1931
TOTALS 7.15 7.64 -0.49 9.46
DAILY AVG. 0.08 0.08 0.00 0.10
DAYS >= .01 29 MM MM 37
DAYS >= .10 19 MM MM 20
DAYS >= .50 6 MM MM 6
DAYS >= 1.00 0 MM MM 3
SNOWFALL (INCHES)
RECORDS
TOTAL 47.0 1923
TOTALS 17.2 MM MM 19.2
SINCE 7/1 88.2 MM MM 107.1
DAYS >= TRACE 26 MM MM 24
DAYS >= 1.0 3 MM MM 5
GREATEST
SNOW DEPTH 15 03/06 37 03/02
03/05
DEGREE_DAYS
HEATING TOTAL 2340 2264 76 2408
SINCE 7/1 8828 8886 -58 8925
COOLING TOTAL 26 12 14 9
SINCE 1/1 26 12 14 9
FREEZE DATES
RECORD
EARLIEST 08/27/1915
LATEST 07/30/1928
EARLIEST 09/23
LATEST 05/20
.................................................................
WIND (MPH)
AVERAGE WIND SPEED 7.5
RESULTANT WIND SPEED/DIRECTION 1/272
HIGHEST WIND SPEED/DIRECTION 30/090 DATE 05/18
HIGHEST GUST SPEED/DIRECTION 48/100 DATE 03/28
SKY COVER
POSSIBLE SUNSHINE (PERCENT) MM
AVERAGE SKY COVER 0.50
NUMBER OF DAYS FAIR 31
NUMBER OF DAYS PC 36
NUMBER OF DAYS CLOUDY 25
AVERAGE RH (PERCENT) 64
- INDICATES NEGATIVE NUMBERS.
R INDICATES RECORD WAS SET OR TIED.
MM INDICATES DATA IS MISSING.
T INDICATES TRACE AMOUNT.
$$
ECKBERG