000
CXUS51 KAKQ 010810
CF6RIC
PRELIMINARY LOCAL CLIMATOLOGICAL DATA (WS FORM: F-6)
STATION: RICHMOND VA
MONTH: JANUARY
YEAR: 2023
LATITUDE: 37 30 N
LONGITUDE: 77 20 W
TEMPERATURE IN F: :PCPN: SNOW: WIND :SUNSHINE: SKY :PK WND
================================================================================
1 2 3 4 5 6A 6B 7 8 9 10 11 12 13 14 15 16 17 18
12Z AVG MX 2MIN
DY MAX MIN AVG DEP HDD CDD WTR SNW DPTH SPD SPD DIR MIN PSBL S-S WX SPD DR
================================================================================
1 68 46 57 18 8 0 0.00 0.0 0 4.8 10 260 M M 3 1 13 260
2 69 40 55 16 10 0 0.00 0.0 0 4.2 16 220 M M 6 1 20 220
3 71 51 61 22 4 0 T 0.0 0 12.6 24 210 M M 9 1 33 210
4 67 58 63 24 2 0 0.22 0.0 0 10.1 21 230 M M 9 13 27 210
5 68 43 56 17 9 0 0.00 0.0 0 5.0 17 250 M M 5 1 21 240
6 58 37 48 10 17 0 0.00 0.0 0 6.8 18 290 M M 6 24 310
7 54 32 43 5 22 0 0.00 0.0 0 4.5 14 20 M M 5 18 10
8 41 28 35 -3 30 0 0.70 0.0 0 4.1 13 170 M M 7 1 15 170
9 54 31 43 5 22 0 0.01 0.0 0 8.1 18 170 M M 4 1 24 140
10 49 26 38 0 27 0 0.00 0.0 0 3.6 15 120 M M 6 1 19 120
11 49 26 38 0 27 0 T 0.0 0 4.5 12 90 M M 6 1 14 140
12 65 37 51 13 14 0 0.36 0.0 0 7.9 36 260 M M 9 1 42 260
13 56 40 48 10 17 0 0.07 0.0 0 13.1 25 360 M M 7 1 32 350
14 40 31 36 -2 29 0 T T 0 16.6 25 330 M M 9 36 330
15 46 27 37 -1 28 0 0.00 0.0 0 11.9 22 360 M M 1 30 10
16 58 28 43 5 22 0 0.00 0.0 0 7.1 18 300 M M 4 23 290
17 49 39 44 6 21 0 0.10 0.0 0 7.9 14 220 M M 8 1 17 250
18 64 44 54 16 11 0 0.00 0.0 0 8.2 17 240 M M 6 21 250
19 66 43 55 17 10 0 0.03 0.0 0 8.0 17 240 M M 9 1 27 230
20 63 39 51 13 14 0 0.00 0.0 0 13.5 24 310 M M 3 33 250
21 50 30 40 2 25 0 0.00 0.0 0 6.2 18 320 M M 3 23 340
22 44 32 38 0 27 0 0.42 0.0 0 6.0 13 300 M M 10 1 15 340
23 54 37 46 8 19 0 0.08 0.0 0 10.2 25 310 M M 7 1 33 310
24 56 30 43 5 22 0 0.00 0.0 0 5.3 13 260 M M 3 16 250
25 59 30 45 7 20 0 0.66 0.0 0 5.8 21 170 M M 10 1 24 170
26 51 34 43 5 22 0 T 0.0 0 11.5 22 280 M M 6 1 29 290
27 48 27 38 0 27 0 0.00 0.0 0 7.3 17 300 M M 2 20 300
28 61 31 46 8 19 0 0.00 0.0 0 7.1 17 270 M M 2 8 20 240
29 57 34 46 8 19 0 T 0.0 0 8.5 28 220 M M 7 32 230
30 62 44 53 15 12 0 0.05 0.0 0 4.5 12 180 M M 8 12 13 180
31 52 38 45 6 20 0 0.12 0.0 0 6.9 15 50 M M 10 12 21 50
================================================================================
SM 1749 1113 576 0 2.82 T 241.8 M 190
================================================================================
AV 56.4 35.9 7.8 FASTST M M 6 MAX(MPH)
MISC ----> 36 260 42 260
================================================================================
NOTES:
# LAST OF SEVERAL OCCURRENCES
COLUMN 17 PEAK WIND IN M.P.H.
PRELIMINARY LOCAL CLIMATOLOGICAL DATA (WS FORM: F-6) , PAGE 2
STATION: RICHMOND VA
MONTH: JANUARY
YEAR: 2023
LATITUDE: 37 30 N
LONGITUDE: 77 20 W
[TEMPERATURE DATA] [PRECIPITATION DATA] SYMBOLS USED IN COLUMN 16
AVERAGE MONTHLY: 46.2 TOTAL FOR MONTH: 2.82 1 = FOG OR MIST
DPTR FM NORMAL: 7.9 DPTR FM NORMAL: -0.41 2 = FOG REDUCING VISIBILITY
HIGHEST: 71 ON 3 GRTST 24HR 1.39 ON 25-26 TO 1/4 MILE OR LESS
LOWEST: 26 ON 11,10 3 = THUNDER
SNOW, ICE PELLETS, HAIL 4 = ICE PELLETS
TOTAL MONTH: T 5 = HAIL
GRTST 24HR T ON 14-14 6 = FREEZING RAIN OR DRIZZLE
GRTST DEPTH: 0 7 = DUSTSTORM OR SANDSTORM:
VSBY 1/2 MILE OR LESS
8 = SMOKE OR HAZE
[NO. OF DAYS WITH] [WEATHER - DAYS WITH] 9 = BLOWING SNOW
X = TORNADO
MAX 32 OR BELOW: 0 0.01 INCH OR MORE: 12
MAX 90 OR ABOVE: 0 0.10 INCH OR MORE: 7
MIN 32 OR BELOW: 14 0.50 INCH OR MORE: 2
MIN 0 OR BELOW: 0 1.00 INCH OR MORE: 0
[HDD (BASE 65) ]
TOTAL THIS MO. 576 CLEAR (SCALE 0-3) 6
DPTR FM NORMAL -252 PTCLDY (SCALE 4-7) 16
TOTAL FM JUL 1 1949 CLOUDY (SCALE 8-10) 9
DPTR FM NORMAL -284
[CDD (BASE 65) ]
TOTAL THIS MO. 0
DPTR FM NORMAL 0 [PRESSURE DATA]
TOTAL FM JAN 1 0 HIGHEST SLP 30.41 ON 8
DPTR FM NORMAL 0 LOWEST SLP 29.58 ON 26
[REMARKS]
#FINAL-01-23#