000
CXUS55 KGJT 011010
CF6RIL
PRELIMINARY LOCAL CLIMATOLOGICAL DATA (WS FORM: F-6)
STATION: RIFLE CO
MONTH: DECEMBER
YEAR: 2020
LATITUDE: 39 31 N
LONGITUDE: 107 43 W
TEMPERATURE IN F: :PCPN: SNOW: WIND :SUNSHINE: SKY :PK WND
================================================================================
1 2 3 4 5 6A 6B 7 8 9 10 11 12 13 14 15 16 17 18
12Z AVG MX 2MIN
DY MAX MIN AVG DEP HDD CDD WTR SNW DPTH SPD SPD DIR MIN PSBL S-S WX SPD DR
================================================================================
1 41 18 30 1 35 0 0.00 M M 7.5 22 280 M M 5 30 280
2 38 13 26 -3 39 0 0.00 M M 4.3 20 310 M M 2 26 310
3 40 8 24 -4 41 0 0.00 M M 2.8 8 110 M M 0 9 60
4 47 11 29 1 36 0 0.00 M M 2.6 10 110 M M 0 12 110
5 52 15 34 6 31 0 0.00 M M 1.6 9 200 M M 0 10 210
6 51 13 32 5 33 0 0.00 M M 1.8 8 110 M M 0 10 200
7 52 15 34 7 31 0 0.00 M M 2.9 9 170 M M 0 11 170
8 51 13 32 5 33 0 0.00 M M 2.1 8 110 M M 0 10 200
9 47 11 29 3 36 0 0.00 M M 2.3 9 110 M M 0 10 110
10 36 14 25 -1 40 0 0.00 M M 2.5 10 70 M M 5 11 70
11 36 22 29 3 36 0 0.02 M M 3.0 20 280 M M 10 18 27 300
12 28 17 23 -3 42 0 T M M 6.9 21 300 M M 8 12 28 300
13 27 -2 13 -12 52 0 0.00 M M 2.9 14 310 M M 0 20 320
14 25 13 19 -6 46 0 T M M 1.1 7 280 M M 10 18 9 230
15 35 13 24 -1 41 0 0.00 M M 3.9 13 270 M M 7 1 17 280
16 33 12 23 -2 42 0 0.00 M M 2.4 8 150 M M 6 9 50
17 27 6 17 -7 48 0 0.00 M M 2.0 10 280 M M 5 12 300
18 36 21 29 5 36 0 0.01 M M 3.5 13 270 M M 8 1 17 250
19 35 12 24 0 41 0 0.00 M M 3.5 9 120 M M 3 11 130
20 33 10 22 -2 43 0 0.00 M M 1.7 9 110 M M 5 10 110
21 45 21 33 9 32 0 0.00 M M 1.5 9 200 M M 3 11 230
22 43 14 29 5 36 0 T M M 6.5 39 320 M M 3 55 320
23 27 9 18 -5 47 0 T M M 7.0 22 300 M M 4 30 310
24 33 3 18 -5 47 0 0.00 M M 2.8 9 110 M M 0 10 110
25 37 6 22 -1 43 0 0.00 M M 1.7 8 140 M M 0 9 140
26 39 8 24 1 41 0 0.00 M M 2.5 10 140 M M 2 12 220
27 37 18 28 5 37 0 0.00 M M 2.7 8 240 M M 4 9 250
28 33 20 27 4 38 0 0.06 M M 3.1 10 260 M M 9 12 14 280
29 33 1 17 -6 48 0 0.04 M M 5.8 18 290 M M 6 18 23 290
30 27 -5 11 -12 54 0 0.00 M M 1.9 8 110 M M 1 9 90
31 32 11 22 -1 43 0 0.00 M M 2.8 9 150 M M 7 10 190
================================================================================
SM 1156 361 1248 0 0.13 M 99.6 M 113
================================================================================
AV 37.3 11.6 3.2 FASTST M M 4 MAX(MPH)
MISC ----> 39 320 55 320
================================================================================
NOTES:
# LAST OF SEVERAL OCCURRENCES
COLUMN 17 PEAK WIND IN M.P.H.
PRELIMINARY LOCAL CLIMATOLOGICAL DATA (WS FORM: F-6) , PAGE 2
STATION: RIFLE CO
MONTH: DECEMBER
YEAR: 2020
LATITUDE: 39 31 N
LONGITUDE: 107 43 W
[TEMPERATURE DATA] [PRECIPITATION DATA] SYMBOLS USED IN COLUMN 16
AVERAGE MONTHLY: 24.5 TOTAL FOR MONTH: 0.13 1 = FOG OR MIST
DPTR FM NORMAL: -0.5 DPTR FM NORMAL: -0.71 2 = FOG REDUCING VISIBILITY
HIGHEST: 52 ON 7, 5 GRTST 24HR 0.10 ON 28-29 TO 1/4 MILE OR LESS
LOWEST: -5 ON 30 3 = THUNDER
SNOW, ICE PELLETS, HAIL 4 = ICE PELLETS
TOTAL MONTH: M 5 = HAIL
GRTST 24HR M ON M 6 = FREEZING RAIN OR DRIZZLE
GRTST DEPTH: M ON M 7 = DUSTSTORM OR SANDSTORM:
VSBY 1/2 MILE OR LESS
8 = SMOKE OR HAZE
[NO. OF DAYS WITH] [WEATHER - DAYS WITH] 9 = BLOWING SNOW
X = TORNADO
MAX 32 OR BELOW: 7 0.01 INCH OR MORE: 4
MAX 90 OR ABOVE: 0 0.10 INCH OR MORE: 0
MIN 32 OR BELOW: 31 0.50 INCH OR MORE: 0
MIN 0 OR BELOW: 2 1.00 INCH OR MORE: 0
[HDD (BASE 65) ]
TOTAL THIS MO. 1248 CLEAR (SCALE 0-3) 14
DPTR FM NORMAL 10 PTCLDY (SCALE 4-7) 13
TOTAL FM JUL 1 2597 CLOUDY (SCALE 8-10) 4
DPTR FM NORMAL -167
[CDD (BASE 65) ]
TOTAL THIS MO. 0
DPTR FM NORMAL 0 [PRESSURE DATA]
TOTAL FM JAN 1 903 HIGHEST SLP 30.84 ON 24
DPTR FM NORMAL 362 LOWEST SLP 29.70 ON 22
[REMARKS]
#FINAL-12-20#