000
CXUS55 KGJT 010910
CF6RIL
PRELIMINARY LOCAL CLIMATOLOGICAL DATA (WS FORM: F-6)
STATION: RIFLE CO
MONTH: AUGUST
YEAR: 2023
LATITUDE: 39 31 N
LONGITUDE: 107 43 W
TEMPERATURE IN F: :PCPN: SNOW: WIND :SUNSHINE: SKY :PK WND
================================================================================
1 2 3 4 5 6A 6B 7 8 9 10 11 12 13 14 15 16 17 18
12Z AVG MX 2MIN
DY MAX MIN AVG DEP HDD CDD WTR SNW DPTH SPD SPD DIR MIN PSBL S-S WX SPD DR
================================================================================
1 87 61 74 0 0 9 0.20 M M 6.0 23 110 M M 5 13 29 110
2 89 58 74 0 0 9 T M M 6.3 38 290 M M 2 3 55 310
3 88 57 73 -1 0 8 0.00 M M 9.3 29 260 M M 1 40 250
4 91 53 72 -2 0 7 0.00 M M 6.4 28 260 M M 0 34 260
5 91 56 74 1 0 9 0.00 M M 6.2 22 320 M M 0 31 320
6 92 52 72 -1 0 7 T M M 5.5 26 300 M M 0 3 44 290
7 93 51 72 -1 0 7 0.00 M M 8.7 29 260 M M 0 3 39 250
8 89 53 71 -2 0 6 0.00 M M 8.2 29 320 M M 0 41 310
9 89 47 68 -5 0 3 0.00 M M 2.7 15 250 M M 0 22 250
10 92 55 74 1 0 9 0.00 M M 8.2 29 260 M M 0 37 250
11 89 55 72 0 0 7 0.00 M M 3.5 21 10 M M 1 27 360
12 88 60 74 2 0 9 0.00 M M 5.5 22 280 M M 1 28 280
13 92 55 74 2 0 9 0.00 M M 5.0 17 20 M M 1 24 340
14 94 53 74 2 0 9 0.00 M M 5.2 14 360 M M 1 8 23 360
15 95 55 75 3 0 10 0.00 M M 3.9 15 270 M M 0 18 260
16 94 58 76 5 0 11 0.00 M M 6.7 20 260 M M 1 3 24 270
17 96 60 78 7 0 13 0.00 M M 5.0 23 300 M M 0 3 32 280
18 88 63 76 5 0 11 T M M 6.7 30 150 M M 3 3 37 310
19 94 57 76 5 0 11 T M M 4.8 17 130 M M 0 20 120
20 97 59 78 7 0 13 0.00 M M 5.6 16 240 M M 0 24 220
21 96 58 77 7 0 12 T M M 7.8 21 250 M M 0 28 230
22 91 60 76 6 0 11 0.04 M M 5.3 21 160 M M 2 3 34 140
23 91 56 74 4 0 9 T M M 5.5 24 80 M M 1 3 34 80
24 88 62 75 5 0 10 1.06 M M 5.9 21 280 M M 4 13 26 330
25 78 62 70 1 0 5 0.03 M M 2.8 13 210 M M 6 16 210
26 89 58 74 5 0 9 0.00 M M 4.6 25 160 M M 1 3 32 160
27 87 61 74 5 0 9 0.00 M M 3.3 16 310 M M 2 3 24 320
28 88 61 75 6 0 10 T M M 5.5 13 340 M M 1 3 18 330
29 90 53 72 4 0 7 0.00 M M 3.0 10 110 M M 0 14 280
30 93 53 73 5 0 8 0.00 M M 5.8 25 270 M M 1 36 260
31 92 52 72 4 0 7 0.00 M M 6.6 24 270 M M 0 33 290
================================================================================
SM 2811 1754 0 274 1.33 M 175.5 M 34
================================================================================
AV 90.7 56.6 5.7 FASTST M M 1 MAX(MPH)
MISC ----> 38 290 55 310
================================================================================
NOTES:
# LAST OF SEVERAL OCCURRENCES
COLUMN 17 PEAK WIND IN M.P.H.
PRELIMINARY LOCAL CLIMATOLOGICAL DATA (WS FORM: F-6) , PAGE 2
STATION: RIFLE CO
MONTH: AUGUST
YEAR: 2023
LATITUDE: 39 31 N
LONGITUDE: 107 43 W
[TEMPERATURE DATA] [PRECIPITATION DATA] SYMBOLS USED IN COLUMN 16
AVERAGE MONTHLY: 73.6 TOTAL FOR MONTH: 1.33 1 = FOG OR MIST
DPTR FM NORMAL: 2.3 DPTR FM NORMAL: 0.26 2 = FOG REDUCING VISIBILITY
HIGHEST: 97 ON 20 GRTST 24HR 1.09 ON 24-25 TO 1/4 MILE OR LESS
LOWEST: 47 ON 9 3 = THUNDER
SNOW, ICE PELLETS, HAIL 4 = ICE PELLETS
TOTAL MONTH: M 5 = HAIL
GRTST 24HR M ON M 6 = FREEZING RAIN OR DRIZZLE
GRTST DEPTH: M ON M 7 = DUSTSTORM OR SANDSTORM:
VSBY 1/2 MILE OR LESS
8 = SMOKE OR HAZE
[NO. OF DAYS WITH] [WEATHER - DAYS WITH] 9 = BLOWING SNOW
X = TORNADO
MAX 32 OR BELOW: 0 0.01 INCH OR MORE: 4
MAX 90 OR ABOVE: 18 0.10 INCH OR MORE: 2
MIN 32 OR BELOW: 0 0.50 INCH OR MORE: 1
MIN 0 OR BELOW: 0 1.00 INCH OR MORE: 1
[HDD (BASE 65) ]
TOTAL THIS MO. 0 CLEAR (SCALE 0-3) 28
DPTR FM NORMAL -5 PTCLDY (SCALE 4-7) 3
TOTAL FM JUL 1 0 CLOUDY (SCALE 8-10) 0
DPTR FM NORMAL -2
[CDD (BASE 65) ]
TOTAL THIS MO. 274
DPTR FM NORMAL 75 [PRESSURE DATA]
TOTAL FM JAN 1 666 HIGHEST SLP M ON M
DPTR FM NORMAL 73 LOWEST SLP 29.75 ON 8
[REMARKS]
#FINAL-08-23#