000
CXUS56 KSGX 011045
CF6RIV
PRELIMINARY LOCAL CLIMATOLOGICAL DATA (WS FORM: F-6)
STATION: RIVERSIDE/MARCH ARB CA
MONTH: SEPTEMBER
YEAR: 2022
LATITUDE: 33 53 N
LONGITUDE: 117-15 E
TEMPERATURE IN F: :PCPN: SNOW: WIND :SUNSHINE: SKY :PK WND
================================================================================
1 2 3 4 5 6A 6B 7 8 9 10 11 12 13 14 15 16 17 18
12Z AVG MX 2MIN
DY MAX MIN AVG DEP HDD CDD WTR SNW DPTH SPD SPD DIR MIN PSBL S-S WX SPD DR
================================================================================
1 110 72 91 M 0 26 0.00 M M 4.2 15 310 M M 1 M M
2 106 73 90 M 0 25 0.00 M M 4.0 16 320 M M 0 M M
3 109 78 94 M 0 29 0.00 M M 4.9 16 310 M M 1 27 290
4 108 78 93 M 0 28 0.00 M M 5.6 17 320 M M 3 21 310
5 111 76 94 M 0 29 0.00 M M 5.7 18 90 M M 0 30 90
6 108 74 91 M 0 26 0.00 M M 4.7 15 320 M M 0 M M
7 106 75 91 M 0 26 0.00 M M 5.2 14 310 M M 1 M M
8 98 77 88 M 0 23 0.02 M M 5.3 12 290 M M 4 3 M M
9 89 74 82 M 0 17 0.18 M M 16.5 26 90 M M 6 36 80
10 85 71 78 M 0 13 T M M 7.5 13 80 M M 7 M M
11 91 70 81 M 0 16 0.36 M M 4.3 17 50 M M 7 3 32 50
12 85 70 78 M 0 13 0.42 M M 4.6 20 210 M M 6 3 27 190
13 85 69 77 M 0 12 0.00 M M 4.0 13 320 M M 7 M M
14 85 63 74 M 0 9 0.00 M M 4.7 13 310 M M 2 M M
15 83 63 73 M 0 8 0.00 M M 4.8 13 300 M M 3 M M
16 84 59 72 M 0 7 0.00 M M 4.1 14 290 M M 0 M M
17 80 60 70 M 0 5 0.00 M M 4.1 12 310 M M 3 1 M M
18 81 60 71 M 0 6 0.00 M M 5.5 12 290 M M 3 M M
19 84 59 72 M 0 7 0.00 M M 3.5 13 290 M M 3 M M
20 85 57 71 M 0 6 0.00 M M 4.3 10 290 M M 2 1 M M
21 83 58 71 M 0 6 0.00 M M 3.9 13 320 M M 1 M M
22 93 53 73 M 0 8 0.00 M M 2.3 10 310 M M 1 M M
23 96 63 80 M 0 15 0.00 M M 3.5 14 300 M M 2 M M
24 96 66 81 M 0 16 0.00 M M 3.5 13 300 M M 1 M M
25 97 66 82 M 0 17 0.00 M M 4.2 14 300 M M 2 M M
26 99 67 83 M 0 18 0.00 M M 4.2 16 320 M M 1 M M
27 101 71 86 M 0 21 0.00 M M 3.1 14 310 M M 1 21 300
28 102 67 85 M 0 20 0.00 M M 0.0 M M M M 1 M M
29 96 65 81 M 0 16 0.00 M M 6.0 15 320 M M 0 M M
30 88 60 74 M 0 9 0.00 M M 3.3 12 300 M M 0 M M
================================================================================
SM 2824 2014 0 477 0.98 M 141.5 M 69
================================================================================
AV 94.1 67.1 4.7 FASTST M M 2 MAX(MPH)
MISC ----> 26 90 36 80
================================================================================
NOTES:
# LAST OF SEVERAL OCCURRENCES
COLUMN 17 PEAK WIND IN M.P.H.
PRELIMINARY LOCAL CLIMATOLOGICAL DATA (WS FORM: F-6) , PAGE 2
STATION: RIVERSIDE/MARCH ARB CA
MONTH: SEPTEMBER
YEAR: 2022
LATITUDE: 33 53 N
LONGITUDE: 117-15 E
[TEMPERATURE DATA] [PRECIPITATION DATA] SYMBOLS USED IN COLUMN 16
AVERAGE MONTHLY: 80.6 TOTAL FOR MONTH: 0.98 1 = FOG OR MIST
DPTR FM NORMAL: 0.0 DPTR FM NORMAL: M 2 = FOG REDUCING VISIBILITY
HIGHEST: 111 ON 5 GRTST 24HR 0.42 ON 12-12 TO 1/4 MILE OR LESS
LOWEST: 53 ON 22 3 = THUNDER
SNOW, ICE PELLETS, HAIL 4 = ICE PELLETS
TOTAL MONTH: M 5 = HAIL
GRTST 24HR M ON M 6 = FREEZING RAIN OR DRIZZLE
GRTST DEPTH: M ON M 7 = DUSTSTORM OR SANDSTORM:
VSBY 1/2 MILE OR LESS
8 = SMOKE OR HAZE
[NO. OF DAYS WITH] [WEATHER - DAYS WITH] 9 = BLOWING SNOW
X = TORNADO
MAX 32 OR BELOW: 0 0.01 INCH OR MORE: 4
MAX 90 OR ABOVE: 17 0.10 INCH OR MORE: 3
MIN 32 OR BELOW: 0 0.50 INCH OR MORE: 0
MIN 0 OR BELOW: 0 1.00 INCH OR MORE: 0
[HDD (BASE 65) ]
TOTAL THIS MO. 0 CLEAR (SCALE 0-3) 22
DPTR FM NORMAL M PTCLDY (SCALE 4-7) 8
TOTAL FM JUL 1 0 CLOUDY (SCALE 8-10) 0
DPTR FM NORMAL M
[CDD (BASE 65) ]
TOTAL THIS MO. 477
DPTR FM NORMAL M [PRESSURE DATA]
TOTAL FM JAN 1 2007 HIGHEST SLP M ON M
DPTR FM NORMAL M LOWEST SLP M ON M
[REMARKS]
#FINAL-09-22#