000
CXUS54 KCRP 011210
CF6RKP
PRELIMINARY LOCAL CLIMATOLOGICAL DATA (WS FORM: F-6)
STATION: ROCKPORT
MONTH: JULY
YEAR: 2021
LATITUDE: 28 4 N
LONGITUDE: 97 3 W
TEMPERATURE IN F: :PCPN: SNOW: WIND :SUNSHINE: SKY :PK WND
================================================================================
1 2 3 4 5 6A 6B 7 8 9 10 11 12 13 14 15 16 17 18
12Z AVG MX 2MIN
DY MAX MIN AVG DEP HDD CDD WTR SNW DPTH SPD SPD DIR MIN PSBL S-S WX SPD DR
================================================================================
1 90 79 85 0 0 20 0.00 0.0 0 7.0 12 150 M M 2 18 16 150
2 91 77 84 -1 0 19 T 0.0 0 5.6 12 160 M M 2 18 16 150
3 92 77 85 0 0 20 0.00 0.0 0 6.1 13 140 M M 2 18 17 150
4 89 78 84 -1 0 19 0.20 0.0 0 4.9 13 180 M M 2 18 21 180
5 88 77 83 -2 0 18 T 0.0 0 6.5 16 120 M M 3 138 25 170
6 84 74 79 -6 0 14 3.61 0.0 0 12.2 21 110 M M 8 138 26 100
7 79 73 76 -9 0 11 9.73 0.0 0 9.6 21 150 M M 9 12 33 140
8 84 76 80 -5 0 15 3.10 0.0 0 15.0 25 140 M M 8 18 35 110
9 85 75 80 -5 0 15 1.38 0.0 0 10.0 22 140 M M 5 138 32 170
10 87 80 84 -1 0 19 T 0.0 0 9.4 17 160 M M 3 18 24 150
11 89 81 85 0 0 20 0.00 0.0 0 9.2 16 160 M M 2 18 24 150
12 90 81 86 1 0 21 0.00 0.0 0 9.3 16 150 M M 2 18 22 140
13 90 81 86 1 0 21 T 0.0 0 9.1 16 140 M M 1 138 24 140
14 91 81 86 1 0 21 0.01 0.0 0 9.0 16 140 M M 1 138 20 140
15 90 81 86 1 0 21 0.00 0.0 0 9.9 15 160 M M 2 8 23 140
16 91 83 87 2 0 22 0.00 0.0 0 11.5 17 140 M M 2 8 23 140
17 90 82 86 1 0 21 0.00 0.0 0 10.8 16 150 M M 1 8 22 160
18 91 83 87 2 0 22 0.00 0.0 0 9.5 15 140 M M 1 8 21 140
19 92 80 86 1 0 21 T 0.0 0 6.6 15 140 M M 2 18 20 130
20 90 74 82 -3 0 17 0.02 0.0 0 4.9 18 330 M M 2 138 24 340
21 90 77 84 -2 0 19 0.00 0.0 0 6.2 14 130 M M 1 18 19 190
22 91 76 84 -2 0 19 T 0.0 0 7.3 17 150 M M 2 138 24 140
23 92 83 88 2 0 23 0.00 0.0 0 10.9 18 150 M M 1 26 150
24 92 83 88 2 0 23 0.00 0.0 0 10.1 17 140 M M 2 8 22 150
25 92 77 85 -1 0 20 0.00 0.0 0 7.5 15 140 M M 1 1 20 130
26 92 78 85 -1 0 20 0.00 0.0 0 5.3 13 130 M M 2 19 170
27 93 75 84 -2 0 19 0.00 0.0 0 6.7 15 120 M M 0 1 18 120
28 93 81 87 1 0 22 T 0.0 0 8.0 15 110 M M 1 13 19 130
29 92 80 86 0 0 21 0.00 0.0 0 7.8 17 110 M M 2 1 21 110
30 92 79 86 0 0 21 0.32 0.0 0 6.2 16 140 M M 2 13 20 140
31 93 81 87 1 0 22 0.00 0.0 M 8.7 17 140 M M 1 23 150
================================================================================
SM 2785 2443 0 606 18.37 0.0 260.8 M 75
================================================================================
AV 89.8 78.8 8.4 FASTST M M 2 MAX(MPH)
MISC ----> 25 140 35 110
================================================================================
NOTES:
# LAST OF SEVERAL OCCURRENCES
COLUMN 17 PEAK WIND IN M.P.H.
PRELIMINARY LOCAL CLIMATOLOGICAL DATA (WS FORM: F-6) , PAGE 2
STATION: ROCKPORT
MONTH: JULY
YEAR: 2021
LATITUDE: 28 4 N
LONGITUDE: 97 3 W
[TEMPERATURE DATA] [PRECIPITATION DATA] SYMBOLS USED IN COLUMN 16
AVERAGE MONTHLY: 84.3 TOTAL FOR MONTH: 18.37 1 = FOG OR MIST
DPTR FM NORMAL: -1.0 DPTR FM NORMAL: 15.86 2 = FOG REDUCING VISIBILITY
HIGHEST: 93 ON 31,28 GRTST 24HR 9.92 ON 7- 8 TO 1/4 MILE OR LESS
LOWEST: 73 ON 7 3 = THUNDER
SNOW, ICE PELLETS, HAIL 4 = ICE PELLETS
TOTAL MONTH: 0.0 INCH 5 = HAIL
GRTST 24HR 0.0 6 = FREEZING RAIN OR DRIZZLE
GRTST DEPTH: 0 7 = DUSTSTORM OR SANDSTORM:
VSBY 1/2 MILE OR LESS
8 = SMOKE OR HAZE
[NO. OF DAYS WITH] [WEATHER - DAYS WITH] 9 = BLOWING SNOW
X = TORNADO
MAX 32 OR BELOW: 0 0.01 INCH OR MORE: 8
MAX 90 OR ABOVE: 23 0.10 INCH OR MORE: 6
MIN 32 OR BELOW: 0 0.50 INCH OR MORE: 4
MIN 0 OR BELOW: 0 1.00 INCH OR MORE: 4
[HDD (BASE 65) ]
TOTAL THIS MO. 0 CLEAR (SCALE 0-3) 26
DPTR FM NORMAL 0 PTCLDY (SCALE 4-7) 3
TOTAL FM JUL 1 0 CLOUDY (SCALE 8-10) 2
DPTR FM NORMAL 0
[CDD (BASE 65) ]
TOTAL THIS MO. 606
DPTR FM NORMAL -23 [PRESSURE DATA]
TOTAL FM JAN 1 2030 HIGHEST SLP 30.16 ON 22
DPTR FM NORMAL -61 LOWEST SLP 29.79 ON 8
[REMARKS]
#FINAL-07-21#