000
CXUS55 KRIW 011508
CF6RKS
PRELIMINARY LOCAL CLIMATOLOGICAL DATA (WS FORM: F-6)
STATION: ROCK SPRINGS WY
MONTH: MARCH
YEAR: 2023
LATITUDE: 41 35 N
LONGITUDE: 109 4 W
TEMPERATURE IN F: :PCPN: SNOW: WIND :SUNSHINE: SKY :PK WND
================================================================================
1 2 3 4 5 6A 6B 7 8 9 10 11 12 13 14 15 16 17 18
12Z AVG MX 2MIN
DY MAX MIN AVG DEP HDD CDD WTR SNW DPTH SPD SPD DIR MIN PSBL S-S WX SPD DR
================================================================================
1 26 6 16 -13 49 0 T M M 6.8 18 240 M M 6 1 24 150
2 24 8 16 -13 49 0 T M M 21.2 36 260 M M 3 18 44 270
3 27 12 20 -9 45 0 T M M 19.3 33 270 M M 8 189 41 280
4 30 7 19 -11 46 0 0.00 M M 7.9 31 210 M M 4 42 200
5 26 14 20 -10 45 0 0.01 M M 9.8 25 250 M M 6 1 31 250
6 26 13 20 -11 45 0 T M M 12.0 24 160 M M 7 18 32 150
7 24 11 18 -13 47 0 T M M 4.3 10 130 M M 9 1 12 130
8 27 6 17 -14 48 0 T M M 7.2 20 250 M M 4 12 22 250
9 28 7 18 -14 47 0 T M M 7.9 17 240 M M 2 18 21 220
10 41 20 31 -1 34 0 0.09 M M 15.9 35 200 M M 8 12 47 210
11 29 15 22 -11 43 0 0.00 M M 17.3 31 270 M M 0 8 42 270
12 28 12 20 -13 45 0 T M M 4.8 18 240 M M 6 1 21 250
13 39 19 29 -4 36 0 0.00 M M 8.5 18 250 M M 4 1 23 250
14 43 28 36 2 29 0 0.00 M M 15.5 32 190 M M 3 43 190
15 39 23 31 -3 34 0 0.10 M M 16.3 30 210 M M 8 12 42 210
16 28 16 22 -12 43 0 T M M 7.0 15 70 M M 4 8 20 40
17 30 12 21 -14 44 0 0.00 M M 5.0 14 80 M M 1 19 70
18 34 8 21 -14 44 0 0.00 M M 6.7 14 140 M M 0 20 140
19 39 11 25 -10 40 0 0.00 M M 3.3 12 220 M M 0 14 200
20 38 24 31 -5 34 0 T M M 10.9 29 240 M M 8 1 40 240
21 36 21 29 -7 36 0 T M M 9.7 21 250 M M 4 1 26 160
22 33 24 29 -7 36 0 0.08 M M 10.1 18 80 M M 6 12 22 70
23 36 23 30 -6 35 0 T M M 14.0 22 260 M M 6 1 28 270
24 38 16 27 -10 38 0 T M M 14.7 39 260 M M 5 12 51 260
25 23 14 19 -18 46 0 T M M 25.2 38 270 M M 6 19 54 250
26 23 8 16 -21 49 0 T M M 10.2 18 250 M M 3 8 24 250
27 26 8 17 -20 48 0 0.00 M M 9.4 20 260 M M 3 26 270
28 39 13 26 -12 39 0 0.00 M M 5.2 14 230 M M 0 18 250
29 49 25 37 -1 28 0 0.00 M M 11.1 35 180 M M 4 43 180
30 38 23 31 -7 34 0 T M M 10.7 35 260 M M 6 123 44 260
31 36 23 30 -8 35 0 T M M 22.1 38 270 M M 8 1 48 270
================================================================================
SM 1003 470 1271 0 0.28 M 350.0 M 142
================================================================================
AV 32.4 15.2 11.3 FASTST M M 5 MAX(MPH)
MISC ----> 39 260 54 250
================================================================================
NOTES:
# LAST OF SEVERAL OCCURRENCES
COLUMN 17 PEAK WIND IN M.P.H.
PRELIMINARY LOCAL CLIMATOLOGICAL DATA (WS FORM: F-6) , PAGE 2
STATION: ROCK SPRINGS WY
MONTH: MARCH
YEAR: 2023
LATITUDE: 41 35 N
LONGITUDE: 109 4 W
[TEMPERATURE DATA] [PRECIPITATION DATA] SYMBOLS USED IN COLUMN 16
AVERAGE MONTHLY: 23.8 TOTAL FOR MONTH: 0.28 1 = FOG OR MIST
DPTR FM NORMAL: -10.2 DPTR FM NORMAL: -0.30 2 = FOG REDUCING VISIBILITY
HIGHEST: 49 ON 29 GRTST 24HR 0.10 ON 15-15 TO 1/4 MILE OR LESS
LOWEST: 6 ON 8, 1 3 = THUNDER
SNOW, ICE PELLETS, HAIL 4 = ICE PELLETS
TOTAL MONTH: M 5 = HAIL
GRTST 24HR M ON M 6 = FREEZING RAIN OR DRIZZLE
GRTST DEPTH: M ON M 7 = DUSTSTORM OR SANDSTORM:
VSBY 1/2 MILE OR LESS
8 = SMOKE OR HAZE
[NO. OF DAYS WITH] [WEATHER - DAYS WITH] 9 = BLOWING SNOW
X = TORNADO
MAX 32 OR BELOW: 16 0.01 INCH OR MORE: 4
MAX 90 OR ABOVE: 0 0.10 INCH OR MORE: 1
MIN 32 OR BELOW: 31 0.50 INCH OR MORE: 0
MIN 0 OR BELOW: 0 1.00 INCH OR MORE: 0
[HDD (BASE 65) ]
TOTAL THIS MO. 1271 CLEAR (SCALE 0-3) 10
DPTR FM NORMAL 310 PTCLDY (SCALE 4-7) 19
TOTAL FM JUL 1 7127 CLOUDY (SCALE 8-10) 2
DPTR FM NORMAL 376
[CDD (BASE 65) ]
TOTAL THIS MO. 0
DPTR FM NORMAL 0 [PRESSURE DATA]
TOTAL FM JAN 1 0 HIGHEST SLP 30.54 ON 18
DPTR FM NORMAL 0 LOWEST SLP 29.49 ON 30
[REMARKS]
#FINAL-03-23#