000
CXUS51 KRNK 010800
CLSRNK
CLIMATE REPORT
NATIONAL WEATHER SERVICE BLACKSBURG, VA
300 AM EST TUE MAR 01 2022
...................................
...THE BLACKSBURG VA CLIMATE SUMMARY FOR THE SEASON, FROM
12/1/2021 TO 2/28/2022...
CLIMATE NORMAL PERIOD: 1991 TO 2020
CLIMATE RECORD PERIOD: 1893 TO 2022
WEATHER OBSERVED NORMAL DEPART LAST YEAR`S
VALUE DATE(S) VALUE FROM VALUE
NORMAL
..............................................................
TEMPERATURE (F)
RECORD
HIGH 80 02/22/2018
LOW -18 01/21/1985
HIGHEST 70 01/01 67
LOWEST 3 01/22 8
AVG. MAXIMUM 48.2 43.9 4.3 42.4
AVG. MINIMUM 25.5 23.8 1.7 25.3
MEAN 36.9 33.9 3.0 33.9
DAYS MAX >= 90 0 0.0 0.0 0
DAYS MAX <= 32 6 13.9 -7.9 14
DAYS MIN <= 32 70 74.3 -4.3 80
DAYS MIN <= 0 0 1.0 -1.0 0
PRECIPITATION (INCHES)
RECORD
MAXIMUM 15.42 1993
MINIMUM 4.32 1980
TOTALS 7.82 9.36 -1.54 11.41
DAYS >= .01 32 33.5 -1.5 33
DAYS >= .10 18 19.2 -1.2 21
DAYS >= .50 6 6.1 -0.1 7
DAYS >= 1.00 2 1.8 0.2 3
GREATEST
24 HR. TOTAL 1.10 1.12
SNOWFALL (INCHES)
TOTALS 13.0 19.4 -6.4 23.1
DAYS >= TRACE 17 40
DAYS >= 1.0 3 6
GREATEST
24 HR TOTAL 7.4 5.3
DEGREE DAYS
HEATING TOTAL 2509 2803 -294 2778
COOLING TOTAL 0 0 0 0
..............................................................
WIND (MPH)
AVERAGE WIND SPEED 3.8
RESULTANT WIND SPEED/DIRECTION 2/280
HIGHEST WIND SPEED/DIRECTION 30/300 DATE 01/18
HIGHEST GUST SPEED/DIRECTION 41/300 DATE 01/18
SKY COVER
AVERAGE SKY COVER 0.45
AVERAGE RH (PERCENT) 73
WEATHER CONDITIONS. NUMBER OF DAYS WITH
THUNDERSTORM 0 MIXED PRECIP 1
HEAVY RAIN 9 RAIN 17
LIGHT RAIN 32 FREEZING RAIN 0
LT FREEZING RAIN 0 HAIL 0
HEAVY SNOW 1 SNOW 4
LIGHT SNOW 17 SLEET 3
FOG 27 FOG W/VIS <= 1/4 MILE 7
HAZE 0
- INDICATES NEGATIVE NUMBERS.
R INDICATES RECORD WAS SET OR TIED.
MM INDICATES DATA IS MISSING.
T INDICATES TRACE AMOUNT.
$$
PW