000
CXUS56 KSGX 170941
CF6RNM
PRELIMINARY LOCAL CLIMATOLOGICAL DATA (WS FORM: F-6)
STATION: RAMONA AIRPORT CA
MONTH: MARCH
YEAR: 2023
LATITUDE: 33 2 N
LONGITUDE: 116 55 W
TEMPERATURE IN F: :PCPN: SNOW: WIND :SUNSHINE: SKY :PK WND
================================================================================
1 2 3 4 5 6A 6B 7 8 9 10 11 12 13 14 15 16 17 18
12Z AVG MX 2MIN
DY MAX MIN AVG DEP HDD CDD WTR SNW DPTH SPD SPD DIR MIN PSBL S-S WX SPD DR
================================================================================
1 50 32 41 -12 24 0 0.94 M M 17.4 35 240 M M 8 1 47 250
2 59 27 43 -10 22 0 0.00 M M 3.6 12 270 M M 0 1 14 250
3 61 30 46 -7 19 0 0.00 M M 3.4 13 290 M M 0 1 16 300
4 57 31 44 -9 21 0 0.00 M M 3.2 14 260 M M 5 128 17 260
5 56 36 46 -7 19 0 T M M 3.8 15 270 M M 6 1 20 260
6 58 34 46 -7 19 0 T M M 3.7 15 280 M M 7 12 17 280
7 60 35 48 -5 17 0 0.00 M M 2.7 14 290 M M 4 12 18 270
8 59 29 44 -9 21 0 0.00 M M 2.5 13 270 M M 4 12 16 280
9 69 33 51 -2 14 0 0.00 0.0 M 3.2 13 280 M M 1 12 16 300
10 62 39 51 -2 14 0 0.62 0.0 M 2.9 14 170 M M 8 18 16 170
11 61 55 58 5 7 0 0.18 M M 1.2 6 90 M M 10 1 M M
12 65 53 59 5 6 0 0.02 M M 3.7 13 300 M M 7 128 15 290
13 68 44 56 2 9 0 0.00 M M 3.7 13 270 M M 5 12 15 270
14 66 44 55 1 10 0 0.19 M M 3.8 12 270 M M 7 1 13 280
15 60 48 54 0 11 0 1.58 M M 9.4 17 220 M M 10 1 21 220
16 59 43 51 -3 14 0 0.00 M M 3.4 12 290 M M 8 18 15 320
17 68 40 54 0 11 0 0.00 M M 3.9 13 270 M M 4 12 17 320
18 74 42 58 4 7 0 0.00 M M 6.3 23 70 M M 0 1 30 70
19 64 50 57 3 8 0 0.04 M M 3.7 12 170 M M 8 1 14 170
20 59 50 55 1 10 0 0.02 M M 8.6 16 260 M M 10 1 22 210
21 58 47 53 -1 12 0 1.87 M M 10.4 26 210 M M 10 18 33 240
22 58 43 51 -3 14 0 0.21 M M 7.8 21 230 M M 9 18 27 220
23 55 44 50 -4 15 0 0.18 M M 6.6 18 320 M M 9 18 23 280
24 59 38 49 -5 16 0 0.00 M M 4.6 15 270 M M 6 18 19 270
25 61 33 47 -7 18 0 0.00 M M 4.5 17 270 M M 4 12 20 270
26 61 33 47 -7 18 0 0.00 M M 4.5 14 260 M M 0 1 16 260
27 69 31 50 -4 15 0 0.00 M M 7.9 23 20 M M 0 1 26 70
28 70 36 53 -2 12 0 0.00 M M 4.4 15 280 M M 0 1 19 270
29 53 35 44 -11 21 0 0.40 M M 4.6 17 270 M M 7 18 21 270
30 55 39 47 -8 18 0 0.44 M M 5.4 22 280 M M 8 128 38 250
31 63 35 49 -6 16 0 0.00 M M 4.2 15 290 M M 2 12 19 280
================================================================================
SM 1897 1209 458 0 6.69 0.0 159.0 M 167
================================================================================
AV 61.2 39.0 5.1 FASTST M M 5 MAX(MPH)
MISC ----> 35 240 47 250
================================================================================
NOTES:
# LAST OF SEVERAL OCCURRENCES
COLUMN 17 PEAK WIND IN M.P.H.
PRELIMINARY LOCAL CLIMATOLOGICAL DATA (WS FORM: F-6) , PAGE 2
STATION: RAMONA AIRPORT CA
MONTH: MARCH
YEAR: 2023
LATITUDE: 33 2 N
LONGITUDE: 116 55 W
[TEMPERATURE DATA] [PRECIPITATION DATA] SYMBOLS USED IN COLUMN 16
AVERAGE MONTHLY: 50.1 TOTAL FOR MONTH: 6.69 1 = FOG OR MIST
DPTR FM NORMAL: -3.7 DPTR FM NORMAL: 4.39 2 = FOG REDUCING VISIBILITY
HIGHEST: 74 ON 18 GRTST 24HR 1.87 ON 21-21 TO 1/4 MILE OR LESS
LOWEST: 27 ON 2 3 = THUNDER
SNOW, ICE PELLETS, HAIL 4 = ICE PELLETS
TOTAL MONTH: 0.0 INCH 5 = HAIL
GRTST 24HR 0.0 6 = FREEZING RAIN OR DRIZZLE
GRTST DEPTH: M ON M 7 = DUSTSTORM OR SANDSTORM:
VSBY 1/2 MILE OR LESS
8 = SMOKE OR HAZE
[NO. OF DAYS WITH] [WEATHER - DAYS WITH] 9 = BLOWING SNOW
X = TORNADO
MAX 32 OR BELOW: 0 0.01 INCH OR MORE: 13
MAX 90 OR ABOVE: 0 0.10 INCH OR MORE: 10
MIN 32 OR BELOW: 6 0.50 INCH OR MORE: 4
MIN 0 OR BELOW: 0 1.00 INCH OR MORE: 2
[HDD (BASE 65) ]
TOTAL THIS MO. 458 CLEAR (SCALE 0-3) 8
DPTR FM NORMAL 109 PTCLDY (SCALE 4-7) 14
TOTAL FM JUL 1 2281 CLOUDY (SCALE 8-10) 9
DPTR FM NORMAL 332
[CDD (BASE 65) ]
TOTAL THIS MO. 0
DPTR FM NORMAL 0 [PRESSURE DATA]
TOTAL FM JAN 1 0 HIGHEST SLP 30.25 ON 24
DPTR FM NORMAL -2 LOWEST SLP 29.70 ON 1
[REMARKS]
#FINAL-03-23#