000
CXUS56 KSGX 021739
CLMRNM
CLIMATE REPORT
NATIONAL WEATHER SERVICE SAN DIEGO, CA
1039 AM PDT WED AUG 02 2023
...................................
...THE RAMONA AIRPORT CA CLIMATE SUMMARY FOR THE MONTH OF JULY 2023...
CLIMATE NORMAL PERIOD: 1991 TO 2020
CLIMATE RECORD PERIOD: 1974 TO 2023
WEATHER OBSERVED NORMAL DEPART LAST YEAR`S
VALUE DATE(S) VALUE FROM VALUE DATE(S)
NORMAL
................................................................
TEMPERATURE (F)
RECORD
HIGH 117 07/06/2018
LOW 40 07/05/2023
HIGHEST 102 07/25 90 12 95 07/19
07/26
07/20
07/21
LOWEST 40R 07/05 56 -16 50 07/09
AVG. MAXIMUM 94.5 88.9 5.6 90.5
AVG. MINIMUM 57.4 57.5 -0.1 58.2
MEAN 75.9 73.2 2.7 74.3
DAYS MAX >= 90 25 14.8 10.2 20
DAYS MAX <= 32 0 0.0 0.0 0
DAYS MAX >= 45 31 31
DAYS MAX >= 120 0 0
DAYS MIN <= 32 0 0.0 0.0 0
DAYS MIN <= 0 0 0.0 0.0 0
PRECIPITATION (INCHES)
RECORD
MAXIMUM 2.38 2015
MINIMUM 0.00 2020
TOTALS 0.02 0.10 -0.08 0.01
DAILY AVG. 0.00 0.00 -0.00 0.00
DAYS >= .01 1 0.8 0.2 1
DAYS >= .10 0 0.1 -0.1 0
DAYS >= .50 0 0.0 0.0 0
DAYS >= 1.00 0 0.0 0.0 0
DAYS >= %-5.2F 0 0
DAYS >= %-5.2F 0 0
GREATEST
24 HR. TOTAL 0.02 07/31 TO 07/31 0.01 07/17 TO 07/17
STORM TOTAL 0.02 0.01
(MM/DD(HH)) MM
DEGREE DAYS
HEATING TOTAL 0 1 -1 0
SINCE 7/1 0 0 0 MM
COOLING TOTAL 347 255 92 296
SINCE 1/1 392 389 3 MM
FREEZE DATES
RECORD
EARLIEST 10/10/1974
LATEST 05/07/1975
EARLIEST MM
LATEST 04/05
................................................................
WIND (MPH)
AVERAGE WIND SPEED 4.8
RESULTANT WIND SPEED/DIRECTION 4/290
HIGHEST WIND SPEED/DIRECTION 17/290 DATE 07/25
HIGHEST GUST SPEED/DIRECTION 22/270 DATE 07/27
SKY COVER
POSSIBLE SUNSHINE (PERCENT) MM
AVERAGE SKY COVER 0.06
NUMBER OF DAYS FAIR 31
NUMBER OF DAYS PC 0
NUMBER OF DAYS CLOUDY 0
AVERAGE RH (PERCENT) 58
WEATHER CONDITIONS. NUMBER OF DAYS WITH
THUNDERSTORM 1 MIXED PRECIP 0
HEAVY RAIN 0 RAIN 0
LIGHT RAIN 2 FREEZING RAIN 0
LT FREEZING RAIN 0 HAIL 0
HEAVY SNOW 0 SNOW 0
LIGHT SNOW 0 SLEET 0
FOG 19 FOG W/VIS <= 1/4 MILE 4
HAZE 17
- INDICATES NEGATIVE NUMBERS.
R INDICATES RECORD WAS SET OR TIED.
MM INDICATES DATA IS MISSING.
T INDICATES TRACE AMOUNT.
$$