000
CXUS56 KSGX 010949
CLMRNM
CLIMATE REPORT
NATIONAL WEATHER SERVICE SAN DIEGO, CA
249 AM PDT SAT JUL 01 2023
...................................
...THE RAMONA AIRPORT CA CLIMATE SUMMARY FOR THE MONTH OF JUNE 2023...
CLIMATE NORMAL PERIOD: 1991 TO 2020
CLIMATE RECORD PERIOD: 1974 TO 2023
WEATHER OBSERVED NORMAL DEPART LAST YEAR`S
VALUE DATE(S) VALUE FROM VALUE DATE(S)
NORMAL
................................................................
TEMPERATURE (F)
RECORD
HIGH 109 06/20/2016
LOW 36 06/02/2011
HIGHEST 94 06/30 84 10 99 06/27
LOWEST 41 06/21 51 -10 43 06/19
AVG. MAXIMUM 76.9 82.9 -6.0 90.5
AVG. MINIMUM 51.1 52.0 -0.9 53.6
MEAN 64.0 67.5 -3.5 72.1
DAYS MAX >= 90 1 5.7 -4.7 16
DAYS MAX <= 32 0 0.0 0.0 0
DAYS MAX >= 45 30 29
DAYS MAX >= 120 0 0
DAYS MIN <= 32 0 0.0 0.0 0
DAYS MIN <= 0 0 0.0 0.0 0
PRECIPITATION (INCHES)
RECORD
MAXIMUM 0.80 1990
MINIMUM 0.00 2019
TOTALS 0.03 0.06 -0.03 T
DAILY AVG. 0.00 0.00 -0.00 T
DAYS >= .01 2 1.6 0.4 0
DAYS >= .10 0 0.0 0.0 0
DAYS >= .50 0 0.0 0.0 0
DAYS >= 1.00 0 0.0 0.0 0
DAYS >= %-5.2F 0 0
DAYS >= %-5.2F 0 0
GREATEST
24 HR. TOTAL 0.04 05/31 TO 05/31 T 06/22 TO 06/22
STORM TOTAL 0.02 0.00
(MM/DD(HH)) MM
DEGREE DAYS
HEATING TOTAL 48 24 24 3
SINCE 7/1 2715 2325 390 MM
COOLING TOTAL 26 97 -71 210
SINCE 1/1 45 134 -89 MM
FREEZE DATES
RECORD
EARLIEST 10/10/1974
LATEST 05/07/1975
EARLIEST 11/04 11/04
LATEST 04/05 05/11
................................................................
WIND (MPH)
AVERAGE WIND SPEED 4.9
RESULTANT WIND SPEED/DIRECTION 4/280
HIGHEST WIND SPEED/DIRECTION 20/170 DATE 06/11
HIGHEST GUST SPEED/DIRECTION 31/330 DATE 06/11
SKY COVER
POSSIBLE SUNSHINE (PERCENT) MM
AVERAGE SKY COVER 0.51
NUMBER OF DAYS FAIR 10
NUMBER OF DAYS PC 11
NUMBER OF DAYS CLOUDY 9
AVERAGE RH (PERCENT) 71
WEATHER CONDITIONS. NUMBER OF DAYS WITH
THUNDERSTORM 0 MIXED PRECIP 0
HEAVY RAIN 0 RAIN 1
LIGHT RAIN 2 FREEZING RAIN 0
LT FREEZING RAIN 0 HAIL 0
HEAVY SNOW 0 SNOW 0
LIGHT SNOW 0 SLEET 0
FOG 26 FOG W/VIS <= 1/4 MILE 13
HAZE 22
- INDICATES NEGATIVE NUMBERS.
R INDICATES RECORD WAS SET OR TIED.
MM INDICATES DATA IS MISSING.
T INDICATES TRACE AMOUNT.
$$