000
CXUS55 KREV 011119
CF6RNO
PRELIMINARY LOCAL CLIMATOLOGICAL DATA (WS FORM: F-6)
STATION: RENO-TAHOE INTL AIRPORT NV
MONTH: DECEMBER
YEAR: 2023
LATITUDE: 39 30 N
LONGITUDE: 119 47 W
TEMPERATURE IN F: :PCPN: SNOW: WIND :SUNSHINE: SKY :PK WND
================================================================================
1 2 3 4 5 6A 6B 7 8 9 10 11 12 13 14 15 16 17 18
12Z AVG MX 2MIN
DY MAX MIN AVG DEP HDD CDD WTR SNW DPTH SPD SPD DIR MIN PSBL S-S WX SPD DR
================================================================================
1 50 30 40 1 25 0 0.00 0.0 0 11.0 25 280 M M 7 35 290
2 54 35 45 7 20 0 0.00 0.0 0 9.2 31 280 M M 8 54 300
3 53 39 46 8 19 0 0.00 0.0 0 6.6 20 290 M M 8 29 270
4 60 28 44 6 21 0 0.00 0.0 0 1.7 8 360 M M 1 10 260
5 61 28 45 7 20 0 0.00 0.0 0 0.9 6 280 M M 5 11 260
6 64 29 47 10 18 0 T 0.0 0 10.4 41 190 M M 6 59 180
7 49 33 41 4 24 0 0.00 0.0 0 9.3 30 170 M M 5 40 160
8 44 23 34 -3 31 0 0.00 0.0 0 3.1 13 10 M M 2 19 350
9 45 20 33 -4 32 0 0.00 0.0 0 1.9 9 130 M M 3 13 210
10 46 22 34 -2 31 0 0.00 0.0 0 0.9 6 160 M M 5 10 280
11 52 20 36 0 29 0 0.00 0.0 0 1.6 8 40 M M 3 11 30
12 47 21 34 -2 31 0 0.00 0.0 0 2.5 12 110 M M 6 19 100
13 49 29 39 3 26 0 0.00 0.0 0 4.0 13 50 M M 4 16 100
14 45 22 34 -2 31 0 0.00 0.0 0 0.6 7 180 M M 7 11 270
15 47 22 35 -1 30 0 0.00 0.0 0 0.9 5 290 M M 7 8 10 280
16 52 23 38 2 27 0 0.00 0.0 0 0.7 6 310 M M 3 11 220
17 47 24 36 0 29 0 T 0.0 0 1.2 6 220 M M 8 11 260
18 43 35 39 3 26 0 0.33 0.0 0 2.6 13 340 M M 9 1 17 320
19 55 37 46 10 19 0 0.05 0.0 0 8.7 25 190 M M 7 1 36 220
20 49 34 42 7 23 0 T 0.0 0 1.1 6 170 M M 8 1 11 220
21 53 34 44 9 21 0 0.00 0.0 0 1.2 8 270 M M 7 1 17 280
22 54 28 41 6 24 0 0.00 0.0 0 1.4 6 210 M M 3 12 10 210
23 43 29 36 1 29 0 0.00 0.0 0 3.2 9 130 M M 7 12 270
24 44 24 34 -1 31 0 0.00 0.0 0 1.9 10 360 M M 6 12 360
25 51 35 43 8 22 0 T 0.0 0 3.0 10 360 M M 8 13 360
26 53 34 44 9 21 0 0.00 0.0 0 2.3 9 10 M M 8 11 10
27 64 35 50 15 15 0 T 0.0 0 4.2 25 210 M M 9 41 180
28 55 34 45 10 20 0 0.00 0.0 0 2.0 14 180 M M 7 16 180
29 61 33 47 11 18 0 0.00 0.0 0 1.9 10 290 M M 6 18 290
30 50 31 41 5 24 0 0.02 0.0 0 2.3 13 40 M M 7 17 340
31 45 24 35 -1 30 0 0.00 0.0 0 0.0 5 190 M M 6 7 230
================================================================================
SM 1585 895 767 0 0.40 0.0 102.3 M 186
================================================================================
AV 51.1 28.9 3.3 FASTST M M 6 MAX(MPH)
MISC ----> 41 190 59 180
================================================================================
NOTES:
# LAST OF SEVERAL OCCURRENCES
COLUMN 17 PEAK WIND IN M.P.H.
PRELIMINARY LOCAL CLIMATOLOGICAL DATA (WS FORM: F-6) , PAGE 2
STATION: RENO-TAHOE INTL AIRPORT NV
MONTH: DECEMBER
YEAR: 2023
LATITUDE: 39 30 N
LONGITUDE: 119 47 W
[TEMPERATURE DATA] [PRECIPITATION DATA] SYMBOLS USED IN COLUMN 16
AVERAGE MONTHLY: 40.0 TOTAL FOR MONTH: 0.40 1 = FOG OR MIST
DPTR FM NORMAL: 3.8 DPTR FM NORMAL: -0.70 2 = FOG REDUCING VISIBILITY
HIGHEST: 64 ON 27, 6 GRTST 24HR 0.33 ON 18-18 TO 1/4 MILE OR LESS
LOWEST: 20 ON 11, 9 3 = THUNDER
SNOW, ICE PELLETS, HAIL 4 = ICE PELLETS
TOTAL MONTH: 0.0 INCH 5 = HAIL
GRTST 24HR 0.0 6 = FREEZING RAIN OR DRIZZLE
GRTST DEPTH: 0 7 = DUSTSTORM OR SANDSTORM:
VSBY 1/2 MILE OR LESS
8 = SMOKE OR HAZE
[NO. OF DAYS WITH] [WEATHER - DAYS WITH] 9 = BLOWING SNOW
X = TORNADO
MAX 32 OR BELOW: 0 0.01 INCH OR MORE: 3
MAX 90 OR ABOVE: 0 0.10 INCH OR MORE: 1
MIN 32 OR BELOW: 19 0.50 INCH OR MORE: 0
MIN 0 OR BELOW: 0 1.00 INCH OR MORE: 0
[HDD (BASE 65) ]
TOTAL THIS MO. 767 CLEAR (SCALE 0-3) 4
DPTR FM NORMAL -125 PTCLDY (SCALE 4-7) 22
TOTAL FM JUL 1 1712 CLOUDY (SCALE 8-10) 5
DPTR FM NORMAL -196
[CDD (BASE 65) ]
TOTAL THIS MO. 0
DPTR FM NORMAL 0 [PRESSURE DATA]
TOTAL FM JAN 1 1097 HIGHEST SLP 30.54 ON 9
DPTR FM NORMAL 58 LOWEST SLP 29.70 ON 19
[REMARKS]
#FINAL-12-23#