000
CXUS56 KFGZ 010900
CF6RQE
PRELIMINARY LOCAL CLIMATOLOGICAL DATA (WS FORM: F-6)
STATION: WINDOW ROCK AZ AIRPORT
MONTH: MARCH
YEAR: 2020
LATITUDE: 35 39 N
LONGITUDE: 109 4 W
TEMPERATURE IN F: :PCPN: SNOW: WIND :SUNSHINE: SKY :PK WND
================================================================================
1 2 3 4 5 6A 6B 7 8 9 10 11 12 13 14 15 16 17 18
12Z AVG MX 2MIN
DY MAX MIN AVG DEP HDD CDD WTR SNW DPTH SPD SPD DIR MIN PSBL S-S WX SPD DR
================================================================================
1 55 29 42 6 23 0 T M M 10.0 29 240 M M 6 36 260
2 53 21 37 1 28 0 0.00 M M 2.9 14 240 M M 2 19 330
3 58 17 38 2 27 0 0.00 M M 4.1 18 60 M M 0 24 70
4 61 21 41 4 24 0 0.00 M M 4.4 17 200 M M 0 24 210
5 65 19 42 5 23 0 0.00 M M 3.8 15 50 M M 0 21 60
6 63 22 43 6 22 0 0.00 M M 5.7 21 180 M M 0 26 180
7 65 24 45 8 20 0 0.00 M M 7.7 23 230 M M 2 32 200
8 57 33 45 7 20 0 T M M 8.3 22 220 M M 5 3 28 220
9 59 29 44 6 21 0 0.00 M M 5.5 17 190 M M 1 21 190
10 54 35 45 7 20 0 0.19 M M 4.8 20 240 M M 8 1 24 240
11 56 42 49 11 16 0 0.29 M M 4.2 23 200 M M 9 1 27 200
12 57 42 50 12 15 0 0.06 M M 1.9 13 160 M M 5 1 18 160
13 50 36 43 4 22 0 0.27 M M 10.2 30 230 M M 8 13 37 230
14 53 32 43 4 22 0 0.00 M M 6.4 17 240 M M 8 21 210
15 59 27 43 4 22 0 0.00 M M 4.5 22 210 M M 0 27 210
16 63 24 44 5 21 0 0.00 M M 3.6 16 190 M M 0 22 200
17 61 30 46 6 19 0 0.00 M M 7.1 23 230 M M 1 31 230
18 55 30 43 3 22 0 0.22 M M 7.7 26 190 M M 3 1 34 190
19 43 28 36 -4 29 0 0.01 M M 10.5 22 250 M M 8 18 28 220
20 50 21 36 -4 29 0 0.00 M M 5.3 18 230 M M 4 24 240
21 58 34 46 6 19 0 0.00 M M 6.8 23 230 M M 4 31 230
22 55 27 41 0 24 0 0.00 M M 4.0 15 210 M M 0 20 220
23 58 31 45 4 20 0 T M M 12.2 32 250 M M 3 41 230
24 60 22 41 0 24 0 0.00 M M 5.8 21 240 M M 1 26 240
25 62 38 50 9 15 0 0.00 M M 12.3 25 240 M M 4 34 240
26 63 37 50 9 15 0 0.00 M M 17.6 33 240 M M 1 46 230
27 44 24 34 -8 31 0 0.08 M M 11.9 29 260 M M 7 12 44 230
28 49 17 33 -9 32 0 T M M 5.1 18 300 M M 2 8 22 250
29 58 27 43 1 22 0 0.00 M M 7.7 25 220 M M 5 34 240
30 57 28 43 1 22 0 0.00 M M 6.8 21 300 M M 2 29 280
31 66 21 44 2 21 0 0.00 M M 3.3 14 280 M M 0 20 250
================================================================================
SM 1767 868 690 0 1.12 M 212.1 M 99
================================================================================
AV 57.0 28.0 6.8 FASTST M M 3 MAX(MPH)
MISC ----> # 33 240 # 46 230
================================================================================
NOTES:
# LAST OF SEVERAL OCCURRENCES
COLUMN 17 PEAK WIND IN M.P.H.
PRELIMINARY LOCAL CLIMATOLOGICAL DATA (WS FORM: F-6) , PAGE 2
STATION: WINDOW ROCK AZ AIRPORT
MONTH: MARCH
YEAR: 2020
LATITUDE: 35 39 N
LONGITUDE: 109 4 W
[TEMPERATURE DATA] [PRECIPITATION DATA] SYMBOLS USED IN COLUMN 16
AVERAGE MONTHLY: 42.5 TOTAL FOR MONTH: 1.12 1 = FOG OR MIST
DPTR FM NORMAL: 3.3 DPTR FM NORMAL: 0.23 2 = FOG REDUCING VISIBILITY
HIGHEST: 66 ON 31 GRTST 24HR 0.29 ON 11-11 TO 1/4 MILE OR LESS
LOWEST: 17 ON 28, 3 3 = THUNDER
SNOW, ICE PELLETS, HAIL 4 = ICE PELLETS
TOTAL MONTH: M 5 = HAIL
GRTST 24HR M ON M 6 = FREEZING RAIN OR DRIZZLE
GRTST DEPTH: M ON M 7 = DUSTSTORM OR SANDSTORM:
VSBY 1/2 MILE OR LESS
8 = SMOKE OR HAZE
[NO. OF DAYS WITH] [WEATHER - DAYS WITH] 9 = BLOWING SNOW
X = TORNADO
MAX 32 OR BELOW: 0 0.01 INCH OR MORE: 7
MAX 90 OR ABOVE: 0 0.10 INCH OR MORE: 4
MIN 32 OR BELOW: 23 0.50 INCH OR MORE: 0
MIN 0 OR BELOW: 0 1.00 INCH OR MORE: 0
[HDD (BASE 65) ]
TOTAL THIS MO. 690 CLEAR (SCALE 0-3) 18
DPTR FM NORMAL -111 PTCLDY (SCALE 4-7) 12
TOTAL FM JUL 1 5080 CLOUDY (SCALE 8-10) 1
DPTR FM NORMAL -353
[CDD (BASE 65) ]
TOTAL THIS MO. 0
DPTR FM NORMAL 0 [PRESSURE DATA]
TOTAL FM JAN 1 0 HIGHEST SLP M ON M
DPTR FM NORMAL 0 LOWEST SLP 29.62 ON 13
[REMARKS]
#FINAL-03-20#