000
CXUS53 KGRB 250746
CF6RRL
PRELIMINARY LOCAL CLIMATOLOGICAL DATA (WS FORM: F-6)
STATION: MERRILL MUNICIPAL AI
MONTH: NOVEMBER
YEAR: 2019
LATITUDE: 45 10 N
LONGITUDE: 89 42 W
TEMPERATURE IN F: :PCPN: SNOW: WIND :SUNSHINE: SKY :PK WND
================================================================================
1 2 3 4 5 6A 6B 7 8 9 10 11 12 13 14 15 16 17 18
12Z AVG MX 2MIN
DY MAX MIN AVG DEP HDD CDD WTR SNW DPTH SPD SPD DIR MIN PSBL S-S WX SPD DR
================================================================================
1 35 15 25 M 40 0 0.00 0.0 0 3.5 9 260 M M 9 1 M M
2 35 27 31 M 34 0 0.00 0.0 0 7.2 12 290 M M 10 20 300
3 38 28 33 M 32 0 0.00 0.0 0 3.7 8 150 M M 8 M M
4 39 25 32 M 33 0 0.00 0.0 0 5.6 12 270 M M 9 18 280
5 30 16 23 M 42 0 0.00 0.0 0 8.1 17 310 M M 3 22 310
6 31 14 23 M 42 0 0.00 0.0 0 5.0 13 340 M M 6 17 340
7 26 8 17 M 48 0 0.00 0.0 0 6.3 14 300 M M 2 M M
8 26 5 16 M 49 0 0.00 0.0 0 3.9 9 230 M M 5 16 210
9 42 24 33 M 32 0 0.00 0.0 0 4.7 10 320 M M 6 1 M M
10 32 15 24 M 41 0 0.00 0.0 0 8.2 13 30 M M 9 18 340
11 19 5 12 M 53 0 0.00 0.0 0 7.6 12 350 M M 5 21 320
12 18 1 10 M 55 0 0.00 0.0 0 5.0 8 320 M M 0 M M
13 20 12 16 M 49 0 0.00 0.0 0 5.9 10 190 M M 10 18 200
14 29 20 25 M 40 0 0.00 0.0 0 8.5 14 260 M M 9 20 260
15 37 19 28 M 37 0 0.00 0.0 0 4.5 10 340 M M 1 M M
16 38 22 30 M 35 0 0.00 0.0 0 7.3 10 160 M M 4 18 160
17 33 32 33 M 32 0 0.00 0.0 0 3.0 8 180 M M 9 1 M M
18 32 29 31 M 34 0 0.00 0.0 0 2.1 6 250 M M 10 1 M M
19 33 27 30 M 35 0 0.00 0.0 0 0.5 5 260 M M 10 1 M M
20 42 31 37 M 28 0 0.00 0.0 0 2.6 10 160 M M 10 1 M M
21 40 23 32 M 33 0 0.43 M 0 9.3 17 360 M M 10 27 350
22 31 18 25 M 40 0 0.00 0.0 0 5.8 13 330 M M 5 20 340
23 40 19 30 M 35 0 0.00 0.0 0 4.8 14 260 M M 1 M M
24 48 24 36 M 29 0 0.00 0.0 0 4.5 14 280 M M 3 18 280
================================================================================
SM 794 459 928 0 0.43 0.0 127.6 M 154
================================================================================
AV 33.1 19.1 5.3 FASTST M M 6 MAX(MPH)
MISC ----> # 17 310 # 27 350
================================================================================
NOTES:
# LAST OF SEVERAL OCCURRENCES
COLUMN 17 PEAK WIND IN M.P.H.
PRELIMINARY LOCAL CLIMATOLOGICAL DATA (WS FORM: F-6) , PAGE 2
STATION: MERRILL MUNICIPAL AI
MONTH: NOVEMBER
YEAR: 2019
LATITUDE: 45 10 N
LONGITUDE: 89 42 W
[TEMPERATURE DATA] [PRECIPITATION DATA] SYMBOLS USED IN COLUMN 16
AVERAGE MONTHLY: 26.1 TOTAL FOR MONTH: 0.43 1 = FOG OR MIST
DPTR FM NORMAL: M DPTR FM NORMAL: M 2 = FOG REDUCING VISIBILITY
HIGHEST: 48 ON 24 GRTST 24HR 0.43 ON 21-21 TO 1/4 MILE OR LESS
LOWEST: 1 ON 12 3 = THUNDER
SNOW, ICE PELLETS, HAIL 4 = ICE PELLETS
TOTAL MONTH: 0.0 INCH 5 = HAIL
GRTST 24HR 0.0 6 = FREEZING RAIN OR DRIZZLE
GRTST DEPTH: 0 7 = DUSTSTORM OR SANDSTORM:
VSBY 1/2 MILE OR LESS
8 = SMOKE OR HAZE
[NO. OF DAYS WITH] [WEATHER - DAYS WITH] 9 = BLOWING SNOW
X = TORNADO
MAX 32 OR BELOW: 11 0.01 INCH OR MORE: 1
MAX 90 OR ABOVE: 0 0.10 INCH OR MORE: 1
MIN 32 OR BELOW: 24 0.50 INCH OR MORE: 0
MIN 0 OR BELOW: 0 1.00 INCH OR MORE: 0
[HDD (BASE 65) ]
TOTAL THIS MO. 928 CLEAR (SCALE 0-3) 5
DPTR FM NORMAL M PTCLDY (SCALE 4-7) 7
TOTAL FM JUL 1 1922 CLOUDY (SCALE 8-10) 12
DPTR FM NORMAL M
[CDD (BASE 65) ]
TOTAL THIS MO. 0
DPTR FM NORMAL M [PRESSURE DATA]
TOTAL FM JAN 1 228 HIGHEST SLP M ON M
DPTR FM NORMAL 228 LOWEST SLP M ON M
[REMARKS]