000
CXUS53 KARX 020620
CF6RST
PRELIMINARY LOCAL CLIMATOLOGICAL DATA (WS FORM: F-6)
STATION: ROCHESTER MN
MONTH: DECEMBER
YEAR: 2023
LATITUDE: 43 55 N
LONGITUDE: 92 30 W
TEMPERATURE IN F: :PCPN: SNOW: WIND :SUNSHINE: SKY :PK WND
================================================================================
1 2 3 4 5 6A 6B 7 8 9 10 11 12 13 14 15 16 17 18
12Z AVG MX 2MIN
DY MAX MIN AVG DEP HDD CDD WTR SNW DPTH SPD SPD DIR MIN PSBL S-S WX SPD DR
================================================================================
1 34 21 28 2 37 0 0.00 0.0 0 8.0 14 30 M M 0 17 40
2 36 18 27 1 38 0 T 0.2 0 6.6 15 140 M M 6 1 19 130
3 36 31 34 8 31 0 0.01 0.1 0 3.5 8 150 M M 10 12 11 140
4 33 21 27 2 38 0 T T 0 9.5 21 190 M M 8 1 26 180
5 32 19 26 1 39 0 T T 0 8.0 17 320 M M 8 1 21 320
6 46 17 32 8 33 0 0.00 0.0 0 15.0 28 200 M M 1 1 38 190
7 54 27 41 17 24 0 0.00 0.0 0 10.5 17 140 M M 0 21 150
8 51 34 43 20 22 0 0.00 0.0 0 12.7 22 260 M M 2 27 250
9 36 24 30 7 35 0 0.01 0.2 0 16.8 26 310 M M 8 1 36 310
10 24 20 22 -1 43 0 0.00 0.0 0 9.4 24 320 M M 10 31 300
11 31 19 25 3 40 0 0.00 0.0 0 9.2 24 300 M M 6 1 32 310
12 30 13 22 0 43 0 0.00 0.0 0 12.2 22 300 M M 0 29 300
13 46 13 30 8 35 0 0.00 0.0 0 11.0 21 240 M M 3 28 250
14 51 22 37 16 28 0 0.00 0.0 0 9.9 20 210 M M 0 24 220
15 41 31 36 15 29 0 0.02 0.0 0 6.9 13 210 M M 6 15 210
16 40 35 38 18 27 0 0.05 0.0 0 6.2 12 290 M M 10 12 15 290
17 35 28 32 12 33 0 T T 0 15.0 32 310 M M 9 1 43 310
18 28 8 18 -2 47 0 T T 0 17.5 35 330 M M 2 46 310
19 35 9 22 2 43 0 0.00 0.0 0 14.5 28 190 M M 0 35 180
20 42 21 32 13 33 0 0.00 0.0 0 9.1 14 100 M M 0 18 120
21 38 28 33 14 32 0 0.00 0.0 0 11.1 17 130 M M 7 1 21 130
22 43 34 39 20 26 0 T 0.0 0 7.4 12 140 M M 10 1 14 160
23 46 39 43 25 22 0 0.00 0.0 0 10.5 22 130 M M 10 12 29 130
24 52 44 48 30 17 0 0.32 0.0 0 16.6 25 160 M M 9 1 34 160
25 53 44 49 31 16 0 0.65 0.0 0 15.3 23 100 M M 10 1 32 100
26 44 28 36 18 29 0 0.06 T 0 10.3 20 190 M M 10 1 25 180
27 38 25 32 15 33 0 0.00 0.0 0 6.4 12 60 M M 4 15 50
28 32 21 27 10 38 0 0.00 0.0 0 14.3 23 330 M M 7 1 31 330
29 38 26 32 15 33 0 0.00 0.0 0 9.2 17 330 M M 5 1 23 330
30 30 24 27 10 38 0 T T 0 12.7 21 300 M M 6 16 27 300
31 29 22 26 10 39 0 0.02 T 0 13.9 22 350 M M 10 16 33 350
================================================================================
SM 1204 766 1021 0 1.14 0.5 339.2 M 177
================================================================================
AV 38.8 24.7 10.9 FASTST M M 6 MAX(MPH)
MISC ----> 35 330 46 310
================================================================================
NOTES:
# LAST OF SEVERAL OCCURRENCES
COLUMN 17 PEAK WIND IN M.P.H.
PRELIMINARY LOCAL CLIMATOLOGICAL DATA (WS FORM: F-6) , PAGE 2
STATION: ROCHESTER MN
MONTH: DECEMBER
YEAR: 2023
LATITUDE: 43 55 N
LONGITUDE: 92 30 W
[TEMPERATURE DATA] [PRECIPITATION DATA] SYMBOLS USED IN COLUMN 16
AVERAGE MONTHLY: 31.8 TOTAL FOR MONTH: 1.14 1 = FOG OR MIST
DPTR FM NORMAL: 11.0 DPTR FM NORMAL: -0.14 2 = FOG REDUCING VISIBILITY
HIGHEST: 54 ON 7 GRTST 24HR 0.68 ON 24-25 TO 1/4 MILE OR LESS
LOWEST: 8 ON 18 3 = THUNDER
SNOW, ICE PELLETS, HAIL 4 = ICE PELLETS
TOTAL MONTH: 0.5 INCH 5 = HAIL
GRTST 24HR 0.2 ON 2- 2 6 = FREEZING RAIN OR DRIZZLE
GRTST DEPTH: 0 7 = DUSTSTORM OR SANDSTORM:
VSBY 1/2 MILE OR LESS
8 = SMOKE OR HAZE
[NO. OF DAYS WITH] [WEATHER - DAYS WITH] 9 = BLOWING SNOW
X = TORNADO
MAX 32 OR BELOW: 8 0.01 INCH OR MORE: 8
MAX 90 OR ABOVE: 0 0.10 INCH OR MORE: 2
MIN 32 OR BELOW: 25 0.50 INCH OR MORE: 1
MIN 0 OR BELOW: 0 1.00 INCH OR MORE: 0
[HDD (BASE 65) ]
TOTAL THIS MO. 1021 CLEAR (SCALE 0-3) 9
DPTR FM NORMAL -349 PTCLDY (SCALE 4-7) 11
TOTAL FM JUL 1 2443 CLOUDY (SCALE 8-10) 11
DPTR FM NORMAL -615
[CDD (BASE 65) ]
TOTAL THIS MO. 0
DPTR FM NORMAL 0 [PRESSURE DATA]
TOTAL FM JAN 1 697 HIGHEST SLP 30.63 ON 13
DPTR FM NORMAL 164 LOWEST SLP 29.41 ON 8
[REMARKS]
#FINAL-12-23#