000
CXUS53 KARX 011535
CF6RST
PRELIMINARY LOCAL CLIMATOLOGICAL DATA (WS FORM: F-6)
STATION: ROCHESTER MN
MONTH: OCTOBER
YEAR: 2023
LATITUDE: 43 55 N
LONGITUDE: 92 30 W
TEMPERATURE IN F: :PCPN: SNOW: WIND :SUNSHINE: SKY :PK WND
================================================================================
1 2 3 4 5 6A 6B 7 8 9 10 11 12 13 14 15 16 17 18
12Z AVG MX 2MIN
DY MAX MIN AVG DEP HDD CDD WTR SNW DPTH SPD SPD DIR MIN PSBL S-S WX SPD DR
================================================================================
1 90 65 78 23 0 13 0.00 0.0 0 11.5 21 200 M M 0 31 190
2 88 61 75 21 0 10 0.00 0.0 0 10.0 17 190 M M 0 24 190
3 85 61 73 19 0 8 0.02 0.0 0 12.4 32 210 M M 4 49 230
4 72 47 60 6 5 0 0.06 0.0 0 10.2 26 200 M M 6 1 41 210
5 67 47 57 4 8 0 0.00 0.0 0 12.9 26 270 M M 1 41 270
6 55 40 48 -5 17 0 0.07 0.0 0 12.7 24 330 M M 5 1 38 330
7 56 41 49 -3 16 0 T 0.0 0 7.6 15 300 M M 8 21 260
8 59 41 50 -2 15 0 0.00 0.0 0 6.5 15 20 M M 7 19 360
9 55 35 45 -6 20 0 0.00 0.0 0 9.6 18 320 M M 0 29 310
10 58 31 45 -6 20 0 0.00 0.0 0 8.2 15 300 M M 0 25 290
11 63 28 46 -4 19 0 0.00 0.0 0 6.7 13 80 M M 2 17 80
12 47 42 45 -5 20 0 0.91 0.0 0 16.1 30 90 M M 8 1 41 80
13 52 45 49 0 16 0 0.22 0.0 0 20.1 32 110 M M 10 1 48 120
14 54 44 49 0 16 0 0.06 0.0 0 13.3 20 10 M M 10 1 27 30
15 54 41 48 0 17 0 T 0.0 0 9.9 17 340 M M 5 26 330
16 56 36 46 -2 19 0 0.00 0.0 0 6.8 14 350 M M 2 19 310
17 65 36 51 3 14 0 0.00 0.0 0 7.3 14 250 M M 0 19 220
18 64 44 54 7 11 0 0.00 0.0 0 8.6 20 210 M M 3 28 210
19 54 42 48 1 17 0 0.01 0.0 0 10.0 21 320 M M 7 18 26 320
20 67 37 52 6 13 0 0.00 0.0 0 8.5 16 300 M M 2 18 23 280
21 61 39 50 4 15 0 0.00 0.0 0 17.1 31 330 M M 2 39 330
22 58 32 45 0 20 0 0.01 0.0 0 7.9 16 150 M M 2 12 22 160
23 66 45 56 11 9 0 0.16 0.0 0 12.1 24 170 M M 6 3 33 150
24 69 57 63 19 2 0 2.26 0.0 0 9.6 24 260 M M 9 13 34 280
25 63 53 58 14 7 0 0.07 0.0 0 8.3 22 210 M M 10 12 31 210
26 67 56 62 19 3 0 0.83 0.0 0 5.9 16 190 M M 10 123 21 200
27 59 30 45 2 20 0 T 0.0 0 18.3 29 290 M M 10 12 36 300
28 32 27 30 -12 35 0 0.02 0.4 0 9.2 20 310 M M 10 1 25 310
29 36 23 30 -12 35 0 0.00 0.0 0 8.5 14 290 M M 5 19 300
30 37 19 28 -14 37 0 0.01 0.1 0 13.9 26 230 M M 3 1 36 220
31 34 21 28 -13 37 0 0.07 1.1 1 18.2 35 300 M M 6 1 50 300
================================================================================
SM 1843 1266 483 31 4.78 1.6 337.9 M 153
================================================================================
AV 59.5 40.8 10.9 FASTST M M 5 MAX(MPH)
MISC ----> 35 300 50 300
================================================================================
NOTES:
# LAST OF SEVERAL OCCURRENCES
COLUMN 17 PEAK WIND IN M.P.H.
PRELIMINARY LOCAL CLIMATOLOGICAL DATA (WS FORM: F-6) , PAGE 2
STATION: ROCHESTER MN
MONTH: OCTOBER
YEAR: 2023
LATITUDE: 43 55 N
LONGITUDE: 92 30 W
[TEMPERATURE DATA] [PRECIPITATION DATA] SYMBOLS USED IN COLUMN 16
AVERAGE MONTHLY: 50.1 TOTAL FOR MONTH: 4.78 1 = FOG OR MIST
DPTR FM NORMAL: 2.2 DPTR FM NORMAL: 2.35 2 = FOG REDUCING VISIBILITY
HIGHEST: 90 ON 1 GRTST 24HR 2.27 ON 23-24 TO 1/4 MILE OR LESS
LOWEST: 19 ON 30 3 = THUNDER
SNOW, ICE PELLETS, HAIL 4 = ICE PELLETS
TOTAL MONTH: 1.6 INCHES 5 = HAIL
GRTST 24HR 1.1 ON 31-31 6 = FREEZING RAIN OR DRIZZLE
GRTST DEPTH: 1 ON 31 7 = DUSTSTORM OR SANDSTORM:
VSBY 1/2 MILE OR LESS
8 = SMOKE OR HAZE
[NO. OF DAYS WITH] [WEATHER - DAYS WITH] 9 = BLOWING SNOW
X = TORNADO
MAX 32 OR BELOW: 1 0.01 INCH OR MORE: 15
MAX 90 OR ABOVE: 1 0.10 INCH OR MORE: 5
MIN 32 OR BELOW: 8 0.50 INCH OR MORE: 3
MIN 0 OR BELOW: 0 1.00 INCH OR MORE: 1
[HDD (BASE 65) ]
TOTAL THIS MO. 483 CLEAR (SCALE 0-3) 13
DPTR FM NORMAL -51 PTCLDY (SCALE 4-7) 11
TOTAL FM JUL 1 565 CLOUDY (SCALE 8-10) 7
DPTR FM NORMAL -184
[CDD (BASE 65) ]
TOTAL THIS MO. 31
DPTR FM NORMAL 25 [PRESSURE DATA]
TOTAL FM JAN 1 697 HIGHEST SLP 30.43 ON 28
DPTR FM NORMAL 164 LOWEST SLP 29.60 ON 21
[REMARKS]
#FINAL-10-23#