000
CXUS53 KARX 011048
CLMRST
CLIMATE REPORT
NATIONAL WEATHER SERVICE LA CROSSE WI
448 AM CST FRI MAR 01 2024
...................................
...THE ROCHESTER MN CLIMATE SUMMARY FOR THE MONTH OF FEBRUARY 2024...
CLIMATE NORMAL PERIOD 1991 TO 2020
CLIMATE RECORD PERIOD 1886 TO 2024
WEATHER OBSERVED NORMAL DEPART LAST YEAR`S
VALUE DATE(S) VALUE FROM VALUE DATE(S)
NORMAL
................................................................
TEMPERATURE (F)
RECORD
HIGH 69 02/26/2024
LOW -35 02/02/1996
HIGHEST 69R 02/26 40 02/14
LOWEST 3 02/28 -16 02/03
AVG. MAXIMUM 43.3 26.7 16.6 28.8
AVG. MINIMUM 21.9 10.7 11.2 11.0
MEAN 32.6 18.7 13.9 19.9
DAYS MAX >= 90 0 0.0 0.0 0
DAYS MAX <= 32 5 18.7 -13.7 13
DAYS MIN <= 32 27 27.0 0.0 27
DAYS MIN <= 0 0 6.9 -6.9 5
PRECIPITATION (INCHES)
RECORD
MAXIMUM 2.97 2019
TOTALS 0.34 1.02 -0.68 2.54
DAYS >= .01 4 8.0 -4.0 11
DAYS >= .10 2 2.9 -0.9 7
DAYS >= .50 0 0.4 -0.4 2
DAYS >= 1.00 0 0.0 0.0 0
GREATEST
24 HR. TOTAL 0.15 02/14 TO 02/15 0.76 02/14 TO 02/15
SNOWFALL (INCHES)
RECORDS
TOTAL 40.0 2019
SNOW DEPTH 28 02/24/2019
TOTALS 2.0 10.7 -8.7 13.6
SINCE 7/1 MM 40.7 MM MM
SNOWDEPTH AVG. 0 5
DAYS >= TRACE 5 7.3 -2.3 13
DAYS >= 1.0 1 3.3 -2.3 4
GREATEST
SNOW DEPTH 1 02/28 12 02/24
02/25
02/26
DEGREE DAYS
HEATING TOTAL 931 1296 -365 1255
SINCE 7/1 4784 5994 -1210 MM
COOLING TOTAL 0 0 0 0
SINCE 1/1 0 0 0 MM
................................................................
WIND (MPH)
AVERAGE WIND SPEED 12.4
HIGHEST WIND SPEED/DIRECTION 38/190 DATE 02/08
HIGHEST GUST SPEED/DIRECTION 51/180 DATE 02/08
AVERAGE RH (PERCENT) 72
WEATHER CONDITIONS. NUMBER OF DAYS WITH
THUNDERSTORM 0 MIXED PRECIP 0
HEAVY RAIN 0 RAIN 0
LIGHT RAIN 2 FREEZING RAIN 0
LT FREEZING RAIN 0 HAIL 0
HEAVY SNOW 0 SNOW 1
LIGHT SNOW 5 SLEET 0
FOG 8 FOG W/VIS <= 1/4 MILE 1
HAZE 0
- INDICATES NEGATIVE NUMBERS.
R INDICATES RECORD WAS SET OR TIED.
MM INDICATES DATA IS MISSING.
T INDICATES TRACE AMOUNT.
$$