000
CXUS54 KTSA 010840
CF6RVS
PRELIMINARY LOCAL CLIMATOLOGICAL DATA (WS FORM: F-6)
STATION: TULSA-RIVERSIDE OKLAHOMA
MONTH: JULY
YEAR: 2020
LATITUDE: 36 2 N
LONGITUDE: 95 59 W
TEMPERATURE IN F: :PCPN: SNOW: WIND :SUNSHINE: SKY :PK WND
================================================================================
1 2 3 4 5 6A 6B 7 8 9 10 11 12 13 14 15 16 17 18
12Z AVG MX 2MIN
DY MAX MIN AVG DEP HDD CDD WTR SNW DPTH SPD SPD DIR MIN PSBL S-S WX SPD DR
================================================================================
1 99 79 89 9 0 24 0.00 0.0 0 9.2 18 190 M M 2 25 190
2 96 72 84 4 0 19 0.35 0.0 0 5.8 28 170 M M 1 138 42 160
3 97 71 84 4 0 19 0.00 0.0 0 3.5 13 190 M M 1 3 22 340
4 95 75 85 4 0 20 1.41 0.0 0 3.8 24 30 M M 4 138 40 40
5 95 74 85 4 0 20 0.00 0.0 0 4.2 14 70 M M 2 18 19 80
6 95 74 85 4 0 20 0.00 0.0 0 4.7 14 100 M M 1 19 110
7 96 75 86 5 0 21 0.00 0.0 0 3.5 12 170 M M 1 1 23 180
8 97 75 86 5 0 21 0.00 0.0 0 5.8 13 170 M M 1 20 190
9 92 73 83 2 0 18 0.11 0.0 0 7.8 21 30 M M 3 13 37 10
10 89 72 81 -1 0 16 2.86 0.0 0 3.2 29 180 M M 2 13 41 190
11 101 72 87 5 0 22 2.04 0.0 0 8.0 44 50 M M 2 13 62 40
12 95 72 84 2 0 19 T 0.0 0 4.4 13 20 M M 0 3 20 30
13 91 71 81 -1 0 16 0.21 0.0 0 6.5 16 130 M M 3 138 22 130
14 99 80 90 8 0 25 T 0.0 0 9.2 18 180 M M 0 28 170
15 97 81 89 7 0 24 T 0.0 0 4.7 17 160 M M 2 33 160
16 95 77 86 4 0 21 0.00 0.0 0 5.1 15 30 M M 1 24 350
17 99 78 89 7 0 24 0.00 0.0 0 8.5 18 170 M M 0 28 160
18 98 79 89 7 0 24 0.00 0.0 0 9.5 18 180 M M 1 27 190
19 99 77 88 6 0 23 0.00 0.0 0 5.5 14 170 M M 1 21 190
20 98 76 87 5 0 22 0.00 0.0 0 6.2 14 170 M M 0 22 170
21 96 78 87 5 0 22 0.00 0.0 0 5.8 16 170 M M 2 3 24 180
22 96 75 86 4 0 21 0.00 0.0 0 4.8 16 170 M M 1 24 170
23 95 76 86 4 0 21 0.00 0.0 0 5.1 13 130 M M 5 17 150
24 98 76 87 4 0 22 0.00 0.0 0 5.9 13 120 M M 1 20 140
25 96 78 87 4 0 22 0.00 0.0 0 6.0 13 120 M M 2 8 19 170
26 97 76 87 4 0 22 0.00 0.0 0 5.8 15 140 M M 1 21 130
27 92 75 84 1 0 19 0.51 0.0 0 4.4 14 150 M M 4 138 21 140
28 84 76 80 -3 0 15 1.19 0.0 0 3.3 16 150 M M 6 138 27 220
29 92 77 85 2 0 20 T 0.0 0 7.1 14 180 M M 7 3 20 210
30 93 73 83 0 0 18 0.25 0.0 0 3.5 18 340 M M 2 13 32 330
31 87 72 80 -3 0 15 0.16 0.0 0 6.9 14 30 M M 6 1 25 350
================================================================================
SM 2949 2335 0 635 9.09 0.0 177.7 M 65
================================================================================
AV 95.1 75.3 5.7 FASTST M M 2 MAX(MPH)
MISC ----> # 44 50 # 62 40
================================================================================
NOTES:
# LAST OF SEVERAL OCCURRENCES
COLUMN 17 PEAK WIND IN M.P.H.
PRELIMINARY LOCAL CLIMATOLOGICAL DATA (WS FORM: F-6) , PAGE 2
STATION: TULSA-RIVERSIDE OKLAHOMA
MONTH: JULY
YEAR: 2020
LATITUDE: 36 2 N
LONGITUDE: 95 59 W
[TEMPERATURE DATA] [PRECIPITATION DATA] SYMBOLS USED IN COLUMN 16
AVERAGE MONTHLY: 85.2 TOTAL FOR MONTH: 9.09 1 = FOG OR MIST
DPTR FM NORMAL: 3.4 DPTR FM NORMAL: 5.72 2 = FOG REDUCING VISIBILITY
HIGHEST: 101 ON 11 GRTST 24HR 2.86 ON 10-10 TO 1/4 MILE OR LESS
LOWEST: 71 ON 13, 3 3 = THUNDER
SNOW, ICE PELLETS, HAIL 4 = ICE PELLETS
TOTAL MONTH: 0.0 INCH 5 = HAIL
GRTST 24HR 0.0 6 = FREEZING RAIN OR DRIZZLE
GRTST DEPTH: 0 7 = DUSTSTORM OR SANDSTORM:
VSBY 1/2 MILE OR LESS
8 = SMOKE OR HAZE
[NO. OF DAYS WITH] [WEATHER - DAYS WITH] 9 = BLOWING SNOW
X = TORNADO
MAX 32 OR BELOW: 0 0.01 INCH OR MORE: 10
MAX 90 OR ABOVE: 28 0.10 INCH OR MORE: 10
MIN 32 OR BELOW: 0 0.50 INCH OR MORE: 5
MIN 0 OR BELOW: 0 1.00 INCH OR MORE: 4
[HDD (BASE 65) ]
TOTAL THIS MO. 0 CLEAR (SCALE 0-3) 24
DPTR FM NORMAL 0 PTCLDY (SCALE 4-7) 7
TOTAL FM JUL 1 0 CLOUDY (SCALE 8-10) 0
DPTR FM NORMAL 0
[CDD (BASE 65) ]
TOTAL THIS MO. 635
DPTR FM NORMAL 113 [PRESSURE DATA]
TOTAL FM JAN 1 1426 HIGHEST SLP 30.19 ON 10
DPTR FM NORMAL 344 LOWEST SLP 29.75 ON 1
[REMARKS]
#FINAL-07-20#