000
CXUS55 KCYS 011023
CF6RWL
PRELIMINARY LOCAL CLIMATOLOGICAL DATA (WS FORM: F-6) ...CORRECTED...
STATION: RAWLINS WYOMING AIRPORT
MONTH: APRIL
YEAR: 2020
LATITUDE: 41 47 N
LONGITUDE: 107 12 W
TEMPERATURE IN F: :PCPN: SNOW: WIND :SUNSHINE: SKY :PK WND
================================================================================
1 2 3 4 5 6A 6B 7 8 9 10 11 12 13 14 15 16 17 18
12Z AVG MX 2MIN
DY MAX MIN AVG DEP HDD CDD WTR SNW DPTH SPD SPD DIR MIN PSBL S-S WX SPD DR
================================================================================
1 53 29 41 5 24 0 0.02 M M 10.9 22 50 M M 6 1 28 270
2 29 -2 14 -23 51 0 0.27 M M 7.0 25 350 M M 9 128 31 360
3 32 -7 13 -24 52 0 0.00 M M 4.3 20 220 M M 1 128 24 240
4 49 13 31 -6 34 0 0.00 M M 9.7 29 240 M M 1 35 220
5 57 26 42 5 23 0 0.05 M M 12.1 37 240 M M 3 52 240
6 60 37 49 11 16 0 T M M 18.7 39 230 M M 1 51 230
7 60 37 49 11 16 0 T M M 18.0 35 240 M M 3 42 240
8 62 31 47 9 18 0 0.00 M M 12.4 25 260 M M 0 33 300
9 60 22 41 3 24 0 0.00 M M 6.8 15 50 M M 0 20 40
10 64 28 46 8 19 0 0.00 M M 16.8 28 270 M M 0 36 260
11 59 20 40 1 25 0 0.03 M M 20.6 36 270 M M 3 1 45 270
12 28 12 20 -19 45 0 T M M 9.7 18 30 M M 10 1 24 30
13 28 8 18 -21 47 0 0.00 M M 8.4 23 350 M M 7 29 350
14 39 8 24 -16 41 0 0.00 M M 17.3 30 280 M M 4 8 40 260
15 45 24 35 -5 30 0 0.07 M M 16.4 28 250 M M 9 1 40 240
16 28 12 20 -20 45 0 0.03 M M 12.2 25 50 M M 7 1 32 50
17 44 10 27 -13 38 0 0.00 M M 14.2 29 230 M M 2 36 230
18 56 29 43 2 22 0 0.00 M M 11.2 23 240 M M 1 29 280
19 52 27 40 -1 25 0 T M M 13.3 33 260 M M 4 47 260
20 59 33 46 5 19 0 0.00 M M 11.6 23 270 M M 1 32 290
21 63 24 44 2 21 0 0.00 M M 7.7 21 280 M M 0 29 250
22 64 33 49 7 16 0 0.00 M M 14.9 30 270 M M 3 38 260
23 56 35 46 4 19 0 0.09 M M 16.1 36 300 M M 7 3 45 290
24 55 32 44 2 21 0 0.13 M M 10.5 25 300 M M 7 1 33 250
25 61 31 46 3 19 0 0.00 M M 12.0 28 270 M M 3 35 270
26 64 44 54 11 11 0 T M M 15.0 31 230 M M 4 3 42 260
27 70 38 54 11 11 0 T M M 17.6 33 300 M M 4 44 230
28 65 33 49 5 16 0 0.00 M M 15.3 26 270 M M 1 35 290
29 72 27 50 6 15 0 0.00 M M 5.3 17 250 M M 0 22 260
30 78 44 61 17 4 0 T M M 12.5 43 300 M M 2 55 220
================================================================================
SM 1612 738 767 0 0.69 M 378.5 M 103
================================================================================
AV 53.7 24.6 12.6 FASTST M M 3 MAX(MPH)
MISC ----> # 43 300 # 55 220
================================================================================
NOTES:
# LAST OF SEVERAL OCCURRENCES
COLUMN 17 PEAK WIND IN M.P.H.
PRELIMINARY LOCAL CLIMATOLOGICAL DATA (WS FORM: F-6) , PAGE 2
STATION: RAWLINS WYOMING AIRPORT
MONTH: APRIL
YEAR: 2020
LATITUDE: 41 47 N
LONGITUDE: 107 12 W
[TEMPERATURE DATA] [PRECIPITATION DATA] SYMBOLS USED IN COLUMN 16
AVERAGE MONTHLY: 39.2 TOTAL FOR MONTH: 0.69 1 = FOG OR MIST
DPTR FM NORMAL: -0.9 DPTR FM NORMAL: -0.36 2 = FOG REDUCING VISIBILITY
HIGHEST: 78 ON 30 GRTST 24HR 0.27 ON 2- 2 TO 1/4 MILE OR LESS
LOWEST: -7 ON 3 3 = THUNDER
SNOW, ICE PELLETS, HAIL 4 = ICE PELLETS
TOTAL MONTH: M 5 = HAIL
GRTST 24HR M ON M 6 = FREEZING RAIN OR DRIZZLE
GRTST DEPTH: M ON M 7 = DUSTSTORM OR SANDSTORM:
VSBY 1/2 MILE OR LESS
8 = SMOKE OR HAZE
[NO. OF DAYS WITH] [WEATHER - DAYS WITH] 9 = BLOWING SNOW
X = TORNADO
MAX 32 OR BELOW: 5 0.01 INCH OR MORE: 8
MAX 90 OR ABOVE: 0 0.10 INCH OR MORE: 2
MIN 32 OR BELOW: 21 0.50 INCH OR MORE: 0
MIN 0 OR BELOW: 2 1.00 INCH OR MORE: 0
[HDD (BASE 65) ]
TOTAL THIS MO. 767 CLEAR (SCALE 0-3) 16
DPTR FM NORMAL 20 PTCLDY (SCALE 4-7) 11
TOTAL FM JUL 1 7627 CLOUDY (SCALE 8-10) 3
DPTR FM NORMAL -92
[CDD (BASE 65) ]
TOTAL THIS MO. 0
DPTR FM NORMAL 0 [PRESSURE DATA]
TOTAL FM JAN 1 0 HIGHEST SLP 30.36 ON 17
DPTR FM NORMAL 0 LOWEST SLP 29.48 ON 11
[REMARKS]
APRIL 12TH...TIED LOW HIGH TEMP 28 DEGREES SET IN 1991.
APRIL 17TH...TIED RECORD LOW 10 DEGREES SET IN 2013.
APRIL 30TH...RECORD HIGH 78 DEGREES (PREVIOUS 76 DEGREES IN 1992).
#FINAL-04-20#