000
CXUS55 KTWC 010855
CF6SAD
PRELIMINARY LOCAL CLIMATOLOGICAL DATA (WS FORM: F-6)
STATION: SAFFORD AZ AIRPORT
MONTH: JANUARY
YEAR: 2022
LATITUDE: 32 50 N
LONGITUDE: 109 38 W
TEMPERATURE IN F: :PCPN: SNOW: WIND :SUNSHINE: SKY :PK WND
================================================================================
1 2 3 4 5 6A 6B 7 8 9 10 11 12 13 14 15 16 17 18
12Z AVG MX 2MIN
DY MAX MIN AVG DEP HDD CDD WTR SNW DPTH SPD SPD DIR MIN PSBL S-S WX SPD DR
================================================================================
1 48 30 39 -7 26 0 0.26 M M 14.9 35 290 M M 7 1 47 290
2 49 23 36 -10 29 0 0.00 M M 9.0 16 130 M M 0 21 140
3 53 31 42 -4 23 0 0.00 M M 9.3 15 120 M M M 20 130
4 56 23 40 -6 25 0 0.00 M M 3.6 10 160 M M M 12 150
5 59 26 43 -3 22 0 0.00 M M 4.2 9 260 M M M 13 300
6 65 29 47 1 18 0 0.00 M M 3.6 9 130 M M M 10 120
7 67 30 49 3 16 0 0.00 M M 4.1 12 120 M M M 16 130
8 67 32 50 4 15 0 0.00 M M 4.1 16 310 M M M 21 310
9 65 30 48 2 17 0 0.00 M M 4.9 15 120 M M M 20 130
10 60 36 48 2 17 0 0.00 M M 9.9 23 170 M M M 31 160
11 57 34 46 0 19 0 0.00 M M 6.9 14 110 M M 0 18 120
12 61 27 44 -3 21 0 0.00 M M 3.7 10 310 M M 0 15 130
13 65 27 46 -1 19 0 0.00 M M 4.5 12 140 M M 0 18 120
14 68 33 51 4 14 0 0.00 M M 7.5 20 310 M M 2 27 300
15 59 31 45 -2 20 0 0.00 M M 7.2 18 110 M M 0 24 120
16 61 34 48 1 17 0 0.00 M M 7.1 15 120 M M 0 20 140
17 62 33 48 1 17 0 0.00 M M 3.6 10 140 M M 0 12 110
18 64 32 48 1 17 0 0.16 M M 5.3 21 290 M M 4 1 28 280
19 58 36 47 0 18 0 0.00 M M 4.3 14 300 M M 6 1 18 260
20 60 34 47 -1 18 0 0.00 M M 3.7 12 150 M M 2 15 120
21 59 36 48 0 17 0 0.00 M M 8.2 15 120 M M 0 19 140
22 58 39 49 1 16 0 0.00 M M 8.1 17 130 M M 5 26 130
23 56 36 46 -2 19 0 0.01 M M 6.7 14 150 M M 3 21 160
24 65 27 46 -2 19 0 0.00 M M 7.8 21 300 M M 0 33 320
25 63 29 46 -2 19 0 0.00 M M 6.0 14 330 M M 0 M M
26 59 29 44 -4 21 0 0.00 M M 3.1 12 320 M M 0 14 310
27 61 24 43 -5 22 0 0.00 M M 5.2 21 20 M M 0 28 40
28 59 31 45 -3 20 0 0.00 M M 10.6 21 140 M M 0 27 140
29 63 37 50 1 15 0 0.00 M M 9.3 16 140 M M 0 22 130
30 64 41 53 4 12 0 0.00 M M 8.0 20 300 M M 8 26 310
31 68 31 50 1 15 0 0.00 M M 7.7 21 310 M M M 26 300
================================================================================
SM 1879 971 583 0 0.43 M 202.1 M 37
================================================================================
AV 60.6 31.3 6.5 FASTST M M 2 MAX(MPH)
MISC ----> 35 290 47 290
================================================================================
NOTES:
# LAST OF SEVERAL OCCURRENCES
COLUMN 17 PEAK WIND IN M.P.H.
PRELIMINARY LOCAL CLIMATOLOGICAL DATA (WS FORM: F-6) , PAGE 2
STATION: SAFFORD AZ AIRPORT
MONTH: JANUARY
YEAR: 2022
LATITUDE: 32 50 N
LONGITUDE: 109 38 W
[TEMPERATURE DATA] [PRECIPITATION DATA] SYMBOLS USED IN COLUMN 16
AVERAGE MONTHLY: 46.0 TOTAL FOR MONTH: 0.43 1 = FOG OR MIST
DPTR FM NORMAL: -1.1 DPTR FM NORMAL: -0.28 2 = FOG REDUCING VISIBILITY
HIGHEST: 68 ON 31,14 GRTST 24HR 0.48 ON 31- 1 TO 1/4 MILE OR LESS
LOWEST: 23 ON 4, 2 3 = THUNDER
SNOW, ICE PELLETS, HAIL 4 = ICE PELLETS
TOTAL MONTH: M 5 = HAIL
GRTST 24HR M ON M 6 = FREEZING RAIN OR DRIZZLE
GRTST DEPTH: M ON M 7 = DUSTSTORM OR SANDSTORM:
VSBY 1/2 MILE OR LESS
8 = SMOKE OR HAZE
[NO. OF DAYS WITH] [WEATHER - DAYS WITH] 9 = BLOWING SNOW
X = TORNADO
MAX 32 OR BELOW: 0 0.01 INCH OR MORE: 3
MAX 90 OR ABOVE: 0 0.10 INCH OR MORE: 2
MIN 32 OR BELOW: 19 0.50 INCH OR MORE: 0
MIN 0 OR BELOW: 0 1.00 INCH OR MORE: 0
[HDD (BASE 65) ]
TOTAL THIS MO. 583 CLEAR (SCALE 0-3) 17
DPTR FM NORMAL 30 PTCLDY (SCALE 4-7) 5
TOTAL FM JUL 1 1353 CLOUDY (SCALE 8-10) 9
DPTR FM NORMAL -108
[CDD (BASE 65) ]
TOTAL THIS MO. 0
DPTR FM NORMAL 0 [PRESSURE DATA]
TOTAL FM JAN 1 0 HIGHEST SLP M ON M
DPTR FM NORMAL 0 LOWEST SLP 29.63 ON 1
[REMARKS]
#FINAL-01-22#