000
CXUS55 KTWC 010855
CF6SAD
PRELIMINARY LOCAL CLIMATOLOGICAL DATA (WS FORM: F-6)
STATION: SAFFORD AZ AIRPORT
MONTH: MAY
YEAR: 2020
LATITUDE: 32 50 N
LONGITUDE: 109 38 W
TEMPERATURE IN F: :PCPN: SNOW: WIND :SUNSHINE: SKY :PK WND
================================================================================
1 2 3 4 5 6A 6B 7 8 9 10 11 12 13 14 15 16 17 18
12Z AVG MX 2MIN
DY MAX MIN AVG DEP HDD CDD WTR SNW DPTH SPD SPD DIR MIN PSBL S-S WX SPD DR
================================================================================
1 100 64 82 13 0 17 0.00 M M 9.2 24 280 M M 0 32 280
2 98 56 77 8 0 12 0.00 M M 9.3 21 290 M M 0 28 290
3 96 60 78 8 0 13 0.00 M M 8.5 24 320 M M 0 32 310
4 96 56 76 6 0 11 0.00 M M 8.9 22 320 M M 0 28 330
5 99 53 76 6 0 11 0.00 M M 5.9 14 180 M M 0 21 110
6 102 61 82 11 0 17 0.00 M M 8.5 17 320 M M 0 22 100
7 102 56 79 8 0 14 0.00 M M 10.4 29 280 M M 0 38 280
8 98 60 79 8 0 14 0.00 M M 8.8 24 310 M M 0 30 280
9 97 67 82 10 0 17 0.00 M M 9.6 20 30 M M 1 26 30
10 92 67 80 8 0 15 T M M 8.5 21 130 M M 2 3 27 60
11 95 59 77 5 0 12 0.00 M M 7.3 25 300 M M 0 32 300
12 92 60 76 3 0 11 0.00 M M 8.6 24 290 M M 0 30 290
13 91 64 78 5 0 13 0.00 M M 9.7 24 310 M M 0 30 300
14 88 59 74 1 0 9 0.00 M M 6.9 22 320 M M 0 26 320
15 91 53 72 -2 0 7 0.00 M M 8.7 22 320 M M 0 27 320
16 95 54 75 1 0 10 0.00 M M 8.2 17 300 M M 0 26 290
17 98 59 79 5 0 14 0.00 M M 6.9 18 290 M M 0 23 290
18 100 58 79 5 0 14 0.00 0.0 0 6.8 15 300 M M M 21 290
19 96 60 78 3 0 13 0.00 0.0 0 10.6 23 310 M M M 30 310
20 86 59 73 -2 0 8 0.00 0.0 0 12.7 22 320 M M M 29 320
21 89 47 68 -7 0 3 0.00 0.0 0 7.8 17 300 M M M 24 300
22 94 49 72 -4 0 7 0.00 0.0 0 7.3 21 270 M M M 26 270
23 93 57 75 -1 0 10 0.00 0.0 0 8.7 24 270 M M M 35 260
24 90 65 78 2 0 13 0.00 0.0 0 11.3 25 290 M M M 35 300
25 92 56 74 -2 0 9 0.00 M M 8.7 22 290 M M 0 27 320
26 96 59 78 1 0 13 0.00 M M 8.7 18 300 M M 0 22 300
27 104 57 81 4 0 16 0.00 0.0 0 9.2 22 290 M M M 28 270
28 106 66 86 9 0 21 0.00 M M 9.1 18 300 M M 0 24 300
29 104 79 92 14 0 27 0.00 M M 11.5 25 330 M M 0 37 130
30 105 72 89 11 0 24 0.00 M M 9.8 22 320 M M 0 27 290
31 103 75 89 11 0 24 0.00 M M 10.0 21 160 M M 0 28 160
================================================================================
SM 2988 1867 0 419 T 0.0 276.1 M 3
================================================================================
AV 96.4 60.2 8.9 FASTST M M 0 MAX(MPH)
MISC ----> 29 280 38 280
================================================================================
NOTES:
# LAST OF SEVERAL OCCURRENCES
COLUMN 17 PEAK WIND IN M.P.H.
PRELIMINARY LOCAL CLIMATOLOGICAL DATA (WS FORM: F-6) , PAGE 2
STATION: SAFFORD AZ AIRPORT
MONTH: MAY
YEAR: 2020
LATITUDE: 32 50 N
LONGITUDE: 109 38 W
[TEMPERATURE DATA] [PRECIPITATION DATA] SYMBOLS USED IN COLUMN 16
AVERAGE MONTHLY: 78.3 TOTAL FOR MONTH: T 1 = FOG OR MIST
DPTR FM NORMAL: 4.5 DPTR FM NORMAL: -0.39 2 = FOG REDUCING VISIBILITY
HIGHEST: 106 ON 28 GRTST 24HR T ON 10-10 TO 1/4 MILE OR LESS
LOWEST: 47 ON 21 3 = THUNDER
SNOW, ICE PELLETS, HAIL 4 = ICE PELLETS
TOTAL MONTH: 0.0 INCH 5 = HAIL
GRTST 24HR 0.0 6 = FREEZING RAIN OR DRIZZLE
GRTST DEPTH: 0 7 = DUSTSTORM OR SANDSTORM:
VSBY 1/2 MILE OR LESS
8 = SMOKE OR HAZE
[NO. OF DAYS WITH] [WEATHER - DAYS WITH] 9 = BLOWING SNOW
X = TORNADO
MAX 32 OR BELOW: 0 0.01 INCH OR MORE: 0
MAX 90 OR ABOVE: 28 0.10 INCH OR MORE: 0
MIN 32 OR BELOW: 0 0.50 INCH OR MORE: 0
MIN 0 OR BELOW: 0 1.00 INCH OR MORE: 0
[HDD (BASE 65) ]
TOTAL THIS MO. 0 CLEAR (SCALE 0-3) 23
DPTR FM NORMAL -8 PTCLDY (SCALE 4-7) 0
TOTAL FM JUL 1 2140 CLOUDY (SCALE 8-10) 8
DPTR FM NORMAL -123
[CDD (BASE 65) ]
TOTAL THIS MO. 419
DPTR FM NORMAL 138 [PRESSURE DATA]
TOTAL FM JAN 1 514 HIGHEST SLP M ON M
DPTR FM NORMAL 157 LOWEST SLP 29.61 ON 23
[REMARKS]
#FINAL-05-20#