000
CXUS56 KLOX 011155
CF6SBA
PRELIMINARY LOCAL CLIMATOLOGICAL DATA (WS FORM: F-6)
STATION: SANTA BARBARA AIRPORT CA
MONTH: MAY
YEAR: 2021
LATITUDE: 34 25 N
LONGITUDE: 119 50 W
TEMPERATURE IN F: :PCPN: SNOW: WIND :SUNSHINE: SKY :PK WND
================================================================================
1 2 3 4 5 6A 6B 7 8 9 10 11 12 13 14 15 16 17 18
12Z AVG MX 2MIN
DY MAX MIN AVG DEP HDD CDD WTR SNW DPTH SPD SPD DIR MIN PSBL S-S WX SPD DR
================================================================================
1 69 51 60 1 5 0 0.00 M M 5.2 22 310 M M 0 1 26 320
2 67 51 59 0 6 0 0.00 M M 10.0 22 10 M M 0 8 27 10
3 70 49 60 1 5 0 0.00 M M 6.0 10 160 M M 0 18 M M
4 68 54 61 1 4 0 0.00 M M 6.5 13 260 M M 2 18 M M
5 64 53 59 -1 6 0 0.00 M M 6.4 12 250 M M 8 18 15 130
6 63 53 58 -2 7 0 0.00 M M 5.4 14 250 M M 10 18 21 220
7 66 51 59 -1 6 0 0.00 M M 5.6 13 240 M M 6 18 15 250
8 68 49 59 -1 6 0 0.00 M M 5.2 14 250 M M 1 18 18 240
9 67 49 58 -2 7 0 0.00 M M 6.0 16 250 M M 5 8 20 250
10 66 55 61 1 4 0 0.03 M M 5.2 13 260 M M 9 18 15 270
11 67 54 61 1 4 0 0.00 M M 6.1 15 270 M M 7 18 18 260
12 64 56 60 0 5 0 0.00 M M 5.4 13 240 M M 10 1 M M
13 62 55 59 -1 6 0 T M M 5.6 10 260 M M 10 1 M M
14 63 55 59 -1 6 0 0.00 M M 6.4 12 270 M M 10 18 M M
15 69 53 61 1 4 0 0.00 M M 6.8 15 260 M M 6 21 260
16 66 52 59 -1 6 0 0.00 M M 4.7 12 250 M M 8 M M
17 66 48 57 -3 8 0 0.00 M M 5.0 17 250 M M 4 23 250
18 69 47 58 -2 7 0 0.00 M M 5.6 9 130 M M 1 M M
19 78 50 64 4 1 0 T M M 7.5 18 310 M M 0 32 320
20 79 50 65 5 0 0 0.00 M M 10.7 21 340 M M 0 33 270
21 71 50 61 0 4 0 0.00 M M 11.8 25 250 M M 0 37 260
22 68 42 55 -6 10 0 0.00 M M 6.4 13 140 M M 0 8 M M
23 71 45 58 -3 7 0 0.00 M M 4.5 13 150 M M 0 8 16 140
24 77 45 61 0 4 0 0.00 M M 4.6 12 150 M M 0 1 15 260
25 75 52 64 3 1 0 0.00 M M 6.4 10 160 M M 1 1 M M
26 69 54 62 1 3 0 0.00 M M 5.6 12 150 M M 0 M M
27 66 52 59 -2 6 0 0.00 M M 7.0 13 230 M M 5 17 230
28 64 48 56 -5 9 0 0.00 M M 6.4 14 140 M M 1 17 80
29 68 51 60 -1 5 0 0.00 M M 5.8 16 60 M M 4 128 18 50
30 67 50 59 -2 6 0 0.00 M M 4.9 12 210 M M 1 18 15 220
31 69 54 62 1 3 0 0.00 M M 6.7 13 260 M M 7 1 17 230
================================================================================
SM 2116 1578 161 0 0.03 M 195.5 M 116
================================================================================
AV 68.3 50.9 6.3 FASTST M M 4 MAX(MPH)
MISC ----> 25 250 37 260
================================================================================
NOTES:
# LAST OF SEVERAL OCCURRENCES
COLUMN 17 PEAK WIND IN M.P.H.
PRELIMINARY LOCAL CLIMATOLOGICAL DATA (WS FORM: F-6) , PAGE 2
STATION: SANTA BARBARA AIRPORT CA
MONTH: MAY
YEAR: 2021
LATITUDE: 34 25 N
LONGITUDE: 119 50 W
[TEMPERATURE DATA] [PRECIPITATION DATA] SYMBOLS USED IN COLUMN 16
AVERAGE MONTHLY: 59.6 TOTAL FOR MONTH: 0.03 1 = FOG OR MIST
DPTR FM NORMAL: -0.7 DPTR FM NORMAL: -0.39 2 = FOG REDUCING VISIBILITY
HIGHEST: 79 ON 20 GRTST 24HR 0.03 ON 10-10 TO 1/4 MILE OR LESS
LOWEST: 42 ON 22 3 = THUNDER
SNOW, ICE PELLETS, HAIL 4 = ICE PELLETS
TOTAL MONTH: M 5 = HAIL
GRTST 24HR M ON M 6 = FREEZING RAIN OR DRIZZLE
GRTST DEPTH: M ON M 7 = DUSTSTORM OR SANDSTORM:
VSBY 1/2 MILE OR LESS
8 = SMOKE OR HAZE
[NO. OF DAYS WITH] [WEATHER - DAYS WITH] 9 = BLOWING SNOW
X = TORNADO
MAX 32 OR BELOW: 0 0.01 INCH OR MORE: 1
MAX 90 OR ABOVE: 0 0.10 INCH OR MORE: 0
MIN 32 OR BELOW: 0 0.50 INCH OR MORE: 0
MIN 0 OR BELOW: 0 1.00 INCH OR MORE: 0
[HDD (BASE 65) ]
TOTAL THIS MO. 161 CLEAR (SCALE 0-3) 16
DPTR FM NORMAL 4 PTCLDY (SCALE 4-7) 10
TOTAL FM JUL 1 2033 CLOUDY (SCALE 8-10) 5
DPTR FM NORMAL -167
[CDD (BASE 65) ]
TOTAL THIS MO. 0
DPTR FM NORMAL -10 [PRESSURE DATA]
TOTAL FM JAN 1 5 HIGHEST SLP 30.13 ON 23
DPTR FM NORMAL -13 LOWEST SLP 29.77 ON 2
[REMARKS]
#FINAL-05-21#