000
CXUS53 KLMK 011623
CF6SDF
PRELIMINARY LOCAL CLIMATOLOGICAL DATA (WS FORM: F-6)
STATION: LOUISVILLE KY
MONTH: NOVEMBER
YEAR: 2021
LATITUDE: 38 10 N
LONGITUDE: 85 44 W
TEMPERATURE IN F: :PCPN: SNOW: WIND :SUNSHINE: SKY :PK WND
================================================================================
1 2 3 4 5 6A 6B 7 8 9 10 11 12 13 14 15 16 17 18
12Z AVG MX 2MIN
DY MAX MIN AVG DEP HDD CDD WTR SNW DPTH SPD SPD DIR MIN PSBL S-S WX SPD DR
================================================================================
1 58 42 50 -4 15 0 0.00 0.0 0 5.9 13 330 M M 6 16 300
2 53 39 46 -8 19 0 T 0.0 0 6.8 14 340 M M 6 19 320
3 51 34 43 -10 22 0 0.00 0.0 0 2.1 10 30 M M 6 14 20
4 55 32 44 -9 21 0 0.00 0.0 0 3.2 14 350 M M 2 19 340
5 57 33 45 -7 20 0 0.00 0.0 0 4.1 12 90 M M 1 16 130
6 61 32 47 -5 18 0 0.00 0.0 0 1.5 6 140 M M 0 7 160
7 66 34 50 -2 15 0 0.00 0.0 0 1.7 6 130 M M 2 1 8 140
8 73 39 56 5 9 0 0.00 0.0 0 4.2 13 220 M M 1 17 210
9 69 43 56 5 9 0 0.00 0.0 0 5.5 14 230 M M 6 21 240
10 72 51 62 12 3 0 0.00 0.0 0 5.2 15 160 M M 7 19 130
11 66 46 56 6 9 0 0.41 0.0 0 9.8 25 190 M M 8 1 37 170
12 55 39 47 -3 18 0 0.11 0.0 0 11.9 29 240 M M 5 1 41 240
13 42 37 40 -9 25 0 0.00 0.0 0 9.0 16 270 M M 10 20 280
14 49 36 43 -6 22 0 0.05 0.0 0 12.2 29 300 M M 9 42 300
15 47 32 40 -8 25 0 0.00 0.0 0 6.7 15 310 M M 8 23 320
16 69 36 53 5 12 0 0.00 0.0 0 5.2 13 180 M M 6 17 190
17 72 61 67 19 0 2 0.00 0.0 0 13.8 23 200 M M 8 35 200
18 67 36 52 4 13 0 0.38 0.0 0 12.4 23 320 M M 7 1 30 330
19 44 29 37 -10 28 0 0.00 0.0 0 6.6 13 330 M M 3 16 320
20 59 32 46 -1 19 0 0.04 0.0 0 6.8 18 220 M M 8 26 240
21 50 44 47 1 18 0 0.31 0.0 0 6.0 14 150 M M 10 1 17 150
22 46 28 37 -9 28 0 0.00 0.0 0 8.0 16 330 M M 4 1 20 330
23 46 26 36 -10 29 0 0.00 0.0 0 3.5 9 140 M M 3 14 140
24 59 31 45 0 20 0 0.00 0.0 0 10.9 18 170 M M 6 26 180
25 56 36 46 1 19 0 0.33 0.0 0 12.7 23 200 M M 10 1 34 210
26 39 26 33 -12 32 0 0.00 0.0 0 7.2 20 310 M M 6 28 320
27 54 30 42 -2 23 0 0.00 0.0 0 8.2 17 260 M M 7 23 250
28 51 34 43 -1 22 0 0.00 0.0 0 9.9 20 330 M M 2 28 320
29 49 27 38 -6 27 0 0.00 0.0 0 6.4 14 200 M M 6 21 210
30 59 40 50 6 15 0 0.00 0.0 0 6.6 15 240 M M 4 22 220
================================================================================
SM 1694 1085 555 2 1.63 0.0 214.0 M 167
================================================================================
AV 56.5 36.2 7.1 FASTST M M 6 MAX(MPH)
MISC ----> # 29 240 42 300
================================================================================
NOTES:
# LAST OF SEVERAL OCCURRENCES
COLUMN 17 PEAK WIND IN M.P.H.
PRELIMINARY LOCAL CLIMATOLOGICAL DATA (WS FORM: F-6) , PAGE 2
STATION: LOUISVILLE KY
MONTH: NOVEMBER
YEAR: 2021
LATITUDE: 38 10 N
LONGITUDE: 85 44 W
[TEMPERATURE DATA] [PRECIPITATION DATA] SYMBOLS USED IN COLUMN 16
AVERAGE MONTHLY: 46.3 TOTAL FOR MONTH: 1.63 1 = FOG OR MIST
DPTR FM NORMAL: -2.2 DPTR FM NORMAL: -1.79 2 = FOG REDUCING VISIBILITY
HIGHEST: 73 ON 8 GRTST 24HR 0.41 ON 11-11 TO 1/4 MILE OR LESS
LOWEST: 26 ON 26,23 3 = THUNDER
SNOW, ICE PELLETS, HAIL 4 = ICE PELLETS
TOTAL MONTH: 0.0 INCH 5 = HAIL
GRTST 24HR 0.0 6 = FREEZING RAIN OR DRIZZLE
GRTST DEPTH: 0 7 = DUSTSTORM OR SANDSTORM:
VSBY 1/2 MILE OR LESS
8 = SMOKE OR HAZE
[NO. OF DAYS WITH] [WEATHER - DAYS WITH] 9 = BLOWING SNOW
X = TORNADO
MAX 32 OR BELOW: 0 0.01 INCH OR MORE: 7
MAX 90 OR ABOVE: 0 0.10 INCH OR MORE: 5
MIN 32 OR BELOW: 11 0.50 INCH OR MORE: 0
MIN 0 OR BELOW: 0 1.00 INCH OR MORE: 0
[HDD (BASE 65) ]
TOTAL THIS MO. 555 CLEAR (SCALE 0-3) 7
DPTR FM NORMAL 56 PTCLDY (SCALE 4-7) 17
TOTAL FM JUL 1 672 CLOUDY (SCALE 8-10) 6
DPTR FM NORMAL -48
[CDD (BASE 65) ]
TOTAL THIS MO. 2
DPTR FM NORMAL -2 [PRESSURE DATA]
TOTAL FM JAN 1 1920 HIGHEST SLP 30.60 ON 19
DPTR FM NORMAL 177 LOWEST SLP 29.76 ON 11
[REMARKS]
#FINAL-11-21#