000
CXUS54 KFWD 161605
CF6SEP
PRELIMINARY LOCAL CLIMATOLOGICAL DATA (WS FORM: F-6)
STATION: STEPHENVILLE
MONTH: JANUARY
YEAR: 2024
LATITUDE: 32 13 N
LONGITUDE: 98 11 W
TEMPERATURE IN F: :PCPN: SNOW: WIND :SUNSHINE: SKY :PK WND
================================================================================
1 2 3 4 5 6A 6B 7 8 9 10 11 12 13 14 15 16 17 18
12Z AVG MX 2MIN
DY MAX MIN AVG DEP HDD CDD WTR SNW DPTH SPD SPD DIR MIN PSBL S-S WX SPD DR
================================================================================
1 44 30 37 -6 28 0 0.00 M M 7.3 13 360 M M 3 20 350
2 46 30 38 -5 27 0 0.63 M M 2.6 10 80 M M 6 M M
3 50 39 45 2 20 0 0.00 M M 1.7 6 350 M M 9 M M
4 53 34 44 1 21 0 0.14 M M 5.9 16 260 M M 10 21 130
5 60 41 51 8 14 0 0.05 M M 6.1 15 290 M M 4 23 290
6 53 32 43 0 22 0 0.00 M M 3.7 10 280 M M 2 M M
7 60 29 45 2 20 0 0.00 M M 8.1 18 170 M M 1 28 170
8 57 38 48 5 17 0 0.32 M M 19.8 35 280 M M 7 47 280
9 51 32 42 -1 23 0 0.00 M M 11.2 23 320 M M 0 31 310
10 68 31 50 7 15 0 0.00 M M 6.2 18 220 M M 0 26 220
11 76 38 57 14 8 0 0.00 M M 5.4 16 200 M M 0 23 200
12 59 28 44 1 21 0 0.00 M M 11.3 25 300 M M 1 37 310
13 64 20 42 -1 23 0 0.00 M M 9.4 21 360 M M 0 28 350
14 20 12 16 -27 49 0 0.00 M M 11.4 16 350 M M 8 22 350
15 27 10 19 -25 46 0 0.00 M M 11.2 18 360 M M 6 28 360
16 28 13 21 -23 44 0 0.00 M M 9.1 18 340 M M 0 25 330
17 48 14 31 -13 34 0 0.00 M M 9.4 18 170 M M 0 26 180
18 68 38 53 9 12 0 0.00 M M 9.0 14 210 M M 0 24 210
19 42 24 33 -11 32 0 0.00 M M 14.1 22 360 M M 0 30 360
20 39 18 29 -15 36 0 0.00 M M 6.4 9 140 M M 2 M M
21 42 32 37 -7 28 0 0.03 M M 9.2 17 140 M M 10 25 140
22 43 33 38 -6 27 0 0.09 M M 3.6 10 150 M M 10 M M
23 49 42 46 2 19 0 0.03 M M 3.2 8 340 M M 10 M M
24 50 44 47 3 18 0 0.00 M M 4.0 8 360 M M 10 M M
25 57 45 51 7 14 0 0.00 M M 3.3 7 110 M M 8 M M
26 54 46 50 6 15 0 0.18 M M 6.3 10 60 M M 10 M M
27 57 42 50 6 15 0 0.00 M M 10.7 16 320 M M 6 24 330
28 65 34 50 6 15 0 0.00 M M 3.4 9 260 M M 0 M M
29 72 41 57 12 8 0 0.00 M M 3.7 12 260 M M 0 20 250
30 74 44 59 14 6 0 0.00 M M 3.2 9 260 M M 0 M M
31 74 42 58 13 7 0 0.00 M M 2.7 9 150 M M 0 M M
================================================================================
SM 1650 996 684 0 1.47 M 222.7 M 123
================================================================================
AV 53.2 32.1 7.2 FASTST M M 4 MAX(MPH)
MISC ----> 35 280 47 280
================================================================================
NOTES:
# LAST OF SEVERAL OCCURRENCES
COLUMN 17 PEAK WIND IN M.P.H.
PRELIMINARY LOCAL CLIMATOLOGICAL DATA (WS FORM: F-6) , PAGE 2
STATION: STEPHENVILLE
MONTH: JANUARY
YEAR: 2024
LATITUDE: 32 13 N
LONGITUDE: 98 11 W
[TEMPERATURE DATA] [PRECIPITATION DATA] SYMBOLS USED IN COLUMN 16
AVERAGE MONTHLY: 42.7 TOTAL FOR MONTH: 1.47 1 = FOG OR MIST
DPTR FM NORMAL: -1.0 DPTR FM NORMAL: 0.02 2 = FOG REDUCING VISIBILITY
HIGHEST: 76 ON 11 GRTST 24HR 0.63 ON 2- 2 TO 1/4 MILE OR LESS
LOWEST: 10 ON 15 3 = THUNDER
SNOW, ICE PELLETS, HAIL 4 = ICE PELLETS
TOTAL MONTH: M 5 = HAIL
GRTST 24HR M ON M 6 = FREEZING RAIN OR DRIZZLE
GRTST DEPTH: M ON M 7 = DUSTSTORM OR SANDSTORM:
VSBY 1/2 MILE OR LESS
8 = SMOKE OR HAZE
[NO. OF DAYS WITH] [WEATHER - DAYS WITH] 9 = BLOWING SNOW
X = TORNADO
MAX 32 OR BELOW: 3 0.01 INCH OR MORE: 8
MAX 90 OR ABOVE: 0 0.10 INCH OR MORE: 4
MIN 32 OR BELOW: 15 0.50 INCH OR MORE: 1
MIN 0 OR BELOW: 0 1.00 INCH OR MORE: 0
[HDD (BASE 65) ]
TOTAL THIS MO. 684 CLEAR (SCALE 0-3) 17
DPTR FM NORMAL 23 PTCLDY (SCALE 4-7) 7
TOTAL FM JUL 1 1457 CLOUDY (SCALE 8-10) 7
DPTR FM NORMAL -290
[CDD (BASE 65) ]
TOTAL THIS MO. 0
DPTR FM NORMAL -1 [PRESSURE DATA]
TOTAL FM JAN 1 0 HIGHEST SLP M ON M
DPTR FM NORMAL -1 LOWEST SLP M ON M
[REMARKS]
#FINAL-01-24#