000
CXUS55 KSEW 020259 CCA
CF6SEW
PRELIMINARY LOCAL CLIMATOLOGICAL DATA (WS FORM: F-6)
STATION: SEATTLE WA WFO
MONTH: FEBRUARY
YEAR: 2020
LATITUDE: 47 41 N
LONGITUDE: 122 15 W
TEMPERATURE IN F: :PCPN: SNOW: WIND :SUNSHINE: SKY :PK WND
================================================================================
1 2 3 4 5 6A 6B 7 8 9 10 11 12 13 14 15 16 17 18
12Z AVG MX 2MIN
DY MAX MIN AVG DEP HDD CDD WTR SNW DPTH SPD SPD DIR MIN PSBL S-S WX SPD DR
================================================================================
1 54 37 46 3 19 0 0.54 0.0 0 M M M M M M 1 M M
2 45 35 40 -3 25 0 0.12 0.0 0 M M M M M M M M
3 44 32 38 -5 27 0 0.06 T 0 M M M M M M M M
4 41 31 36 -7 29 0 0.29 T 0 M M M M M M 1 M M
5 48 41 45 2 20 0 2.04 0.0 0 M M M M M M 1 M M
6 47 44 46 3 19 0 0.80 0.0 0 M M M M M M 1 M M
7 54 43 49 6 16 0 0.26 0.0 0 M M M M M M M M
8 47 38 43 0 22 0 0.15 0.0 0 M M M M M M M M
9 47 34 41 -2 24 0 0.00 0.0 0 M M M M M M M M
10 51 36 44 1 21 0 0.00 0.0 0 M M M M M M M M
11 46 35 41 -2 24 0 0.01 0.0 0 M M M M M M M M
12 50 42 46 3 19 0 T 0.0 0 M M M M M M M M
13 46 40 43 0 22 0 0.15 0.0 0 M M M M M M M M
14 50 42 46 3 19 0 0.08 0.0 0 M M M M M M M M
15 48 42 45 2 20 0 0.19 0.0 0 M M M M M M M M
16 48 39 44 1 21 0 0.07 0.0 0 M M M M M M M M
17 47 36 42 -1 23 0 T 0.0 0 M M M M M M M M
18 48 32 40 -4 25 0 0.00 0.0 0 M M M M M M M M
19 58 33 46 2 19 0 0.00 0.0 0 M M M M M M M M
20 58 32 45 1 20 0 0.00 0.0 0 M M M M M M M M
21 56 32 44 0 21 0 0.00 0.0 0 M M M M M M M M
22 49 42 46 2 19 0 0.01 0.0 0 M M M M M M M M
23 51 41 46 2 19 0 0.15 0.0 0 M M M M M M M M
24 49 40 45 1 20 0 0.01 0.0 0 M M M M M M M M
25 50 35 43 -1 22 0 T 0.0 0 M M M M M M M M
26 54 41 48 4 17 0 T 0.0 0 M M M M M M M M
27 57 41 49 5 16 0 0.00 0.0 0 M M M M M M M M
28 51 36 44 0 21 0 0.08 0.0 0 M M M M M M 1 M M
29 50 35 43 -1 22 0 T 0.0 0 M M M M M M M M
================================================================================
SM 1444 1087 611 0 5.01 T M M M
================================================================================
AV 49.8 37.5 M FASTST M M 0 MAX(MPH)
MISC ----> M M M M
================================================================================
NOTES:
# LAST OF SEVERAL OCCURRENCES
COLUMN 17 PEAK WIND IN M.P.H.
PRELIMINARY LOCAL CLIMATOLOGICAL DATA (WS FORM: F-6) , PAGE 2
STATION: SEATTLE WA WFO
MONTH: FEBRUARY
YEAR: 2020
LATITUDE: 47 41 N
LONGITUDE: 122 15 W
[TEMPERATURE DATA] [PRECIPITATION DATA] SYMBOLS USED IN COLUMN 16
AVERAGE MONTHLY: 43.6 TOTAL FOR MONTH: 5.01 1 = FOG OR MIST
DPTR FM NORMAL: 0.2 DPTR FM NORMAL: 1.59 2 = FOG REDUCING VISIBILITY
HIGHEST: 58 ON 20,19 GRTST 24HR 2.04 ON 5- 5 TO 1/4 MILE OR LESS
LOWEST: 31 ON 4 3 = THUNDER
SNOW, ICE PELLETS, HAIL 4 = ICE PELLETS
TOTAL MONTH: T 5 = HAIL
GRTST 24HR T ON 4- 4 6 = FREEZING RAIN OR DRIZZLE
GRTST DEPTH: 0 7 = DUSTSTORM OR SANDSTORM:
VSBY 1/2 MILE OR LESS
8 = SMOKE OR HAZE
[NO. OF DAYS WITH] [WEATHER - DAYS WITH] 9 = BLOWING SNOW
X = TORNADO
MAX 32 OR BELOW: 0 0.01 INCH OR MORE: 17
MAX 90 OR ABOVE: 0 0.10 INCH OR MORE: 10
MIN 32 OR BELOW: 5 0.50 INCH OR MORE: 3
MIN 0 OR BELOW: 0 1.00 INCH OR MORE: 1
[HDD (BASE 65) ]
TOTAL THIS MO. 611 CLEAR (SCALE 0-3) 0
DPTR FM NORMAL 8 PTCLDY (SCALE 4-7) 0
TOTAL FM JUL 1 2993 CLOUDY (SCALE 8-10) 0
DPTR FM NORMAL -194
[CDD (BASE 65) ]
TOTAL THIS MO. 0
DPTR FM NORMAL 0 [PRESSURE DATA]
TOTAL FM JAN 1 0 HIGHEST SLP M ON M
DPTR FM NORMAL 0 LOWEST SLP M ON M
[REMARKS]
CORRECTED 0
#FINAL-02-20#