000
CXUS52 KMLB 010624
CF6SFB
PRELIMINARY LOCAL CLIMATOLOGICAL DATA (WS FORM: F-6)
STATION: SANFORD
MONTH: JUNE
YEAR: 2022
LATITUDE: 28 46 N
LONGITUDE: 81 15 W
TEMPERATURE IN F: :PCPN: SNOW: WIND :SUNSHINE: SKY :PK WND
================================================================================
1 2 3 4 5 6A 6B 7 8 9 10 11 12 13 14 15 16 17 18
12Z AVG MX 2MIN
DY MAX MIN AVG DEP HDD CDD WTR SNW DPTH SPD SPD DIR MIN PSBL S-S WX SPD DR
================================================================================
1 87 71 79 -1 0 14 0.07 0.0 0 9.2 22 100 M M 2 28 70
2 90 71 81 1 0 16 0.00 0.0 0 7.5 17 120 M M 1 21 120
3 88 71 80 -1 0 15 0.00 0.0 0 7.3 15 150 M M 1 19 150
4 81 73 77 -4 0 12 0.22 0.0 0 9.9 20 80 M M 8 18 24 100
5 90 70 80 -1 0 15 0.01 0.0 0 7.1 18 30 M M 2 3 25 30
6 92 71 82 1 0 17 1.21 0.0 0 5.2 30 90 M M 3 123 39 40
7 94 69 82 1 0 17 0.00 0.0 0 5.6 16 50 M M 0 13 20 50
8 95 73 84 3 0 19 1.13 0.0 0 4.2 25 40 M M 1 13 32 30
9 92 73 83 2 0 18 0.00 0.0 0 9.4 18 220 M M 1 3 23 220
10 91 74 83 2 0 18 0.08 0.0 0 8.2 26 280 M M 2 13 34 290
11 91 74 83 1 0 18 T 0.0 0 8.9 18 180 M M 3 38 23 180
12 94 73 84 2 0 19 T 0.0 0 8.1 20 260 M M 2 3 24 250
13 94 76 85 3 0 20 0.00 0.0 0 5.4 17 170 M M 3 3 20 170
14 95 76 86 4 0 21 0.00 0.0 0 4.5 16 130 M M 3 20 100
15 97 76 87 5 0 22 0.01 0.0 0 4.5 18 120 M M 1 3 23 100
16 96 76 86 4 0 21 0.00 0.0 0 6.9 17 60 M M 0 22 50
17 94 74 84 2 0 19 0.00 0.0 0 6.2 16 100 M M 1 18 100
18 95 74 85 3 0 20 T 0.0 0 7.0 29 280 M M 0 38 35 290
19 95 72 84 2 0 19 1.00 0.0 0 5.6 28 330 M M 2 138 36 330
20 90 73 82 0 0 17 0.00 0.0 0 9.3 22 80 M M 3 3 27 80
21 88 72 80 -2 0 15 0.00 0.0 0 7.2 20 60 M M 0 23 50
22 90 72 81 -1 0 16 0.00 0.0 0 6.0 14 140 M M 4 17 150
23 97 73 85 3 0 20 T 0.0 0 8.2 29 290 M M 0 35 280
24 97 74 86 3 0 21 0.33 0.0 0 8.3 23 10 M M 2 13 27 10
25 88 73 81 -2 0 16 0.04 0.0 0 7.4 20 60 M M 4 3 23 60
26 89 74 82 -1 0 17 0.00 0.0 0 9.9 20 50 M M 4 25 70
27 91 73 82 -1 0 17 0.00 0.0 0 5.8 20 50 M M 1 3 23 60
28 93 75 84 1 0 19 0.02 0.0 0 6.0 23 60 M M 1 13 27 60
29 93 74 84 1 0 19 0.00 0.0 0 6.2 18 60 M M 1 24 40
30 92 75 84 1 0 19 0.08 0.0 0 4.7 15 90 M M 4 13 19 60
================================================================================
SM 2759 2195 0 536 4.20 0.0 209.7 M 60
================================================================================
AV 92.0 73.2 7.0 FASTST M M 2 MAX(MPH)
MISC ----> 30 90 39 40
================================================================================
NOTES:
# LAST OF SEVERAL OCCURRENCES
COLUMN 17 PEAK WIND IN M.P.H.
PRELIMINARY LOCAL CLIMATOLOGICAL DATA (WS FORM: F-6) , PAGE 2
STATION: SANFORD
MONTH: JUNE
YEAR: 2022
LATITUDE: 28 46 N
LONGITUDE: 81 15 W
[TEMPERATURE DATA] [PRECIPITATION DATA] SYMBOLS USED IN COLUMN 16
AVERAGE MONTHLY: 82.6 TOTAL FOR MONTH: 4.20 1 = FOG OR MIST
DPTR FM NORMAL: 0.7 DPTR FM NORMAL: -3.99 2 = FOG REDUCING VISIBILITY
HIGHEST: 97 ON 24,23 GRTST 24HR 1.21 ON 6- 6 TO 1/4 MILE OR LESS
LOWEST: 69 ON 7 3 = THUNDER
SNOW, ICE PELLETS, HAIL 4 = ICE PELLETS
TOTAL MONTH: 0.0 INCH 5 = HAIL
GRTST 24HR 0.0 6 = FREEZING RAIN OR DRIZZLE
GRTST DEPTH: 0 7 = DUSTSTORM OR SANDSTORM:
VSBY 1/2 MILE OR LESS
8 = SMOKE OR HAZE
[NO. OF DAYS WITH] [WEATHER - DAYS WITH] 9 = BLOWING SNOW
X = TORNADO
MAX 32 OR BELOW: 0 0.01 INCH OR MORE: 12
MAX 90 OR ABOVE: 24 0.10 INCH OR MORE: 5
MIN 32 OR BELOW: 0 0.50 INCH OR MORE: 3
MIN 0 OR BELOW: 0 1.00 INCH OR MORE: 3
[HDD (BASE 65) ]
TOTAL THIS MO. 0 CLEAR (SCALE 0-3) 25
DPTR FM NORMAL 0 PTCLDY (SCALE 4-7) 5
TOTAL FM JUL 1 336 CLOUDY (SCALE 8-10) 0
DPTR FM NORMAL -221
[CDD (BASE 65) ]
TOTAL THIS MO. 536
DPTR FM NORMAL 30 [PRESSURE DATA]
TOTAL FM JAN 1 1541 HIGHEST SLP M ON M
DPTR FM NORMAL 177 LOWEST SLP 29.68 ON 4
[REMARKS]
#FINAL-06-22#