000
CXUS56 KOTX 010910
CF6SFF
PRELIMINARY LOCAL CLIMATOLOGICAL DATA (WS FORM: F-6)
STATION: SPOKANE WA FELTS AIRPORT
MONTH: JULY
YEAR: 2021
LATITUDE: 47 40 N
LONGITUDE: 117 20 W
TEMPERATURE IN F: :PCPN: SNOW: WIND :SUNSHINE: SKY :PK WND
================================================================================
1 2 3 4 5 6A 6B 7 8 9 10 11 12 13 14 15 16 17 18
12Z AVG MX 2MIN
DY MAX MIN AVG DEP HDD CDD WTR SNW DPTH SPD SPD DIR MIN PSBL S-S WX SPD DR
================================================================================
1 99 76 88 21 0 23 0.00 M M 6.5 17 220 M M 0 3 22 210
2 94 67 81 13 0 16 0.00 M M 5.3 16 210 M M 0 20 220
3 97 64 81 13 0 16 0.00 M M 5.1 15 180 M M 0 19 180
4 95 66 81 13 0 16 0.00 M M 6.4 17 230 M M 0 21 220
5 95 64 80 11 0 15 0.00 M M 5.4 15 220 M M 0 23 180
6 98 62 80 11 0 15 0.00 M M 3.9 16 210 M M 0 22 200
7 94 63 79 9 0 14 T M M 5.5 22 240 M M 1 31 260
8 91 58 75 5 0 10 0.00 M M 2.4 13 210 M M 0 16 260
9 94 62 78 8 0 13 0.00 M M 3.9 13 220 M M 0 16 210
10 98 58 78 8 0 13 0.00 M M 3.5 16 230 M M 0 8 22 240
11 97 62 80 9 0 15 0.00 M M 5.4 14 220 M M 0 18 220
12 98 59 79 8 0 14 0.00 M M 2.9 10 290 M M 0 16 330
13 99 61 80 9 0 15 0.00 M M 2.2 10 240 M M 0 8 14 300
14 100 65 83 11 0 18 0.00 M M 4.4 20 220 M M 0 8 24 210
15 92 63 78 6 0 13 0.00 M M 7.3 18 220 M M 0 24 220
16 88 64 76 4 0 11 0.00 M M 7.4 18 190 M M 0 24 230
17 88 61 75 3 0 10 0.00 M M 4.0 13 200 M M 0 18 190
18 95 58 77 4 0 12 0.00 M M 1.8 10 230 M M 0 13 290
19 90 61 76 3 0 11 0.00 M M 1.3 7 280 M M 0 10 70
20 91 64 78 5 0 13 T M M 5.4 16 220 M M 1 22 200
21 83 58 71 -2 0 6 0.07 M M 5.8 18 210 M M 3 13 24 220
22 82 55 69 -4 0 4 0.00 M M 5.0 13 230 M M 2 8 18 220
23 88 51 70 -3 0 5 0.00 M M 5.9 17 210 M M 2 8 22 210
24 94 56 75 1 0 10 0.00 M M 2.8 12 290 M M 0 8 15 290
25 98 59 79 5 0 14 0.00 M M 4.5 13 210 M M 0 20 99
26 95 60 78 4 0 13 0.00 M M 4.6 17 200 M M 0 21 180
27 87 63 75 1 0 10 0.01 M M 3.7 13 250 M M 2 17 240
28 93 66 80 6 0 15 0.00 M M 2.7 15 230 M M 0 19 250
29 99 61 80 6 0 15 0.00 M M 3.3 15 220 M M 0 23 220
30 104 62 83 9 0 18 0.00 M M 2.7 9 340 M M 0 8 13 260
31 106 64 85 11 0 20 0.00 M M 4.8 30 220 M M 2 8 40 210
================================================================================
SM 2922 1913 0 413 0.08 M 135.8 M 13
================================================================================
AV 94.3 61.7 4.4 FASTST M M 0 MAX(MPH)
MISC ----> 30 220 40 210
================================================================================
NOTES:
# LAST OF SEVERAL OCCURRENCES
COLUMN 17 PEAK WIND IN M.P.H.
PRELIMINARY LOCAL CLIMATOLOGICAL DATA (WS FORM: F-6) , PAGE 2
STATION: SPOKANE WA FELTS AIRPORT
MONTH: JULY
YEAR: 2021
LATITUDE: 47 40 N
LONGITUDE: 117 20 W
[TEMPERATURE DATA] [PRECIPITATION DATA] SYMBOLS USED IN COLUMN 16
AVERAGE MONTHLY: 78.0 TOTAL FOR MONTH: 0.08 1 = FOG OR MIST
DPTR FM NORMAL: 6.5 DPTR FM NORMAL: -0.59 2 = FOG REDUCING VISIBILITY
HIGHEST: 106 ON 31 GRTST 24HR 0.07 ON 21-21 TO 1/4 MILE OR LESS
LOWEST: 51 ON 23 3 = THUNDER
SNOW, ICE PELLETS, HAIL 4 = ICE PELLETS
TOTAL MONTH: M 5 = HAIL
GRTST 24HR M ON M 6 = FREEZING RAIN OR DRIZZLE
GRTST DEPTH: M ON M 7 = DUSTSTORM OR SANDSTORM:
VSBY 1/2 MILE OR LESS
8 = SMOKE OR HAZE
[NO. OF DAYS WITH] [WEATHER - DAYS WITH] 9 = BLOWING SNOW
X = TORNADO
MAX 32 OR BELOW: 0 0.01 INCH OR MORE: 2
MAX 90 OR ABOVE: 25 0.10 INCH OR MORE: 0
MIN 32 OR BELOW: 0 0.50 INCH OR MORE: 0
MIN 0 OR BELOW: 0 1.00 INCH OR MORE: 0
[HDD (BASE 65) ]
TOTAL THIS MO. 0 CLEAR (SCALE 0-3) 30
DPTR FM NORMAL -15 PTCLDY (SCALE 4-7) 1
TOTAL FM JUL 1 0 CLOUDY (SCALE 8-10) 0
DPTR FM NORMAL -12
[CDD (BASE 65) ]
TOTAL THIS MO. 413
DPTR FM NORMAL 195 [PRESSURE DATA]
TOTAL FM JAN 1 681 HIGHEST SLP M ON M
DPTR FM NORMAL 396 LOWEST SLP 29.68 ON 1
[REMARKS]
#FINAL-07-21#