000
CXUS54 KHGX 020714
CF6SGR
PRELIMINARY LOCAL CLIMATOLOGICAL DATA (WS FORM: F-6)
STATION: SUGAR LAND/HULL FLD
MONTH: MAY
YEAR: 2022
LATITUDE: 29 37 N
LONGITUDE: 95 39 W
TEMPERATURE IN F: :PCPN: SNOW: WIND :SUNSHINE: SKY :PK WND
================================================================================
1 2 3 4 5 6A 6B 7 8 9 10 11 12 13 14 15 16 17 18
12Z AVG MX 2MIN
DY MAX MIN AVG DEP HDD CDD WTR SNW DPTH SPD SPD DIR MIN PSBL S-S WX SPD DR
================================================================================
1 87 72 80 6 0 15 0.12 0.0 0 9.9 22 140 M M 7 13 29 140
2 89 74 82 8 0 17 T 0.0 0 16.1 30 170 M M 5 41 160
3 89 75 82 8 0 17 T 0.0 0 11.5 20 160 M M 7 25 170
4 89 76 83 8 0 18 0.00 0.0 0 14.0 24 150 M M 8 31 150
5 89 68 79 4 0 14 0.40 0.0 0 12.8 29 190 M M 6 13 45 20
6 94 64 79 4 0 14 0.00 0.0 0 5.3 26 170 M M 1 13 36 160
7 92 75 84 8 0 19 0.00 0.0 0 9.9 17 160 M M 7 23 170
8 94 77 86 10 0 21 0.00 0.0 0 13.4 22 140 M M 5 29 140
9 92 77 85 9 0 20 0.00 0.0 0 14.6 23 160 M M 6 31 130
10 91 76 84 8 0 19 0.00 0.0 0 12.4 21 150 M M 4 27 150
11 90 71 81 4 0 16 0.00 0.0 0 9.1 17 130 M M 2 24 170
12 90 67 79 2 0 14 0.00 0.0 M 7.1 16 150 M M 0 1 23 130
13 91 66 79 2 0 14 0.00 0.0 0 6.9 15 170 M M 2 1 20 170
14 92 68 80 3 0 15 0.00 0.0 0 7.6 15 190 M M 3 1 20 240
15 93 67 80 2 0 15 0.00 0.0 M 7.1 16 190 M M 1 22 190
16 95 69 82 4 0 17 0.00 0.0 0 5.0 17 220 M M 1 26 220
17 94 67 81 3 0 16 0.00 0.0 0 9.0 12 170 M M 2 12 17 190
18 96 71 84 6 0 19 0.00 0.0 0 13.1 21 180 M M 0 33 200
19 92 74 83 4 0 18 0.00 0.0 0 13.8 24 170 M M 3 31 160
20 94 76 85 6 0 20 0.00 0.0 0 16.0 29 160 M M 5 39 130
21 95 79 87 8 0 22 0.00 0.0 0 12.8 21 140 M M 9 29 150
22 86 68 77 -3 0 12 1.24 0.0 0 8.7 29 300 M M 4 13 44 310
23 87 70 79 -1 0 14 0.00 0.0 0 8.5 15 90 M M 4 21 80
24 84 73 79 -1 0 14 T 0.0 0 7.5 17 80 M M 4 24 90
25 83 64 74 -6 0 9 0.82 0.0 0 7.8 32 300 M M 2 13 48 290
26 92 60 76 -4 0 11 0.00 0.0 0 4.8 14 250 M M 0 19 230
27 94 68 81 0 0 16 0.00 0.0 0 5.5 13 270 M M 2 1 19 260
28 94 66 80 -1 0 15 0.00 0.0 0 5.1 12 180 M M 1 12 180
29 92 74 83 2 0 18 0.00 0.0 0 14.1 23 160 M M 4 31 190
30 92 77 85 4 0 20 0.00 0.0 0 16.0 25 170 M M 4 35 180
31 92 78 85 4 0 20 0.00 0.0 0 12.1 22 140 M M 3 31 140
================================================================================
SM 2824 2207 0 509 2.58 0.0 317.5 M 112
================================================================================
AV 91.1 71.2 10.2 FASTST M M 4 MAX(MPH)
MISC ----> 32 300 48 290
================================================================================
NOTES:
# LAST OF SEVERAL OCCURRENCES
COLUMN 17 PEAK WIND IN M.P.H.
PRELIMINARY LOCAL CLIMATOLOGICAL DATA (WS FORM: F-6) , PAGE 2
STATION: SUGAR LAND/HULL FLD
MONTH: MAY
YEAR: 2022
LATITUDE: 29 37 N
LONGITUDE: 95 39 W
[TEMPERATURE DATA] [PRECIPITATION DATA] SYMBOLS USED IN COLUMN 16
AVERAGE MONTHLY: 81.1 TOTAL FOR MONTH: 2.58 1 = FOG OR MIST
DPTR FM NORMAL: 3.2 DPTR FM NORMAL: -2.66 2 = FOG REDUCING VISIBILITY
HIGHEST: 96 ON 18 GRTST 24HR 1.24 ON 22-22 TO 1/4 MILE OR LESS
LOWEST: 60 ON 26 3 = THUNDER
SNOW, ICE PELLETS, HAIL 4 = ICE PELLETS
TOTAL MONTH: 0.0 INCH 5 = HAIL
GRTST 24HR 0.0 6 = FREEZING RAIN OR DRIZZLE
GRTST DEPTH: 0 7 = DUSTSTORM OR SANDSTORM:
VSBY 1/2 MILE OR LESS
8 = SMOKE OR HAZE
[NO. OF DAYS WITH] [WEATHER - DAYS WITH] 9 = BLOWING SNOW
X = TORNADO
MAX 32 OR BELOW: 0 0.01 INCH OR MORE: 4
MAX 90 OR ABOVE: 22 0.10 INCH OR MORE: 4
MIN 32 OR BELOW: 0 0.50 INCH OR MORE: 2
MIN 0 OR BELOW: 0 1.00 INCH OR MORE: 1
[HDD (BASE 65) ]
TOTAL THIS MO. 0 CLEAR (SCALE 0-3) 14
DPTR FM NORMAL -1 PTCLDY (SCALE 4-7) 16
TOTAL FM JUL 1 954 CLOUDY (SCALE 8-10) 1
DPTR FM NORMAL -191
[CDD (BASE 65) ]
TOTAL THIS MO. 509
DPTR FM NORMAL 110 [PRESSURE DATA]
TOTAL FM JAN 1 964 HIGHEST SLP 30.15 ON 22
DPTR FM NORMAL 219 LOWEST SLP 29.66 ON 20
[REMARKS]
#FINAL-05-22#