000
CXUS54 KHGX 011626
CF6SGR
PRELIMINARY LOCAL CLIMATOLOGICAL DATA (WS FORM: F-6)
STATION: SUGAR LAND/HULL FLD
MONTH: NOVEMBER
YEAR: 2021
LATITUDE: 29 37 N
LONGITUDE: 95 39 W
TEMPERATURE IN F: :PCPN: SNOW: WIND :SUNSHINE: SKY :PK WND
================================================================================
1 2 3 4 5 6A 6B 7 8 9 10 11 12 13 14 15 16 17 18
12Z AVG MX 2MIN
DY MAX MIN AVG DEP HDD CDD WTR SNW DPTH SPD SPD DIR MIN PSBL S-S WX SPD DR
================================================================================
1 82 54 68 1 0 3 0.00 0.0 0 5.7 13 140 M M 0 17 140
2 82 59 71 4 0 6 0.00 0.0 0 5.3 14 140 M M 1 128 19 130
3 76 57 67 0 0 2 0.70 0.0 0 7.8 22 20 M M 6 13 27 340
4 58 52 55 -11 10 0 T 0.0 0 10.8 21 10 M M 10 1 23 10
5 67 46 57 -9 8 0 0.00 0.0 0 6.3 13 10 M M 2 17 20
6 71 45 58 -8 7 0 0.00 0.0 0 4.0 13 10 M M 0 15 30
7 74 47 61 -5 4 0 0.00 0.0 0 4.2 13 150 M M 0 128 17 150
8 78 51 65 0 0 0 0.00 0.0 0 5.7 14 150 M M 1 1 19 170
9 79 54 67 2 0 2 0.00 0.0 0 5.6 14 160 M M 2 1 19 140
10 84 64 74 9 0 9 0.00 0.0 0 8.6 21 170 M M 4 1 27 190
11 78 55 67 3 0 2 0.27 0.0 0 6.9 16 20 M M 2 1 21 360
12 79 51 65 1 0 0 0.00 0.0 0 5.5 15 10 M M 1 21 360
13 71 44 58 -6 7 0 0.00 0.0 0 4.7 16 40 M M 0 20 30
14 81 46 64 1 1 0 0.00 0.0 0 4.8 14 220 M M 2 19 190
15 84 57 71 8 0 6 0.00 0.0 0 6.0 15 220 M M 1 12 22 160
16 84 62 73 10 0 8 0.00 0.0 0 10.4 22 170 M M 1 29 200
17 86 61 74 11 0 9 0.00 0.0 0 9.1 22 170 M M 4 1 29 190
18 73 56 65 3 0 0 0.00 0.0 0 11.9 23 30 M M 4 12 30 30
19 68 50 59 -3 6 0 0.00 0.0 0 6.6 17 50 M M 0 24 40
20 80 50 65 3 0 0 0.00 0.0 0 7.5 16 150 M M 4 21 150
21 84 64 74 12 0 9 T 0.0 0 6.1 16 340 M M 6 1 25 340
22 73 48 61 0 4 0 0.00 0.0 0 8.5 18 360 M M 3 27 340
23 73 43 58 -3 7 0 0.00 0.0 0 5.2 15 150 M M 0 1 21 170
24 80 57 69 8 0 4 0.00 0.0 0 11.1 23 160 M M 7 29 170
25 72 55 64 4 1 0 0.74 0.0 0 10.4 21 350 M M 8 1 35 350
26 62 47 55 -5 10 0 0.00 0.0 0 8.5 18 20 M M 0 23 30
27 58 47 53 -7 12 0 0.08 0.0 0 3.1 10 20 M M 7 1 13 20
28 61 46 54 -6 11 0 0.05 0.0 0 5.4 13 360 M M 8 18 18 350
29 71 41 56 -4 9 0 0.00 0.0 0 2.7 8 190 M M 3 128 12 210
30 77 48 63 4 2 0 0.00 0.0 0 4.2 14 140 M M 3 12 19 170
================================================================================
SM 2246 1557 99 60 1.84 0.0 202.6 M 90
================================================================================
AV 74.9 51.9 6.8 FASTST M M 3 MAX(MPH)
MISC ----> # 23 30 35 350
================================================================================
NOTES:
# LAST OF SEVERAL OCCURRENCES
COLUMN 17 PEAK WIND IN M.P.H.
PRELIMINARY LOCAL CLIMATOLOGICAL DATA (WS FORM: F-6) , PAGE 2
STATION: SUGAR LAND/HULL FLD
MONTH: NOVEMBER
YEAR: 2021
LATITUDE: 29 37 N
LONGITUDE: 95 39 W
[TEMPERATURE DATA] [PRECIPITATION DATA] SYMBOLS USED IN COLUMN 16
AVERAGE MONTHLY: 63.4 TOTAL FOR MONTH: 1.84 1 = FOG OR MIST
DPTR FM NORMAL: 0.3 DPTR FM NORMAL: -1.94 2 = FOG REDUCING VISIBILITY
HIGHEST: 86 ON 17 GRTST 24HR 0.74 ON 25-25 TO 1/4 MILE OR LESS
LOWEST: 41 ON 29 3 = THUNDER
SNOW, ICE PELLETS, HAIL 4 = ICE PELLETS
TOTAL MONTH: 0.0 INCH 5 = HAIL
GRTST 24HR 0.0 6 = FREEZING RAIN OR DRIZZLE
GRTST DEPTH: 0 7 = DUSTSTORM OR SANDSTORM:
VSBY 1/2 MILE OR LESS
8 = SMOKE OR HAZE
[NO. OF DAYS WITH] [WEATHER - DAYS WITH] 9 = BLOWING SNOW
X = TORNADO
MAX 32 OR BELOW: 0 0.01 INCH OR MORE: 5
MAX 90 OR ABOVE: 0 0.10 INCH OR MORE: 3
MIN 32 OR BELOW: 0 0.50 INCH OR MORE: 2
MIN 0 OR BELOW: 0 1.00 INCH OR MORE: 0
[HDD (BASE 65) ]
TOTAL THIS MO. 99 CLEAR (SCALE 0-3) 18
DPTR FM NORMAL -40 PTCLDY (SCALE 4-7) 10
TOTAL FM JUL 1 106 CLOUDY (SCALE 8-10) 2
DPTR FM NORMAL -53
[CDD (BASE 65) ]
TOTAL THIS MO. 60
DPTR FM NORMAL -24 [PRESSURE DATA]
TOTAL FM JAN 1 3602 HIGHEST SLP 30.43 ON 19
DPTR FM NORMAL 253 LOWEST SLP 29.87 ON 10
[REMARKS]
#FINAL-11-21#