000
CXUS54 KLZK 011130
CF6SGT
PRELIMINARY LOCAL CLIMATOLOGICAL DATA (WS FORM: F-6)
STATION: STUTTGART AIRPORT
MONTH: SEPTEMBER
YEAR: 2021
LATITUDE: 34 35 N
LONGITUDE: 91 34 W
TEMPERATURE IN F: :PCPN: SNOW: WIND :SUNSHINE: SKY :PK WND
================================================================================
1 2 3 4 5 6A 6B 7 8 9 10 11 12 13 14 15 16 17 18
12Z AVG MX 2MIN
DY MAX MIN AVG DEP HDD CDD WTR SNW DPTH SPD SPD DIR MIN PSBL S-S WX SPD DR
================================================================================
1 95 72 84 5 0 19 M M M 8.1 14 60 M M 2 M M
2 91 70 81 3 0 16 0.00 M M 7.0 10 50 M M 2 M M
3 89 67 78 0 0 13 M M M 4.7 8 140 M M 3 M M
4 92 69 81 3 0 16 0.00 0.0 0 8.2 14 150 M M 1 M M
5 86 67 77 0 0 12 M 0.0 0 7.9 17 30 M M 4 21 30
6 87 62 75 -2 0 10 M M M 6.9 13 30 M M 0 1 M M
7 89 60 75 -2 0 10 M M M 4.0 8 210 M M 0 1 M M
8 86 62 74 -3 0 9 T M M 7.6 17 360 M M 2 M M
9 87 58 73 -3 0 8 0.00 0.0 M 7.2 16 50 M M 0 22 40
10 90 58 74 -2 0 9 0.00 0.0 0 4.9 10 160 M M 0 M M
11 89 60 75 -1 0 10 M M M 6.7 13 200 M M 0 M M
12 90 64 77 2 0 12 0.00 0.0 0 6.4 14 200 M M 0 M M
13 87 70 79 4 0 14 0.00 0.0 0 9.0 17 200 M M 3 20 180
14 91 70 81 7 0 16 T 0.0 0 7.5 18 160 M M 4 16 190
15 87 67 77 3 0 12 M M M 5.5 12 70 M M 5 1 M M
16 88 67 78 4 0 13 M M M 7.9 14 60 M M 3 1 18 70
17 77 71 74 1 0 9 0.93 M M 7.7 16 30 M M 8 13 22 40
18 86 73 80 7 0 15 T M M 7.7 14 40 M M 6 1 M M
19 84 71 78 5 0 13 M M M 6.1 12 90 M M 6 M M
20 90 68 79 7 0 14 M M M 5.4 9 180 M M 2 1 M M
21 84 61 73 1 0 8 0.61 M M 8.4 20 350 M M 6 1 M M
22 78 56 67 -4 0 2 M M M 11.4 21 340 M M 0 25 340
23 78 50 64 -7 1 0 M M M 3.8 7 330 M M 0 M M
24 81 53 67 -4 0 2 M M M 4.7 9 200 M M 0 M M
25 84 56 70 0 0 5 M M M 6.1 13 260 M M 0 17 310
26 88 57 73 3 0 8 M M M 5.2 10 200 M M 0 M M
27 88 60 74 5 0 9 M M M 7.6 13 190 M M 0 8 M M
28 88 66 77 8 0 12 M M M 6.9 14 180 M M 6 M M
29 86 69 78 9 0 13 T M M 7.4 13 190 M M 5 8 21 170
30 81 70 76 8 0 11 1.62 M M 7.0 17 90 M M 7 13 22 90
================================================================================
SM 2597 1924 1 320 3.16 0.0 204.7 M 75
================================================================================
AV 86.6 64.1 6.8 FASTST M M 3 MAX(MPH)
MISC ----> 21 340 25 340
================================================================================
NOTES:
# LAST OF SEVERAL OCCURRENCES
COLUMN 17 PEAK WIND IN M.P.H.
PRELIMINARY LOCAL CLIMATOLOGICAL DATA (WS FORM: F-6) , PAGE 2
STATION: STUTTGART AIRPORT
MONTH: SEPTEMBER
YEAR: 2021
LATITUDE: 34 35 N
LONGITUDE: 91 34 W
[TEMPERATURE DATA] [PRECIPITATION DATA] SYMBOLS USED IN COLUMN 16
AVERAGE MONTHLY: 75.4 TOTAL FOR MONTH: 3.16 1 = FOG OR MIST
DPTR FM NORMAL: 1.6 DPTR FM NORMAL: 0.27 2 = FOG REDUCING VISIBILITY
HIGHEST: 95 ON 1 GRTST 24HR 1.62 ON 30-30 TO 1/4 MILE OR LESS
LOWEST: 50 ON 23 3 = THUNDER
SNOW, ICE PELLETS, HAIL 4 = ICE PELLETS
TOTAL MONTH: 0.0 INCH 5 = HAIL
GRTST 24HR 0.0 6 = FREEZING RAIN OR DRIZZLE
GRTST DEPTH: 0 7 = DUSTSTORM OR SANDSTORM:
VSBY 1/2 MILE OR LESS
8 = SMOKE OR HAZE
[NO. OF DAYS WITH] [WEATHER - DAYS WITH] 9 = BLOWING SNOW
X = TORNADO
MAX 32 OR BELOW: 0 0.01 INCH OR MORE: 3
MAX 90 OR ABOVE: 7 0.10 INCH OR MORE: 3
MIN 32 OR BELOW: 0 0.50 INCH OR MORE: 3
MIN 0 OR BELOW: 0 1.00 INCH OR MORE: 1
[HDD (BASE 65) ]
TOTAL THIS MO. 1 CLEAR (SCALE 0-3) 19
DPTR FM NORMAL -15 PTCLDY (SCALE 4-7) 11
TOTAL FM JUL 1 1 CLOUDY (SCALE 8-10) 0
DPTR FM NORMAL -15
[CDD (BASE 65) ]
TOTAL THIS MO. 320
DPTR FM NORMAL 42 [PRESSURE DATA]
TOTAL FM JAN 1 1915 HIGHEST SLP 30.24 ON 22
DPTR FM NORMAL -42 LOWEST SLP 29.76 ON 1
[REMARKS]
#FINAL-09-21#