656
CXUS54 KLZK 011130
CF6SGT
PRELIMINARY LOCAL CLIMATOLOGICAL DATA (WS FORM: F-6)
STATION: Stuttgart Airport
MONTH: SEPTEMBER
YEAR: 2020
LATITUDE: 34 35 N
LONGITUDE: 91 34 W
TEMPERATURE IN F: :PCPN: SNOW: WIND :SUNSHINE: SKY :PK WND
================================================================================
1 2 3 4 5 6A 6B 7 8 9 10 11 12 13 14 15 16 17 18
12Z AVG MX 2MIN
DY MAX MIN AVG DEP HDD CDD WTR SNW DPTH SPD SPD DIR MIN PSBL S-S WX SPD DR
================================================================================
1 89 75 82 3 0 17 0.24 M M 7.8 17 210 M M 4 3 20 200
2 86 74 80 2 0 15 0.98 M M 7.4 14 200 M M 7 13 M M
3 81 75 78 0 0 13 0.07 M M 6.2 10 210 M M 5 M M
4 88 71 80 2 0 15 0.24 M M 4.9 13 10 M M 3 1 M M
5 84 67 76 -1 0 11 0.00 M M 4.6 9 70 M M 0 8 M M
6 91 63 77 0 0 12 0.00 M M 4.2 8 190 M M 1 128 M M
7 91 67 79 2 0 14 0.00 M M 6.1 12 190 M M 0 M M
8 90 70 80 3 0 15 T M M 6.6 10 110 M M 0 M M
9 91 72 82 6 0 17 0.00 M M 7.3 10 140 M M 1 M M
10 90 69 80 4 0 15 0.00 M M 5.9 10 50 M M 0 M M
11 90 68 79 3 0 14 0.00 M M 5.3 9 60 M M 0 8 M M
12 89 71 80 5 0 15 T M M 4.7 15 110 M M 3 M M
13 85 71 78 3 0 13 0.00 M M 8.5 14 70 M M 6 12 M M
14 86 70 78 4 0 13 0.00 M M 13.1 17 30 M M 3 23 40
15 87 67 77 3 0 12 0.00 M M 8.9 12 40 M M 1 M M
16 87 70 79 5 0 14 0.00 M M 7.9 14 40 M M 3 1 21 40
17 83 68 76 3 0 11 0.09 M M 8.6 15 20 M M 1 18 18 40
18 79 62 71 -2 0 6 0.00 M M 12.1 20 30 M M 0 1 24 30
19 76 55 66 -7 0 1 0.00 M M 10.7 17 20 M M 0 23 30
20 83 57 70 -2 0 5 0.00 M M 9.4 15 50 M M 1 16 99
21 76 61 69 -3 0 4 0.00 M M 8.7 15 90 M M 4 M M
22 68 63 66 -5 0 1 1.72 M M 8.2 15 170 M M 9 1 M M
23 63 61 62 -9 3 0 1.16 M M 12.4 16 80 M M 10 1 M M
24 65 60 63 -8 2 0 0.03 M M 9.7 16 350 M M 10 1 M M
25 70 62 66 -4 0 1 0.00 M M 4.2 7 160 M M 8 M M
26 77 58 68 -2 0 3 0.00 M M 5.9 13 210 M M 6 12 M M
27 86 61 74 5 0 9 0.00 M M 7.8 17 170 M M 2 1 21 170
28 75 55 65 -4 0 0 0.46 M M 13.7 21 330 M M 3 3 35 10
29 73 50 62 -7 3 0 0.00 M M 9.1 20 320 M M 1 21 310
30 84 51 68 0 0 3 0.00 M M 10.5 18 220 M M 0 M M
================================================================================
SM 2463 1944 8 269 4.99 M 240.4 M 92
================================================================================
AV 82.1 64.8 8.0 FASTST M M 3 MAX(MPH)
MISC ----> # 21 330 # 35 10
================================================================================
NOTES:
# LAST OF SEVERAL OCCURRENCES
COLUMN 17 PEAK WIND IN M.P.H.
PRELIMINARY LOCAL CLIMATOLOGICAL DATA (WS FORM: F-6) , PAGE 2
STATION: Stuttgart Airport
MONTH: SEPTEMBER
YEAR: 2020
LATITUDE: 34 35 N
LONGITUDE: 91 34 W
[TEMPERATURE DATA] [PRECIPITATION DATA] SYMBOLS USED IN COLUMN 16
AVERAGE MONTHLY: 73.5 TOTAL FOR MONTH: 4.99 1 = FOG OR MIST
DPTR FM NORMAL: -0.3 DPTR FM NORMAL: 2.10 2 = FOG REDUCING VISIBILITY
HIGHEST: 91 ON 9, 7 GRTST 24HR 1.72 ON 22-22 TO 1/4 MILE OR LESS
LOWEST: 50 ON 29 3 = THUNDER
SNOW, ICE PELLETS, HAIL 4 = ICE PELLETS
TOTAL MONTH: M 5 = HAIL
GRTST 24HR M ON M 6 = FREEZING RAIN OR DRIZZLE
GRTST DEPTH: M ON M 7 = DUSTSTORM OR SANDSTORM:
VSBY 1/2 MILE OR LESS
8 = SMOKE OR HAZE
[NO. OF DAYS WITH] [WEATHER - DAYS WITH] 9 = BLOWING SNOW
X = TORNADO
MAX 32 OR BELOW: 0 0.01 INCH OR MORE: 9
MAX 90 OR ABOVE: 6 0.10 INCH OR MORE: 6
MIN 32 OR BELOW: 0 0.50 INCH OR MORE: 3
MIN 0 OR BELOW: 0 1.00 INCH OR MORE: 2
[HDD (BASE 65) ]
TOTAL THIS MO. 8 CLEAR (SCALE 0-3) 17
DPTR FM NORMAL -8 PTCLDY (SCALE 4-7) 10
TOTAL FM JUL 1 8 CLOUDY (SCALE 8-10) 3
DPTR FM NORMAL -8
[CDD (BASE 65) ]
TOTAL THIS MO. 269
DPTR FM NORMAL -9 [PRESSURE DATA]
TOTAL FM JAN 1 1882 HIGHEST SLP 30.32 ON 5
DPTR FM NORMAL -75 LOWEST SLP 29.73 ON 28
[REMARKS]
#FINAL-09-20#