000
CXUS55 KBYZ 011057
CF6SHR
PRELIMINARY LOCAL CLIMATOLOGICAL DATA (WS FORM: F-6)
STATION: SHERIDAN WY
MONTH: MAY
YEAR: 2020
LATITUDE: 44 46 N
LONGITUDE: 106 58 W
TEMPERATURE IN F: :PCPN: SNOW: WIND :SUNSHINE: SKY :PK WND
================================================================================
1 2 3 4 5 6A 6B 7 8 9 10 11 12 13 14 15 16 17 18
12Z AVG MX 2MIN
DY MAX MIN AVG DEP HDD CDD WTR SNW DPTH SPD SPD DIR MIN PSBL S-S WX SPD DR
================================================================================
1 66 39 53 5 12 0 0.00 M M 11.7 26 330 M M 3 34 330
2 74 36 55 7 10 0 0.00 M M 4.5 21 150 M M 3 28 150
3 74 37 56 7 9 0 T M M 6.8 38 320 M M 2 49 310
4 57 36 47 -2 18 0 0.01 M M 7.8 24 330 M M 6 29 330
5 64 27 46 -3 19 0 0.00 M M 11.0 32 340 M M 1 43 340
6 73 27 50 0 15 0 0.00 M M 13.3 45 320 M M 1 55 320
7 48 28 38 -12 27 0 0.01 M M 17.1 40 310 M M 6 48 310
8 63 23 43 -7 22 0 0.01 M M 6.7 29 310 M M 3 33 310
9 55 31 43 -7 22 0 0.12 M M 12.9 29 310 M M 5 1 35 300
10 42 29 36 -15 29 0 T M M 4.2 13 350 M M 9 18 15 360
11 44 37 41 -10 24 0 0.09 M M 7.3 15 130 M M 10 1 18 140
12 54 37 46 -5 19 0 0.07 M M 5.8 20 120 M M 10 13 23 120
13 64 39 52 0 13 0 T M M 7.6 22 350 M M 7 3 26 360
14 62 36 49 -3 16 0 T M M 4.2 17 310 M M 5 23 310
15 63 37 50 -2 15 0 0.13 M M 5.7 25 300 M M 6 38 30 310
16 62 38 50 -2 15 0 0.05 M M 9.2 20 140 M M 7 25 140
17 78 37 58 5 7 0 0.00 M M 12.0 24 150 M M 0 31 150
18 70 46 58 5 7 0 0.00 M M 4.2 16 180 M M 0 19 180
19 82 48 65 12 0 0 0.00 M M 7.2 28 310 M M 1 35 310
20 80 43 62 8 3 0 0.12 M M 10.2 39 230 M M 2 3 51 240
21 73 40 57 3 8 0 0.00 M M 9.0 28 230 M M 2 34 240
22 71 39 55 1 10 0 T M M 9.6 22 310 M M 1 27 310
23 54 42 48 -6 17 0 0.05 M M 12.8 33 310 M M 9 42 310
24 58 38 48 -7 17 0 T M M 10.5 22 310 M M 10 27 330
25 72 40 56 1 9 0 T M M 7.8 21 350 M M 6 26 350
26 76 39 58 3 7 0 0.00 M M 4.8 17 320 M M 4 22 330
27 72 49 61 5 4 0 T M M 5.3 21 300 M M 6 24 290
28 68 50 59 3 6 0 0.00 M M 6.4 15 140 M M 6 22 140
29 80 50 65 9 0 0 0.05 M M 3.7 16 310 M M 0 3 21 310
30 86 54 70 14 0 5 0.03 M M 7.8 24 130 M M 0 13 32 140
31 92 55 74 17 0 9 0.00 M M 5.7 24 280 M M 0 31 280
================================================================================
SM 2077 1207 380 14 0.74 M 252.8 M 131
================================================================================
AV 67.0 38.9 8.2 FASTST M M 4 MAX(MPH)
MISC ----> # 45 320 # 55 320
================================================================================
NOTES:
# LAST OF SEVERAL OCCURRENCES
COLUMN 17 PEAK WIND IN M.P.H.
PRELIMINARY LOCAL CLIMATOLOGICAL DATA (WS FORM: F-6) , PAGE 2
STATION: SHERIDAN WY
MONTH: MAY
YEAR: 2020
LATITUDE: 44 46 N
LONGITUDE: 106 58 W
[TEMPERATURE DATA] [PRECIPITATION DATA] SYMBOLS USED IN COLUMN 16
AVERAGE MONTHLY: 53.0 TOTAL FOR MONTH: 0.74 1 = FOG OR MIST
DPTR FM NORMAL: 0.5 DPTR FM NORMAL: -1.61 2 = FOG REDUCING VISIBILITY
HIGHEST: 92 ON 31 GRTST 24HR 0.13 ON 15-15 TO 1/4 MILE OR LESS
LOWEST: 23 ON 8 3 = THUNDER
SNOW, ICE PELLETS, HAIL 4 = ICE PELLETS
TOTAL MONTH: M 5 = HAIL
GRTST 24HR M ON M 6 = FREEZING RAIN OR DRIZZLE
GRTST DEPTH: M ON M 7 = DUSTSTORM OR SANDSTORM:
VSBY 1/2 MILE OR LESS
8 = SMOKE OR HAZE
[NO. OF DAYS WITH] [WEATHER - DAYS WITH] 9 = BLOWING SNOW
X = TORNADO
MAX 32 OR BELOW: 0 0.01 INCH OR MORE: 12
MAX 90 OR ABOVE: 1 0.10 INCH OR MORE: 3
MIN 32 OR BELOW: 6 0.50 INCH OR MORE: 0
MIN 0 OR BELOW: 0 1.00 INCH OR MORE: 0
[HDD (BASE 65) ]
TOTAL THIS MO. 380 CLEAR (SCALE 0-3) 12
DPTR FM NORMAL -13 PTCLDY (SCALE 4-7) 14
TOTAL FM JUL 1 7504 CLOUDY (SCALE 8-10) 5
DPTR FM NORMAL 9
[CDD (BASE 65) ]
TOTAL THIS MO. 14
DPTR FM NORMAL 10 [PRESSURE DATA]
TOTAL FM JAN 1 14 HIGHEST SLP 30.49 ON 10
DPTR FM NORMAL 10 LOWEST SLP 29.45 ON 20
[REMARKS]
#FINAL-05-20#