000
CXUS56 KMFR 011030
CF6SIY
PRELIMINARY LOCAL CLIMATOLOGICAL DATA (WS FORM: F-6)
STATION: MONTAGUE CA
MONTH: FEBRUARY
YEAR: 2022
LATITUDE: 41 46 N
LONGITUDE: 122 28 W
TEMPERATURE IN F: :PCPN: SNOW: WIND :SUNSHINE: SKY :PK WND
================================================================================
1 2 3 4 5 6A 6B 7 8 9 10 11 12 13 14 15 16 17 18
12Z AVG MX 2MIN
DY MAX MIN AVG DEP HDD CDD WTR SNW DPTH SPD SPD DIR MIN PSBL S-S WX SPD DR
================================================================================
1 46 15 31 -7 34 0 0.00 M M 6.9 20 20 M M 0 25 30
2 49 16 33 -5 32 0 0.00 M M 2.9 12 40 M M 1 13 50
3 54 21 38 0 27 0 0.00 M M 2.1 8 50 M M 0 11 40
4 53 20 37 -1 28 0 0.00 M M 2.1 8 190 M M 0 10 180
5 56 17 37 -1 28 0 0.00 M M 2.0 10 60 M M 0 12 150
6 61 16 39 1 26 0 0.00 M M 2.3 9 240 M M 0 12 240
7 60 18 39 1 26 0 0.00 M M 1.7 7 120 M M 0 9 200
8 61 19 40 1 25 0 0.00 M M 0.9 8 180 M M 0 11 200
9 72 24 48 9 17 0 0.00 M M 5.0 18 360 M M 0 21 360
10 67 28 48 9 17 0 0.00 M M 2.6 13 90 M M 0 8 14 100
11 66 24 45 6 20 0 0.00 M M 2.0 7 30 M M 0 12 9 130
12 65 19 42 3 23 0 0.00 M M 0.8 6 120 M M 0 18 7 240
13 68 20 44 5 21 0 0.00 M M 0.8 6 140 M M 0 8 280
14 60 28 44 4 21 0 T M M 8.4 30 290 M M 3 39 300
15 49 20 35 -5 30 0 0.00 M M 8.4 23 340 M M 1 8 29 340
16 54 18 36 -4 29 0 0.00 M M 6.6 17 340 M M 1 18 24 340
17 58 14 36 -4 29 0 0.00 M M 2.1 9 50 M M 0 128 11 170
18 62 19 41 1 24 0 0.00 M M 1.8 8 10 M M 0 9 360
19 67 17 42 2 23 0 0.00 M M 3.4 17 20 M M 0 21 10
20 52 25 39 -2 26 0 0.00 M M 12.3 28 20 M M 1 47 360
21 41 24 33 -8 32 0 T M M 5.4 16 250 M M 9 18 20 260
22 42 21 32 -9 33 0 0.00 M M 8.4 21 360 M M 4 1 28 10
23 40 13 27 -14 38 0 0.00 M M 7.2 21 350 M M 0 25 350
24 49 9 29 -13 36 0 0.00 M M 5.3 21 30 M M 0 25 30
25 51 10 31 -11 34 0 0.00 M M 2.4 9 20 M M 0 13 20
26 51 12 32 -10 33 0 T M M 3.7 21 170 M M 4 26 180
27 61 39 50 8 15 0 T M M 8.8 24 180 M M 8 30 180
28 69 33 51 9 14 0 0.00 M M 8.2 18 170 M M 5 25 170
================================================================================
SM 1584 559 741 0 T M 124.5 M 37
================================================================================
AV 56.6 20.0 4.4 FASTST M M 1 MAX(MPH)
MISC ----> 30 290 47 360
================================================================================
NOTES:
# LAST OF SEVERAL OCCURRENCES
COLUMN 17 PEAK WIND IN M.P.H.
PRELIMINARY LOCAL CLIMATOLOGICAL DATA (WS FORM: F-6) , PAGE 2
STATION: MONTAGUE CA
MONTH: FEBRUARY
YEAR: 2022
LATITUDE: 41 46 N
LONGITUDE: 122 28 W
[TEMPERATURE DATA] [PRECIPITATION DATA] SYMBOLS USED IN COLUMN 16
AVERAGE MONTHLY: 38.3 TOTAL FOR MONTH: T 1 = FOG OR MIST
DPTR FM NORMAL: -1.5 DPTR FM NORMAL: -1.41 2 = FOG REDUCING VISIBILITY
HIGHEST: 72 ON 9 GRTST 24HR T ON 14-14 TO 1/4 MILE OR LESS
LOWEST: 9 ON 24 3 = THUNDER
SNOW, ICE PELLETS, HAIL 4 = ICE PELLETS
TOTAL MONTH: M 5 = HAIL
GRTST 24HR M ON M 6 = FREEZING RAIN OR DRIZZLE
GRTST DEPTH: M ON M 7 = DUSTSTORM OR SANDSTORM:
VSBY 1/2 MILE OR LESS
8 = SMOKE OR HAZE
[NO. OF DAYS WITH] [WEATHER - DAYS WITH] 9 = BLOWING SNOW
X = TORNADO
MAX 32 OR BELOW: 0 0.01 INCH OR MORE: 0
MAX 90 OR ABOVE: 0 0.10 INCH OR MORE: 0
MIN 32 OR BELOW: 26 0.50 INCH OR MORE: 0
MIN 0 OR BELOW: 0 1.00 INCH OR MORE: 0
[HDD (BASE 65) ]
TOTAL THIS MO. 741 CLEAR (SCALE 0-3) 22
DPTR FM NORMAL 35 PTCLDY (SCALE 4-7) 5
TOTAL FM JUL 1 3583 CLOUDY (SCALE 8-10) 1
DPTR FM NORMAL -74
[CDD (BASE 65) ]
TOTAL THIS MO. 0
DPTR FM NORMAL 0 [PRESSURE DATA]
TOTAL FM JAN 1 0 HIGHEST SLP 30.65 ON 8
DPTR FM NORMAL 0 LOWEST SLP 29.88 ON 21
[REMARKS]
#FINAL-02-22#