000
CXUS54 KSJT 011100
CF6SJT
PRELIMINARY LOCAL CLIMATOLOGICAL DATA (WS FORM: F-6)
STATION: SAN ANGELO
MONTH: NOVEMBER
YEAR: 2020
LATITUDE: 31 21 N
LONGITUDE: 100 30 W
TEMPERATURE IN F: :PCPN: SNOW: WIND :SUNSHINE: SKY :PK WND
================================================================================
1 2 3 4 5 6A 6B 7 8 9 10 11 12 13 14 15 16 17 18
12Z AVG MX 2MIN
DY MAX MIN AVG DEP HDD CDD WTR SNW DPTH SPD SPD DIR MIN PSBL S-S WX SPD DR
================================================================================
1 75 42 59 -2 6 0 0.00 0.0 0 7.6 20 50 M M 0 26 40
2 74 34 54 -7 11 0 0.00 0.0 0 4.1 12 210 M M 0 16 240
3 78 35 57 -3 8 0 0.00 0.0 0 9.1 23 210 M M 0 30 210
4 79 49 64 4 1 0 0.00 0.0 0 10.1 23 200 M M 0 33 200
5 84 46 65 5 0 0 0.00 0.0 0 5.2 15 240 M M 0 21 240
6 81 44 63 4 2 0 0.00 0.0 0 5.3 13 170 M M 0 20 230
7 78 53 66 7 0 1 0.00 0.0 0 9.7 18 190 M M 0 25 190
8 79 58 69 11 0 4 0.00 0.0 0 11.2 23 180 M M 3 36 180
9 78 64 71 13 0 6 0.00 0.0 0 15.0 24 190 M M 1 36 190
10 75 42 59 1 6 0 0.00 0.0 0 7.9 22 330 M M 2 31 340
11 78 35 57 0 8 0 0.00 0.0 0 4.4 10 160 M M 0 16 190
12 83 46 65 8 0 0 0.00 0.0 0 5.7 17 180 M M 1 1 24 190
13 71 51 61 5 4 0 0.00 0.0 0 6.9 17 30 M M 5 22 20
14 82 52 67 11 0 2 0.00 0.0 0 10.3 26 200 M M 2 36 200
15 66 34 50 -6 15 0 0.00 0.0 0 7.3 28 20 M M 0 36 30
16 76 31 54 -1 11 0 0.00 0.0 0 4.6 14 230 M M 0 20 200
17 75 32 54 -1 11 0 0.00 0.0 0 5.1 12 150 M M 0 19 150
18 75 44 60 6 5 0 0.00 0.0 0 9.6 18 180 M M 0 29 170
19 76 54 65 11 0 0 0.00 0.0 0 11.9 26 200 M M 2 35 200
20 80 54 67 14 0 2 0.00 M M 8.8 21 190 M M 2 27 190
21 78 46 62 9 3 0 0.00 0.0 0 6.2 17 180 M M 4 25 170
22 67 47 57 4 8 0 0.00 0.0 0 7.6 20 10 M M 7 1 24 60
23 76 48 62 10 3 0 0.00 0.0 0 11.7 23 180 M M 6 1 35 170
24 82 51 67 15 0 2 T 0.0 0 15.9 30 190 M M 4 8 48 200
25 69 37 53 1 12 0 0.00 0.0 0 5.7 22 340 M M 0 8 30 340
26 79 37 58 7 7 0 0.00 0.0 0 6.8 14 220 M M 0 23 220
27 61 50 56 5 9 0 0.00 0.0 0 11.3 20 30 M M 8 26 40
28 53 32 43 -7 22 0 0.03 0.0 0 7.8 15 330 M M 8 128 19 60
29 51 32 42 -8 23 0 0.00 0.0 0 9.0 22 340 M M 10 128 27 350
30 54 23 39 -11 26 0 0.00 0.0 0 6.8 15 10 M M 0 21 260
================================================================================
SM 2213 1303 201 17 0.03 0.0 248.6 M 65
================================================================================
AV 73.8 43.4 8.3 FASTST M M 2 MAX(MPH)
MISC ----> 30 190 48 200
================================================================================
NOTES:
# LAST OF SEVERAL OCCURRENCES
COLUMN 17 PEAK WIND IN M.P.H.
PRELIMINARY LOCAL CLIMATOLOGICAL DATA (WS FORM: F-6) , PAGE 2
STATION: SAN ANGELO
MONTH: NOVEMBER
YEAR: 2020
LATITUDE: 31 21 N
LONGITUDE: 100 30 W
[TEMPERATURE DATA] [PRECIPITATION DATA] SYMBOLS USED IN COLUMN 16
AVERAGE MONTHLY: 58.6 TOTAL FOR MONTH: 0.03 1 = FOG OR MIST
DPTR FM NORMAL: 3.3 DPTR FM NORMAL: -1.11 2 = FOG REDUCING VISIBILITY
HIGHEST: 84 ON 5 GRTST 24HR 0.03 ON 28-28 TO 1/4 MILE OR LESS
LOWEST: 23 ON 30 3 = THUNDER
SNOW, ICE PELLETS, HAIL 4 = ICE PELLETS
TOTAL MONTH: 0.0 INCH 5 = HAIL
GRTST 24HR 0.0 6 = FREEZING RAIN OR DRIZZLE
GRTST DEPTH: 0 7 = DUSTSTORM OR SANDSTORM:
VSBY 1/2 MILE OR LESS
8 = SMOKE OR HAZE
[NO. OF DAYS WITH] [WEATHER - DAYS WITH] 9 = BLOWING SNOW
X = TORNADO
MAX 32 OR BELOW: 0 0.01 INCH OR MORE: 1
MAX 90 OR ABOVE: 0 0.10 INCH OR MORE: 0
MIN 32 OR BELOW: 5 0.50 INCH OR MORE: 0
MIN 0 OR BELOW: 0 1.00 INCH OR MORE: 0
[HDD (BASE 65) ]
TOTAL THIS MO. 201 CLEAR (SCALE 0-3) 22
DPTR FM NORMAL -108 PTCLDY (SCALE 4-7) 7
TOTAL FM JUL 1 349 CLOUDY (SCALE 8-10) 1
DPTR FM NORMAL -51
[CDD (BASE 65) ]
TOTAL THIS MO. 17
DPTR FM NORMAL -1 [PRESSURE DATA]
TOTAL FM JAN 1 2970 HIGHEST SLP 30.57 ON 30
DPTR FM NORMAL 468 LOWEST SLP 29.68 ON 24
[REMARKS]
#FINAL-11-20#