000
CXUS54 KSJT 011100
CF6SJT
PRELIMINARY LOCAL CLIMATOLOGICAL DATA (WS FORM: F-6)
STATION: SAN ANGELO
MONTH: NOVEMBER
YEAR: 2023
LATITUDE: 31 21 N
LONGITUDE: 100 30 W
TEMPERATURE IN F: :PCPN: SNOW: WIND :SUNSHINE: SKY :PK WND
================================================================================
1 2 3 4 5 6A 6B 7 8 9 10 11 12 13 14 15 16 17 18
12Z AVG MX 2MIN
DY MAX MIN AVG DEP HDD CDD WTR SNW DPTH SPD SPD DIR MIN PSBL S-S WX SPD DR
================================================================================
1 63 28 46 -15 19 0 0.00 0.0 0 4.6 12 180 M M 0 16 150
2 69 33 51 -10 14 0 0.00 0.0 0 6.6 17 210 M M 0 25 220
3 76 43 60 0 5 0 0.00 0.0 0 8.9 21 210 M M 1 30 210
4 77 50 64 4 1 0 0.00 0.0 0 9.1 18 210 M M 1 26 190
5 79 45 62 2 3 0 0.00 0.0 M 6.2 17 200 M M 0 12 24 180
6 86 61 74 15 0 9 0.00 0.0 0 12.7 20 200 M M 0 26 210
7 91 56 74 15 0 9 0.00 0.0 0 8.6 17 220 M M 0 22 180
8 92 56 74 16 0 9 0.00 0.0 0 9.2 18 200 M M 0 28 200
9 73 48 61 3 4 0 0.17 0.0 0 10.3 18 50 M M 9 18 25 30
10 56 47 52 -6 13 0 0.01 0.0 0 8.0 17 30 M M 10 24 30
11 58 52 55 -2 10 0 T 0.0 0 6.0 13 40 M M 10 1 17 50
12 59 45 52 -5 13 0 0.10 0.0 0 2.8 8 70 M M 8 12 11 60
13 56 50 53 -4 12 0 0.47 0.0 0 4.8 10 40 M M 10 1 16 80
14 66 51 59 3 6 0 0.00 0.0 0 2.0 8 240 M M 8 8 14 280
15 71 44 58 2 7 0 0.00 0.0 0 2.6 8 60 M M 1 12 12 90
16 72 47 60 4 5 0 0.00 0.0 0 7.4 18 220 M M 1 1 26 210
17 73 52 63 8 2 0 0.00 0.0 0 8.7 18 220 M M 0 26 220
18 60 54 57 2 8 0 0.00 0.0 0 5.7 10 150 M M 10 1 15 150
19 76 53 65 10 0 0 0.00 0.0 0 9.7 20 220 M M 5 26 220
20 71 51 61 7 4 0 0.00 0.0 0 11.3 23 310 M M 2 12 30 300
21 60 36 48 -6 17 0 0.00 0.0 0 13.3 29 360 M M 5 38 350
22 65 32 49 -5 16 0 0.00 0.0 0 5.5 10 260 M M 0 16 300
23 67 32 50 -3 15 0 0.00 0.0 0 7.7 20 210 M M 0 27 220
24 65 36 51 -2 14 0 0.00 0.0 0 4.5 10 120 M M 3 16 130
25 54 43 49 -4 16 0 T 0.0 0 4.7 14 150 M M 8 18 110
26 54 35 45 -7 20 0 T 0.0 0 8.2 18 10 M M 4 1 24 360
27 53 28 41 -11 24 0 0.00 0.0 0 4.4 12 90 M M 3 16 100
28 63 41 52 0 13 0 0.00 0.0 0 4.3 12 210 M M 3 17 220
29 65 34 50 -2 15 0 0.00 0.0 0 7.9 23 180 M M 6 33 170
30 74 44 59 8 6 0 0.00 0.0 0 10.1 24 280 M M 5 1 32 210
================================================================================
SM 2044 1327 282 27 0.75 0.0 215.8 M 113
================================================================================
AV 68.1 44.2 7.2 FASTST M M 4 MAX(MPH)
MISC ----> 29 360 38 350
================================================================================
NOTES:
# LAST OF SEVERAL OCCURRENCES
COLUMN 17 PEAK WIND IN M.P.H.
PRELIMINARY LOCAL CLIMATOLOGICAL DATA (WS FORM: F-6) , PAGE 2
STATION: SAN ANGELO
MONTH: NOVEMBER
YEAR: 2023
LATITUDE: 31 21 N
LONGITUDE: 100 30 W
[TEMPERATURE DATA] [PRECIPITATION DATA] SYMBOLS USED IN COLUMN 16
AVERAGE MONTHLY: 56.2 TOTAL FOR MONTH: 0.75 1 = FOG OR MIST
DPTR FM NORMAL: 0.3 DPTR FM NORMAL: -0.41 2 = FOG REDUCING VISIBILITY
HIGHEST: 92 ON 8 GRTST 24HR 0.57 ON 12-13 TO 1/4 MILE OR LESS
LOWEST: 28 ON 27, 1 3 = THUNDER
SNOW, ICE PELLETS, HAIL 4 = ICE PELLETS
TOTAL MONTH: 0.0 INCH 5 = HAIL
GRTST 24HR 0.0 6 = FREEZING RAIN OR DRIZZLE
GRTST DEPTH: 0 7 = DUSTSTORM OR SANDSTORM:
VSBY 1/2 MILE OR LESS
8 = SMOKE OR HAZE
[NO. OF DAYS WITH] [WEATHER - DAYS WITH] 9 = BLOWING SNOW
X = TORNADO
MAX 32 OR BELOW: 0 0.01 INCH OR MORE: 4
MAX 90 OR ABOVE: 2 0.10 INCH OR MORE: 3
MIN 32 OR BELOW: 4 0.50 INCH OR MORE: 0
MIN 0 OR BELOW: 0 1.00 INCH OR MORE: 0
[HDD (BASE 65) ]
TOTAL THIS MO. 282 CLEAR (SCALE 0-3) 15
DPTR FM NORMAL -12 PTCLDY (SCALE 4-7) 8
TOTAL FM JUL 1 364 CLOUDY (SCALE 8-10) 7
DPTR FM NORMAL -11
[CDD (BASE 65) ]
TOTAL THIS MO. 27
DPTR FM NORMAL 6 [PRESSURE DATA]
TOTAL FM JAN 1 3420 HIGHEST SLP 30.51 ON 1
DPTR FM NORMAL 636 LOWEST SLP 29.63 ON 19
[REMARKS]
#FINAL-11-23#