000
CXUS51 KBTV 010800
CF6SLK
PRELIMINARY LOCAL CLIMATOLOGICAL DATA (WS FORM: F-6)
STATION: SARANAC LAKE NY
MONTH: NOVEMBER
YEAR: 2021
LATITUDE: 44 23 N
LONGITUDE: 74 12 W
TEMPERATURE IN F: :PCPN: SNOW: WIND :SUNSHINE: SKY :PK WND
================================================================================
1 2 3 4 5 6A 6B 7 8 9 10 11 12 13 14 15 16 17 18
12Z AVG MX 2MIN
DY MAX MIN AVG DEP HDD CDD WTR SNW DPTH SPD SPD DIR MIN PSBL S-S WX SPD DR
================================================================================
1 47 32 40 3 25 0 0.02 M M 8.9 22 230 M M 7 1 31 230
2 40 30 35 -2 30 0 0.06 M M 6.8 15 220 M M 9 1 20 220
3 37 26 32 -5 33 0 0.08 M M 2.7 12 230 M M 9 12 16 10
4 40 19 30 -6 35 0 0.00 M M 2.3 14 220 M M 5 1 17 220
5 41 15 28 -8 37 0 0.00 M M 3.1 15 240 M M 4 12 22 230
6 47 16 32 -4 33 0 0.00 M M 2.7 15 220 M M 0 21 210
7 54 16 35 0 30 0 0.00 M M 2.3 13 220 M M 0 18 17 230
8 57 24 41 6 24 0 0.00 M M 1.2 8 220 M M 2 12 12 210
9 55 27 41 7 24 0 0.00 M M 2.0 9 240 M M 6 1 12 330
10 49 23 36 2 29 0 0.10 M M 3.7 14 260 M M 4 1 19 300
11 50 19 35 1 30 0 0.00 M M 4.6 21 160 M M 3 12 27 160
12 51 27 39 6 26 0 0.26 M M 9.6 24 170 M M 6 12 34 170
13 47 25 36 3 29 0 0.20 M M 5.3 17 210 M M 7 16 23 220
14 38 31 35 3 30 0 0.09 M M 5.6 15 240 M M 8 18 22 230
15 33 29 31 -1 34 0 0.06 M M 5.8 13 250 M M 10 1 22 260
16 31 23 27 -5 38 0 0.03 M M 4.7 14 230 M M 10 1 22 240
17 47 17 32 1 33 0 0.02 M M 4.7 15 230 M M 8 1 20 220
18 55 32 44 13 21 0 0.26 M M 9.9 18 210 M M 9 1 26 250
19 33 22 28 -3 37 0 0.01 M M 6.3 15 280 M M 9 1 27 260
20 39 12 26 -4 39 0 0.00 M M 3.2 13 210 M M 0 16 210
21 45 28 37 7 28 0 0.01 M M 6.9 20 200 M M 6 26 190
22 40 24 32 3 33 0 0.02 M M 10.8 20 240 M M 7 1 28 240
23 24 16 20 -9 45 0 T M M 5.1 12 270 M M 9 18 20 280
24 37 4 21 -8 44 0 0.00 M M 1.6 10 220 M M 0 14 220
25 40 17 29 1 36 0 0.12 M M 1.6 7 220 M M 7 1 9 230
26 35 22 29 1 36 0 0.30 M M 6.1 13 290 M M 10 1 23 290
27 23 5 14 -14 51 0 0.01 M M 6.9 15 290 M M 7 18 24 260
28 25 -2 12 -15 53 0 0.01 M M 1.9 9 70 M M 5 1 10 70
29 27 8 18 -9 47 0 T M M 1.1 8 290 M M 7 1 13 330
30 28 16 22 -4 43 0 0.03 M M 4.6 14 210 M M 10 1 18 220
================================================================================
SM 1215 603 1033 0 1.69 M 142.0 M 184
================================================================================
AV 40.5 20.1 4.7 FASTST M M 6 MAX(MPH)
MISC ----> 24 170 34 170
================================================================================
NOTES:
# LAST OF SEVERAL OCCURRENCES
COLUMN 17 PEAK WIND IN M.P.H.
PRELIMINARY LOCAL CLIMATOLOGICAL DATA (WS FORM: F-6) , PAGE 2
STATION: SARANAC LAKE NY
MONTH: NOVEMBER
YEAR: 2021
LATITUDE: 44 23 N
LONGITUDE: 74 12 W
[TEMPERATURE DATA] [PRECIPITATION DATA] SYMBOLS USED IN COLUMN 16
AVERAGE MONTHLY: 30.3 TOTAL FOR MONTH: 1.69 1 = FOG OR MIST
DPTR FM NORMAL: -1.6 DPTR FM NORMAL: -1.15 2 = FOG REDUCING VISIBILITY
HIGHEST: 57 ON 8 GRTST 24HR 0.42 ON 25-26 TO 1/4 MILE OR LESS
LOWEST: -2 ON 28 3 = THUNDER
SNOW, ICE PELLETS, HAIL 4 = ICE PELLETS
TOTAL MONTH: M 5 = HAIL
GRTST 24HR M ON M 6 = FREEZING RAIN OR DRIZZLE
GRTST DEPTH: M ON M 7 = DUSTSTORM OR SANDSTORM:
VSBY 1/2 MILE OR LESS
8 = SMOKE OR HAZE
[NO. OF DAYS WITH] [WEATHER - DAYS WITH] 9 = BLOWING SNOW
X = TORNADO
MAX 32 OR BELOW: 6 0.01 INCH OR MORE: 19
MAX 90 OR ABOVE: 0 0.10 INCH OR MORE: 6
MIN 32 OR BELOW: 30 0.50 INCH OR MORE: 0
MIN 0 OR BELOW: 1 1.00 INCH OR MORE: 0
[HDD (BASE 65) ]
TOTAL THIS MO. 1033 CLEAR (SCALE 0-3) 6
DPTR FM NORMAL 40 PTCLDY (SCALE 4-7) 15
TOTAL FM JUL 1 1983 CLOUDY (SCALE 8-10) 9
DPTR FM NORMAL -235
[CDD (BASE 65) ]
TOTAL THIS MO. 0
DPTR FM NORMAL 0 [PRESSURE DATA]
TOTAL FM JAN 1 222 HIGHEST SLP 30.50 ON 20
DPTR FM NORMAL 102 LOWEST SLP 29.50 ON 26
[REMARKS]
#FINAL-11-21#