000
CXUS56 KLOX 011256
CF6SMO
PRELIMINARY LOCAL CLIMATOLOGICAL DATA (WS FORM: F-6)
STATION: SANTA MONICA AIRPORT CA
MONTH: JANUARY
YEAR: 2024
LATITUDE: 34 0 N
LONGITUDE: 118 27 W
TEMPERATURE IN F: :PCPN: SNOW: WIND :SUNSHINE: SKY :PK WND
================================================================================
1 2 3 4 5 6A 6B 7 8 9 10 11 12 13 14 15 16 17 18
12Z AVG MX 2MIN
DY MAX MIN AVG DEP HDD CDD WTR SNW DPTH SPD SPD DIR MIN PSBL S-S WX SPD DR
================================================================================
1 68 49 59 2 6 0 0.00 M M 3.5 10 190 M M 0 16 80
2 65 45 55 -2 10 0 0.00 M M 3.8 10 220 M M 0 15 230
3 62 49 56 -1 9 0 0.19 M M 4.7 15 230 M M 3 1 25 230
4 65 49 57 0 8 0 0.00 M M 7.9 18 350 M M 0 38 350
5 65 45 55 -2 10 0 0.00 M M 3.8 10 230 M M 0 8 15 230
6 63 42 53 -4 12 0 0.00 M M 4.4 12 250 M M 0 23 270
7 58 48 53 -4 12 0 0.00 M M 10.4 21 10 M M 0 41 340
8 61 45 53 -4 12 0 0.00 M M 7.6 18 350 M M 0 38 360
9 62 41 52 -5 13 0 0.00 M M 3.6 9 220 M M 0 14 200
10 59 43 51 -6 14 0 0.00 M M 3.5 14 230 M M 0 21 230
11 64 47 56 -1 9 0 0.00 M M 6.7 20 350 M M 0 38 330
12 61 40 51 -6 14 0 0.00 M M 3.5 10 200 M M 0 14 250
13 61 42 52 -6 13 0 0.00 M M 3.0 10 210 M M 0 16 220
14 60 44 52 -6 13 0 0.00 M M 3.3 10 190 M M 3 1 14 190
15 60 45 53 -5 12 0 0.00 M M 3.0 10 220 M M 0 1 15 230
16 64 46 55 -3 10 0 0.00 M M 2.4 14 230 M M 2 18 20 230
17 59 54 57 -1 8 0 0.00 M M 2.3 7 230 M M 10 1 9 190
18 67 52 60 2 5 0 0.00 M M 2.2 12 210 M M 3 1 19 200
19 67 50 59 1 6 0 0.00 M M 3.1 9 240 M M 2 1 14 250
20 58 55 57 -1 8 0 0.46 M M 3.9 10 50 M M 9 1 20 40
21 64 55 60 2 5 0 0.05 M M 3.2 12 190 M M 8 1 14 190
22 59 55 57 0 8 0 1.30 M M 3.9 17 90 M M 10 1 26 80
23 66 50 58 1 7 0 0.00 M M 3.9 14 210 M M 4 12 24 330
24 63 55 59 2 6 0 0.00 M M 2.3 9 210 M M 6 11 210
25 62 51 57 0 8 0 T M M 3.9 13 230 M M 5 1 20 240
26 70 49 60 3 5 0 0.00 M M 3.3 9 200 M M 0 14 260
27 75 52 64 7 1 0 0.00 M M 3.8 8 210 M M 0 14 30
28 79 54 67 10 0 2 0.00 M M 3.6 12 200 M M 0 15 210
29 77 53 65 8 0 0 0.00 M M 4.5 10 230 M M 0 14 250
30 72 50 61 4 4 0 0.00 M M 3.3 10 200 M M 0 15 250
31 64 50 57 0 8 0 0.00 M M 4.0 13 80 M M 2 18 25 80
================================================================================
SM 2000 1505 256 2 2.00 M 126.3 M 67
================================================================================
AV 64.5 48.5 4.1 FASTST M M 2 MAX(MPH)
MISC ----> 21 10 41 340
================================================================================
NOTES:
# LAST OF SEVERAL OCCURRENCES
COLUMN 17 PEAK WIND IN M.P.H.
PRELIMINARY LOCAL CLIMATOLOGICAL DATA (WS FORM: F-6) , PAGE 2
STATION: SANTA MONICA AIRPORT CA
MONTH: JANUARY
YEAR: 2024
LATITUDE: 34 0 N
LONGITUDE: 118 27 W
[TEMPERATURE DATA] [PRECIPITATION DATA] SYMBOLS USED IN COLUMN 16
AVERAGE MONTHLY: 56.5 TOTAL FOR MONTH: 2.00 1 = FOG OR MIST
DPTR FM NORMAL: -0.8 DPTR FM NORMAL: -1.28 2 = FOG REDUCING VISIBILITY
HIGHEST: 79 ON 28 GRTST 24HR 1.30 ON 22-22 TO 1/4 MILE OR LESS
LOWEST: 40 ON 12 3 = THUNDER
SNOW, ICE PELLETS, HAIL 4 = ICE PELLETS
TOTAL MONTH: M 5 = HAIL
GRTST 24HR M ON M 6 = FREEZING RAIN OR DRIZZLE
GRTST DEPTH: M ON M 7 = DUSTSTORM OR SANDSTORM:
VSBY 1/2 MILE OR LESS
8 = SMOKE OR HAZE
[NO. OF DAYS WITH] [WEATHER - DAYS WITH] 9 = BLOWING SNOW
X = TORNADO
MAX 32 OR BELOW: 0 0.01 INCH OR MORE: 4
MAX 90 OR ABOVE: 0 0.10 INCH OR MORE: 3
MIN 32 OR BELOW: 0 0.50 INCH OR MORE: 1
MIN 0 OR BELOW: 0 1.00 INCH OR MORE: 1
[HDD (BASE 65) ]
TOTAL THIS MO. 256 CLEAR (SCALE 0-3) 21
DPTR FM NORMAL 12 PTCLDY (SCALE 4-7) 7
TOTAL FM JUL 1 507 CLOUDY (SCALE 8-10) 3
DPTR FM NORMAL -196
[CDD (BASE 65) ]
TOTAL THIS MO. 2
DPTR FM NORMAL -5 [PRESSURE DATA]
TOTAL FM JAN 1 2 HIGHEST SLP 30.30 ON 8
DPTR FM NORMAL -5 LOWEST SLP 29.71 ON 22
[REMARKS]
#FINAL-01-24#