000
CXUS56 KSGX 011102
CF6SNA
PRELIMINARY LOCAL CLIMATOLOGICAL DATA (WS FORM: F-6)
STATION: JOHN WAYNE AIRPORT CA
MONTH: JUNE
YEAR: 2023
LATITUDE: 33 40 N
LONGITUDE: 117 53 W
TEMPERATURE IN F: :PCPN: SNOW: WIND :SUNSHINE: SKY :PK WND
================================================================================
1 2 3 4 5 6A 6B 7 8 9 10 11 12 13 14 15 16 17 18
12Z AVG MX 2MIN
DY MAX MIN AVG DEP HDD CDD WTR SNW DPTH SPD SPD DIR MIN PSBL S-S WX SPD DR
================================================================================
1 68 59 64 -2 1 0 0.00 M M 5.2 12 180 M M 10 16 170
2 71 62 67 1 0 2 0.00 M M 4.2 13 220 M M 6 18 270
3 73 59 66 -1 0 1 0.00 M M 4.9 14 200 M M 4 22 210
4 70 61 66 -1 0 1 T M M 5.8 12 220 M M 8 15 220
5 66 59 63 -4 2 0 T M M 7.3 14 210 M M 9 1 19 210
6 69 60 65 -2 0 0 0.00 M M 6.6 15 210 M M 9 20 210
7 71 61 66 -1 0 1 T M M 5.9 16 210 M M 6 21 220
8 72 61 67 0 0 2 0.00 M M 4.1 14 210 M M 4 18 210
9 69 63 66 -1 0 1 0.00 M M 4.1 10 230 M M 9 14 230
10 70 62 66 -1 0 1 0.00 M M 4.6 13 210 M M 10 16 210
11 72 61 67 -1 0 2 T M M 8.7 20 180 M M 8 26 170
12 71 62 67 -1 0 2 0.02 M M 4.7 13 210 M M 8 18 16 210
13 72 63 68 0 0 3 0.00 M M 4.4 13 220 M M 6 17 240
14 69 63 66 -2 0 1 0.00 M M 5.1 9 230 M M 9 15 240
15 70 61 66 -2 0 1 0.00 M M 5.3 13 200 M M 9 1 16 200
16 75 64 70 2 0 5 0.00 M M 4.7 14 220 M M 6 17 210
17 77 63 70 2 0 5 0.00 M M 5.2 12 210 M M 5 8 17 200
18 72 63 68 -1 0 3 0.00 M M 6.1 15 180 M M 8 21 190
19 73 63 68 -1 0 3 0.00 M M 6.5 15 190 M M 8 21 180
20 75 63 69 0 0 4 0.00 M M 5.6 14 190 M M 4 18 210
21 75 60 68 -1 0 3 0.00 M M 5.5 15 190 M M 2 21 210
22 72 62 67 -2 0 2 0.00 M M 5.6 16 190 M M 6 22 210
23 74 61 68 -2 0 3 0.00 M M 5.5 15 210 M M 3 20 210
24 73 59 66 -4 0 1 0.00 M M 4.8 15 200 M M 3 22 190
25 74 62 68 -2 0 3 0.00 M M 4.7 13 220 M M 4 18 240
26 75 60 68 -2 0 3 0.00 M M 5.4 13 210 M M 2 16 250
27 73 61 67 -3 0 2 0.00 M M 5.6 15 200 M M 3 21 220
28 70 63 67 -3 0 2 0.00 M M 6.9 14 200 M M 7 19 190
29 74 63 69 -2 0 4 0.00 M M 6.1 13 210 M M 4 17 210
30 78 63 71 0 0 6 0.00 M M 5.7 13 210 M M 5 8 16 210
================================================================================
SM 2163 1847 3 67 0.02 M 164.8 M 185
================================================================================
AV 72.1 61.6 5.5 FASTST M M 6 MAX(MPH)
MISC ----> 20 180 26 170
================================================================================
NOTES:
# LAST OF SEVERAL OCCURRENCES
COLUMN 17 PEAK WIND IN M.P.H.
PRELIMINARY LOCAL CLIMATOLOGICAL DATA (WS FORM: F-6) , PAGE 2
STATION: JOHN WAYNE AIRPORT CA
MONTH: JUNE
YEAR: 2023
LATITUDE: 33 40 N
LONGITUDE: 117 53 W
[TEMPERATURE DATA] [PRECIPITATION DATA] SYMBOLS USED IN COLUMN 16
AVERAGE MONTHLY: 66.8 TOTAL FOR MONTH: 0.02 1 = FOG OR MIST
DPTR FM NORMAL: -1.5 DPTR FM NORMAL: 0.01 2 = FOG REDUCING VISIBILITY
HIGHEST: 78 ON 30 GRTST 24HR 0.02 ON 11-12 TO 1/4 MILE OR LESS
LOWEST: 59 ON 24, 5 3 = THUNDER
SNOW, ICE PELLETS, HAIL 4 = ICE PELLETS
TOTAL MONTH: M 5 = HAIL
GRTST 24HR M ON M 6 = FREEZING RAIN OR DRIZZLE
GRTST DEPTH: M ON M 7 = DUSTSTORM OR SANDSTORM:
VSBY 1/2 MILE OR LESS
8 = SMOKE OR HAZE
[NO. OF DAYS WITH] [WEATHER - DAYS WITH] 9 = BLOWING SNOW
X = TORNADO
MAX 32 OR BELOW: 0 0.01 INCH OR MORE: 1
MAX 90 OR ABOVE: 0 0.10 INCH OR MORE: 0
MIN 32 OR BELOW: 0 0.50 INCH OR MORE: 0
MIN 0 OR BELOW: 0 1.00 INCH OR MORE: 0
[HDD (BASE 65) ]
TOTAL THIS MO. 3 CLEAR (SCALE 0-3) 4
DPTR FM NORMAL -1 PTCLDY (SCALE 4-7) 17
TOTAL FM JUL 1 1193 CLOUDY (SCALE 8-10) 9
DPTR FM NORMAL 104
[CDD (BASE 65) ]
TOTAL THIS MO. 67
DPTR FM NORMAL -38 [PRESSURE DATA]
TOTAL FM JAN 1 85 HIGHEST SLP 30.07 ON 25
DPTR FM NORMAL -116 LOWEST SLP 29.81 ON 30
[REMARKS]
#FINAL-06-23#