000
CXUS56 KSGX 011045
CF6SNA
PRELIMINARY LOCAL CLIMATOLOGICAL DATA (WS FORM: F-6)
STATION: JOHN WAYNE AIRPORT CA
MONTH: JULY
YEAR: 2022
LATITUDE: 33 40 N
LONGITUDE: 117 53 W
TEMPERATURE IN F: :PCPN: SNOW: WIND :SUNSHINE: SKY :PK WND
================================================================================
1 2 3 4 5 6A 6B 7 8 9 10 11 12 13 14 15 16 17 18
12Z AVG MX 2MIN
DY MAX MIN AVG DEP HDD CDD WTR SNW DPTH SPD SPD DIR MIN PSBL S-S WX SPD DR
================================================================================
1 79 65 72 1 0 7 0.00 M M 6.3 15 190 M M 4 18 20 190
2 78 65 72 1 0 7 0.00 M M 6.3 15 200 M M 2 20 210
3 75 65 70 -1 0 5 0.00 M M 7.7 16 200 M M 4 22 220
4 76 64 70 -1 0 5 0.00 M M 6.2 14 200 M M 4 8 18 190
5 79 65 72 0 0 7 0.00 M M 6.4 14 200 M M 3 19 250
6 78 66 72 0 0 7 0.00 M M 4.2 13 220 M M 5 16 230
7 80 64 72 0 0 7 0.00 M M 6.4 17 200 M M 2 18 22 200
8 78 66 72 0 0 7 0.00 M M 6.3 14 190 M M 4 20 200
9 81 66 74 2 0 9 0.00 M M 5.2 13 210 M M 4 8 16 220
10 80 64 72 0 0 7 0.00 M M 6.2 15 200 M M 4 128 20 190
11 76 65 71 -1 0 6 0.00 M M 5.8 13 200 M M 6 18 210
12 76 64 70 -2 0 5 0.00 M M 5.8 13 200 M M 6 21 200
13 78 65 72 0 0 7 0.00 M M 4.3 12 220 M M 5 15 220
14 75 66 71 -2 0 6 0.00 M M 7.7 15 210 M M 4 21 210
15 80 66 73 0 0 8 0.00 M M 6.4 13 200 M M 3 19 180
16 79 67 73 0 0 8 0.00 M M 5.4 16 200 M M 5 8 19 200
17 82 66 74 1 0 9 0.00 M M 7.2 20 210 M M 6 18 23 220
18 83 69 76 3 0 11 0.00 M M 6.9 13 220 M M 3 17 190
19 85 68 77 4 0 12 0.00 M M 5.9 13 210 M M 2 17 210
20 86 69 78 5 0 13 0.00 M M 6.4 16 210 M M 4 20 200
21 81 67 74 1 0 9 0.00 M M 7.1 17 210 M M 5 21 200
22 79 68 74 1 0 9 0.00 M M 7.5 15 200 M M 6 19 200
23 80 69 75 2 0 10 0.00 M M 5.6 15 190 M M 7 20 230
24 79 69 74 1 0 9 0.00 M M 5.6 14 210 M M 8 19 230
25 77 69 73 0 0 8 0.00 M M 6.3 14 190 M M 8 18 220
26 79 68 74 1 0 9 0.00 M M 4.9 13 220 M M 5 17 210
27 80 67 74 1 0 9 0.00 M M 4.5 12 210 M M 5 19 220
28 79 66 73 0 0 8 0.00 M M 6.2 17 200 M M 6 20 190
29 79 68 74 1 0 9 0.00 M M 7.4 17 200 M M 4 22 200
30 82 69 76 3 0 11 0.00 M M 7.1 15 190 M M 5 19 190
31 84 71 78 4 0 13 0.02 M M 5.0 14 200 M M 6 16 210
================================================================================
SM 2463 2066 0 257 0.02 M 190.2 M 145
================================================================================
AV 79.5 66.6 6.1 FASTST M M 5 MAX(MPH)
MISC ----> 20 210 23 220
================================================================================
NOTES:
# LAST OF SEVERAL OCCURRENCES
COLUMN 17 PEAK WIND IN M.P.H.
PRELIMINARY LOCAL CLIMATOLOGICAL DATA (WS FORM: F-6) , PAGE 2
STATION: JOHN WAYNE AIRPORT CA
MONTH: JULY
YEAR: 2022
LATITUDE: 33 40 N
LONGITUDE: 117 53 W
[TEMPERATURE DATA] [PRECIPITATION DATA] SYMBOLS USED IN COLUMN 16
AVERAGE MONTHLY: 73.0 TOTAL FOR MONTH: 0.02 1 = FOG OR MIST
DPTR FM NORMAL: 0.5 DPTR FM NORMAL: -0.02 2 = FOG REDUCING VISIBILITY
HIGHEST: 86 ON 20 GRTST 24HR 0.02 ON 31-31 TO 1/4 MILE OR LESS
LOWEST: 64 ON 12,10 3 = THUNDER
SNOW, ICE PELLETS, HAIL 4 = ICE PELLETS
TOTAL MONTH: M 5 = HAIL
GRTST 24HR M ON M 6 = FREEZING RAIN OR DRIZZLE
GRTST DEPTH: M ON M 7 = DUSTSTORM OR SANDSTORM:
VSBY 1/2 MILE OR LESS
8 = SMOKE OR HAZE
[NO. OF DAYS WITH] [WEATHER - DAYS WITH] 9 = BLOWING SNOW
X = TORNADO
MAX 32 OR BELOW: 0 0.01 INCH OR MORE: 1
MAX 90 OR ABOVE: 0 0.10 INCH OR MORE: 0
MIN 32 OR BELOW: 0 0.50 INCH OR MORE: 0
MIN 0 OR BELOW: 0 1.00 INCH OR MORE: 0
[HDD (BASE 65) ]
TOTAL THIS MO. 0 CLEAR (SCALE 0-3) 5
DPTR FM NORMAL 0 PTCLDY (SCALE 4-7) 26
TOTAL FM JUL 1 0 CLOUDY (SCALE 8-10) 0
DPTR FM NORMAL 0
[CDD (BASE 65) ]
TOTAL THIS MO. 257
DPTR FM NORMAL 23 [PRESSURE DATA]
TOTAL FM JAN 1 678 HIGHEST SLP 30.09 ON 9
DPTR FM NORMAL 243 LOWEST SLP 29.80 ON 22
[REMARKS]
#FINAL-07-22#