000
CXUS56 KSGX 011045
CF6SNA
PRELIMINARY LOCAL CLIMATOLOGICAL DATA (WS FORM: F-6)
STATION: JOHN WAYNE AIRPORT CA
MONTH: MAY
YEAR: 2021
LATITUDE: 33 40 N
LONGITUDE: 117 53 W
TEMPERATURE IN F: :PCPN: SNOW: WIND :SUNSHINE: SKY :PK WND
================================================================================
1 2 3 4 5 6A 6B 7 8 9 10 11 12 13 14 15 16 17 18
12Z AVG MX 2MIN
DY MAX MIN AVG DEP HDD CDD WTR SNW DPTH SPD SPD DIR MIN PSBL S-S WX SPD DR
================================================================================
1 70 59 65 1 0 0 0.00 M M 8.9 20 190 M M 8 1 24 180
2 70 61 66 2 0 1 T M M 8.8 20 200 M M 7 23 190
3 75 61 68 4 0 3 0.00 M M 5.4 14 210 M M 3 18 220
4 78 61 70 6 0 5 0.00 M M 5.3 13 190 M M 5 1 18 180
5 75 61 68 4 0 3 0.00 M M 6.4 16 210 M M 6 18 20 180
6 71 62 67 2 0 2 0.00 M M 6.9 16 200 M M 8 20 200
7 70 61 66 1 0 1 0.00 M M 6.1 14 220 M M 8 20 250
8 71 61 66 1 0 1 0.00 M M 7.6 15 190 M M 5 20 210
9 69 60 65 0 0 0 0.00 M M 6.7 13 190 M M 7 17 200
10 68 60 64 -1 1 0 0.00 M M 7.3 15 180 M M 7 19 180
11 73 59 66 1 0 1 0.00 M M 4.9 14 200 M M 7 19 220
12 73 62 68 3 0 3 0.00 M M 5.3 14 210 M M 6 8 19 220
13 70 62 66 1 0 1 0.00 M M 4.2 12 220 M M 7 1 15 220
14 72 62 67 2 0 2 0.00 M M 5.3 14 210 M M 7 22 220
15 70 61 66 1 0 1 0.00 M M 7.7 15 180 M M 9 8 21 190
16 67 58 63 -2 2 0 0.10 M M 6.8 14 180 M M 9 1 20 210
17 68 59 64 -1 1 0 0.05 M M 5.3 12 220 M M 9 18 15 210
18 73 62 68 2 0 3 0.00 M M 4.0 14 210 M M 6 18 210
19 73 62 68 2 0 3 0.00 M M 6.0 15 200 M M 7 19 200
20 73 60 67 1 0 2 0.00 M M 8.4 20 170 M M 8 25 180
21 72 58 65 -1 0 0 0.00 M M 8.3 22 210 M M 5 8 28 210
22 69 56 63 -3 2 0 0.00 M M 6.2 17 190 M M 4 22 200
23 72 56 64 -2 1 0 0.00 M M 4.5 13 220 M M 0 17 230
24 84 59 72 6 0 7 0.00 M M 4.5 15 200 M M 0 19 200
25 81 62 72 6 0 7 0.00 M M 5.9 17 210 M M 3 22 210
26 74 61 68 2 0 3 0.00 M M 8.4 20 200 M M 4 24 200
27 71 61 66 0 0 1 0.00 M M 6.8 14 200 M M 5 20 200
28 72 61 67 1 0 2 T M M 6.7 15 200 M M 6 20 190
29 70 61 66 0 0 1 0.00 M M 7.2 16 200 M M 8 21 180
30 71 61 66 0 0 1 0.00 M M 6.7 14 190 M M 7 23 190
31 72 62 67 1 0 2 0.00 M M 6.3 13 180 M M 7 17 200
================================================================================
SM 2237 1872 7 56 0.15 M 198.8 M 188
================================================================================
AV 72.2 60.4 6.4 FASTST M M 6 MAX(MPH)
MISC ----> 22 210 28 210
================================================================================
NOTES:
# LAST OF SEVERAL OCCURRENCES
COLUMN 17 PEAK WIND IN M.P.H.
PRELIMINARY LOCAL CLIMATOLOGICAL DATA (WS FORM: F-6) , PAGE 2
STATION: JOHN WAYNE AIRPORT CA
MONTH: MAY
YEAR: 2021
LATITUDE: 33 40 N
LONGITUDE: 117 53 W
[TEMPERATURE DATA] [PRECIPITATION DATA] SYMBOLS USED IN COLUMN 16
AVERAGE MONTHLY: 66.3 TOTAL FOR MONTH: 0.15 1 = FOG OR MIST
DPTR FM NORMAL: 1.0 DPTR FM NORMAL: -0.12 2 = FOG REDUCING VISIBILITY
HIGHEST: 84 ON 24 GRTST 24HR 0.10 ON 16-16 TO 1/4 MILE OR LESS
LOWEST: 56 ON 23,22 3 = THUNDER
SNOW, ICE PELLETS, HAIL 4 = ICE PELLETS
TOTAL MONTH: M 5 = HAIL
GRTST 24HR M ON M 6 = FREEZING RAIN OR DRIZZLE
GRTST DEPTH: M ON M 7 = DUSTSTORM OR SANDSTORM:
VSBY 1/2 MILE OR LESS
8 = SMOKE OR HAZE
[NO. OF DAYS WITH] [WEATHER - DAYS WITH] 9 = BLOWING SNOW
X = TORNADO
MAX 32 OR BELOW: 0 0.01 INCH OR MORE: 2
MAX 90 OR ABOVE: 0 0.10 INCH OR MORE: 1
MIN 32 OR BELOW: 0 0.50 INCH OR MORE: 0
MIN 0 OR BELOW: 0 1.00 INCH OR MORE: 0
[HDD (BASE 65) ]
TOTAL THIS MO. 7 CLEAR (SCALE 0-3) 3
DPTR FM NORMAL -31 PTCLDY (SCALE 4-7) 24
TOTAL FM JUL 1 939 CLOUDY (SCALE 8-10) 4
DPTR FM NORMAL -150
[CDD (BASE 65) ]
TOTAL THIS MO. 56
DPTR FM NORMAL 9 [PRESSURE DATA]
TOTAL FM JAN 1 121 HIGHEST SLP 30.12 ON 23
DPTR FM NORMAL 25 LOWEST SLP 29.80 ON 2
[REMARKS]
#FINAL-05-21#