000
CXUS55 KPIH 012128
CF6SNT
PRELIMINARY LOCAL CLIMATOLOGICAL DATA (WS FORM: F-6)
STATION: STANLEY
MONTH: OCTOBER
YEAR: 2022
LATITUDE: 44 10 N
LONGITUDE: 114 56 W
TEMPERATURE IN F: :PCPN: SNOW: WIND :SUNSHINE: SKY :PK WND
================================================================================
1 2 3 4 5 6A 6B 7 8 9 10 11 12 13 14 15 16 17 18
12Z AVG MX 2MIN
DY MAX MIN AVG DEP HDD CDD WTR SNW DPTH SPD SPD DIR MIN PSBL S-S WX SPD DR
================================================================================
1 60 28 44 -1 21 0 0.00 M M 2.4 8 40 M M 0 14 20
2 57 34 46 1 19 0 0.00 M M 2.1 7 360 M M 0 9 350
3 68 28 48 3 17 0 0.00 M M 2.7 9 320 M M 0 15 320
4 71 25 48 4 17 0 0.00 M M 3.0 8 10 M M 0 13 40
5 73 25 49 5 16 0 0.00 M M 2.1 9 350 M M 0 13 360
6 75 26 51 7 14 0 0.00 M M 1.7 7 170 M M 0 12 350
7 74 26 50 7 15 0 0.00 M M 2.7 9 330 M M 0 16 340
8 71 26 49 6 16 0 0.00 M M 2.4 9 320 M M 0 15 280
9 71 23 47 4 18 0 0.00 M M 1.8 10 260 M M 0 15 260
10 69 20 45 3 20 0 0.00 M M 2.2 10 300 M M 0 18 280
11 66 25 46 4 19 0 0.00 M M 3.7 14 340 M M 0 22 340
12 70 21 46 5 19 0 0.00 M M 2.2 9 320 M M 0 13 20
13 73 20 47 6 18 0 0.00 M M 2.0 8 170 M M 0 12 290
14 72 17 45 4 20 0 0.00 M M 2.3 9 330 M M 0 14 320
15 69 20 45 5 20 0 0.00 M M 2.0 8 180 M M 0 14 330
16 71 18 45 5 20 0 0.00 M M 2.5 7 170 M M 0 12 320
17 73 18 46 6 19 0 0.00 M M 2.2 8 270 M M 0 13 280
18 74 20 47 8 18 0 0.00 M M 2.8 7 160 M M 0 11 320
19 73 20 47 8 18 0 0.00 M M 2.3 7 170 M M 0 11 350
20 68 19 44 6 21 0 0.00 M M 2.6 12 300 M M 0 18 320
21 60 29 45 7 20 0 0.19 M M 6.0 20 170 M M 0 35 210
22 41 24 33 -5 32 0 0.73 M M 4.3 13 350 M M 0 20 330
23 35 18 27 -10 38 0 0.00 M M 4.6 13 360 M M 0 21 300
24 39 12 26 -11 39 0 0.14 M M 2.6 14 200 M M 0 23 210
25 40 22 31 -5 34 0 0.00 M M 3.2 10 10 M M 0 15 10
26 35 12 24 -12 41 0 0.10 M M 2.8 13 320 M M 0 22 330
27 38 5 22 -13 43 0 0.00 M M 1.9 8 330 M M 0 12 200
28 47 10 29 -6 36 0 0.00 M M 0.7 8 310 M M 0 12 330
29 51 20 36 2 29 0 0.00 M M 1.7 7 320 M M 0 11 340
30 49 17 33 -1 32 0 0.00 M M 1.2 8 210 M M 0 12 210
31 56 30 43 9 22 0 0.00 M M 4.0 12 180 M M 0 22 180
================================================================================
SM 1889 658 731 0 1.16 M 80.7 M 0
================================================================================
AV 60.9 21.2 2.6 FASTST M M 0 MAX(MPH)
MISC ----> 20 170 35 210
================================================================================
NOTES:
# LAST OF SEVERAL OCCURRENCES
COLUMN 17 PEAK WIND IN M.P.H.
PRELIMINARY LOCAL CLIMATOLOGICAL DATA (WS FORM: F-6) , PAGE 2
STATION: STANLEY
MONTH: OCTOBER
YEAR: 2022
LATITUDE: 44 10 N
LONGITUDE: 114 56 W
[TEMPERATURE DATA] [PRECIPITATION DATA] SYMBOLS USED IN COLUMN 16
AVERAGE MONTHLY: 41.1 TOTAL FOR MONTH: 1.16 1 = FOG OR MIST
DPTR FM NORMAL: 1.4 DPTR FM NORMAL: -0.43 2 = FOG REDUCING VISIBILITY
HIGHEST: 75 ON 6 GRTST 24HR 0.91 ON 21-22 TO 1/4 MILE OR LESS
LOWEST: 5 ON 27 3 = THUNDER
SNOW, ICE PELLETS, HAIL 4 = ICE PELLETS
TOTAL MONTH: M 5 = HAIL
GRTST 24HR M ON M 6 = FREEZING RAIN OR DRIZZLE
GRTST DEPTH: M ON M 7 = DUSTSTORM OR SANDSTORM:
VSBY 1/2 MILE OR LESS
8 = SMOKE OR HAZE
[NO. OF DAYS WITH] [WEATHER - DAYS WITH] 9 = BLOWING SNOW
X = TORNADO
MAX 32 OR BELOW: 0 0.01 INCH OR MORE: 4
MAX 90 OR ABOVE: 0 0.10 INCH OR MORE: 4
MIN 32 OR BELOW: 30 0.50 INCH OR MORE: 1
MIN 0 OR BELOW: 0 1.00 INCH OR MORE: 0
[HDD (BASE 65) ]
TOTAL THIS MO. 731 CLEAR (SCALE 0-3) 31
DPTR FM NORMAL -52 PTCLDY (SCALE 4-7) 0
TOTAL FM JUL 1 1278 CLOUDY (SCALE 8-10) 0
DPTR FM NORMAL -341
[CDD (BASE 65) ]
TOTAL THIS MO. 0
DPTR FM NORMAL 0 [PRESSURE DATA]
TOTAL FM JAN 1 13 HIGHEST SLP M ON M
DPTR FM NORMAL 0 LOWEST SLP 29.26 ON 22
[REMARKS]
17TH: HIGH OF 73 BREAKS OLD RECORD OF 71 SET IN 1997.
18TH: HIGH OF 74 BREAKS OLD RECORD OF 72 SET IN 1977.
#FINAL-10-22#