000
CXUS55 KPIH 011611
CF6SNT
PRELIMINARY LOCAL CLIMATOLOGICAL DATA (WS FORM: F-6)
STATION: STANLEY
MONTH: AUGUST
YEAR: 2021
LATITUDE: 44 10 N
LONGITUDE: 114 56 W
TEMPERATURE IN F: :PCPN: SNOW: WIND :SUNSHINE: SKY :PK WND
================================================================================
1 2 3 4 5 6A 6B 7 8 9 10 11 12 13 14 15 16 17 18
12Z AVG MX 2MIN
DY MAX MIN AVG DEP HDD CDD WTR SNW DPTH SPD SPD DIR MIN PSBL S-S WX SPD DR
================================================================================
1 72 56 64 3 1 0 0.31 M M 2.9 13 150 M M 0 19 150
2 77 50 64 3 1 0 0.00 M M 3.1 17 60 M M 0 29 40
3 86 43 65 4 0 0 0.00 M M 3.6 13 320 M M 0 19 320
4 90 44 67 6 0 2 0.00 M M 4.6 22 270 M M 0 40 270
5 83 48 66 5 0 1 0.22 M M 2.0 12 90 M M 0 16 330
6 70 45 58 -2 7 0 0.02 M M 3.1 15 330 M M 0 29 330
7 80 37 59 -1 6 0 0.00 M M 3.9 13 260 M M 0 22 280
8 75 39 57 -3 8 0 0.02 M M 4.0 16 320 M M 0 33 230
9 76 29 53 -7 12 0 0.00 M M 2.8 13 310 M M 0 18 330
10 81 31 56 -4 9 0 0.00 M M 3.3 13 330 M M 0 21 350
11 88 38 63 3 2 0 0.00 M M 3.5 14 350 M M 0 22 350
12 91 39 65 5 0 0 0.00 M M 2.7 13 10 M M 0 19 340
13 93 42 68 9 0 3 0.00 M M 4.1 12 360 M M 0 20 340
14 89 41 65 6 0 0 0.00 M M 3.6 17 270 M M 0 29 320
15 90 39 65 6 0 0 0.00 M M 3.4 13 20 M M 0 19 10
16 89 43 66 7 0 1 0.00 M M 3.8 16 190 M M 0 25 190
17 75 42 59 1 6 0 0.00 M M 5.1 16 180 M M 0 26 310
18 69 32 51 -7 14 0 0.00 M M 3.8 14 330 M M 0 29 310
19 65 31 48 -10 17 0 0.00 M M 4.5 14 330 M M 0 23 330
20 74 34 54 -4 11 0 0.00 M M 4.5 13 160 M M 0 20 140
21 66 43 55 -2 10 0 0.06 M M 5.5 16 150 M M 0 29 170
22 71 30 51 -6 14 0 0.00 M M 3.9 13 180 M M 0 22 190
23 74 28 51 -6 14 0 0.00 M M 3.0 16 170 M M 0 28 180
24 77 26 52 -5 13 0 0.00 M M 3.3 12 200 M M 0 21 240
25 79 29 54 -2 11 0 0.00 M M 2.5 14 210 M M 0 25 210
26 72 32 52 -4 13 0 0.00 M M 3.1 15 200 M M 0 24 220
27 72 32 52 -4 13 0 0.00 M M 3.8 14 330 M M 0 22 320
28 77 27 52 -4 13 0 0.00 M M 3.6 10 10 M M 0 18 20
29 81 26 54 -1 11 0 0.00 M M 3.3 12 210 M M 0 20 210
30 81 30 56 1 9 0 0.00 M M 3.8 17 270 M M 0 26 270
31 M M M M M M M M M M M M M M 0 M M
================================================================================
SM 2363 1106 215 7 0.63 M 108.1 M 0
================================================================================
AV 78.8 36.9 3.6 FASTST M M 0 MAX(MPH)
MISC ----> 22 270 40 270
================================================================================
NOTES:
# LAST OF SEVERAL OCCURRENCES
COLUMN 17 PEAK WIND IN M.P.H.
31ST: OBS STOPPED AT 1251Z. PHONE COMPANY REPORTS PHONE LINES AND
POWER ARE WORKING INTO THE SITE, BUT NO AC POWER TO OUR EQUIPMENT.
CANNOT DIAL IN, NO DSM GENERATED. ALL DATA SET TO MISSING.
PRELIMINARY LOCAL CLIMATOLOGICAL DATA (WS FORM: F-6) , PAGE 2
STATION: STANLEY
MONTH: AUGUST
YEAR: 2021
LATITUDE: 44 10 N
LONGITUDE: 114 56 W
[TEMPERATURE DATA] [PRECIPITATION DATA] SYMBOLS USED IN COLUMN 16
AVERAGE MONTHLY: 57.8 TOTAL FOR MONTH: 0.63 1 = FOG OR MIST
DPTR FM NORMAL: -0.6 DPTR FM NORMAL: 0.15 2 = FOG REDUCING VISIBILITY
HIGHEST: 93 ON 13 GRTST 24HR 0.37 ON 31- 1 TO 1/4 MILE OR LESS
LOWEST: 26 ON 29,24 3 = THUNDER
SNOW, ICE PELLETS, HAIL 4 = ICE PELLETS
TOTAL MONTH: M 5 = HAIL
GRTST 24HR M ON M 6 = FREEZING RAIN OR DRIZZLE
GRTST DEPTH: M ON M 7 = DUSTSTORM OR SANDSTORM:
VSBY 1/2 MILE OR LESS
8 = SMOKE OR HAZE
[NO. OF DAYS WITH] [WEATHER - DAYS WITH] 9 = BLOWING SNOW
X = TORNADO
MAX 32 OR BELOW: 0 0.01 INCH OR MORE: 5
MAX 90 OR ABOVE: 4 0.10 INCH OR MORE: 2
MIN 32 OR BELOW: 13 0.50 INCH OR MORE: 0
MIN 0 OR BELOW: 0 1.00 INCH OR MORE: 0
[HDD (BASE 65) ]
TOTAL THIS MO. 215 CLEAR (SCALE 0-3) 31
DPTR FM NORMAL 5 PTCLDY (SCALE 4-7) 0
TOTAL FM JUL 1 251 CLOUDY (SCALE 8-10) 0
DPTR FM NORMAL -144
[CDD (BASE 65) ]
TOTAL THIS MO. 7
DPTR FM NORMAL 3 [PRESSURE DATA]
TOTAL FM JAN 1 44 HIGHEST SLP M ON M
DPTR FM NORMAL 31 LOWEST SLP 29.49 ON 17
[REMARKS]
1ST: RAINFALL OF 0.31 INCHES BREAKS PREVIOUS RECORD OF 0.18 INCHES
SET IN 1976.
12TH: HIGH OF 91 BREAKS PREVIOUS RECORD OF 90 SET IN 1996.
15TH: HIGH OF 90 BREAKS PREVIOUS RECORD OF 89 SET IN 1990.
#FINAL-08-21#