000
CXUS55 KCYS 011756
CF6SNY
PRELIMINARY LOCAL CLIMATOLOGICAL DATA (WS FORM: F-6)
STATION: SIDNEY NEBRASKA AIRPORT
MONTH: OCTOBER
YEAR: 2023
LATITUDE: 41 5 N
LONGITUDE: 102 59 W
TEMPERATURE IN F: :PCPN: SNOW: WIND :SUNSHINE: SKY :PK WND
================================================================================
1 2 3 4 5 6A 6B 7 8 9 10 11 12 13 14 15 16 17 18
12Z AVG MX 2MIN
DY MAX MIN AVG DEP HDD CDD WTR SNW DPTH SPD SPD DIR MIN PSBL S-S WX SPD DR
================================================================================
1 86 58 72 17 0 7 0.00 M M 19.1 32 170 M M 0 45 170
2 86 47 67 12 0 2 0.25 M M 11.5 32 150 M M 2 13 45 150
3 67 44 56 2 9 0 0.03 M M 7.5 22 300 M M 4 38 31 310
4 68 35 52 -2 13 0 T M M 6.9 18 230 M M 2 25 250
5 64 43 54 1 11 0 0.00 M M 8.5 21 350 M M 8 27 360
6 54 27 41 -12 24 0 0.00 M M 13.4 33 360 M M 3 44 360
7 72 26 49 -3 16 0 0.00 M M 6.3 12 310 M M 0 8 17 310
8 76 35 56 4 9 0 0.00 M M 6.3 14 360 M M 0 19 30
9 75 30 53 2 12 0 0.00 M M 6.9 16 170 M M 0 1 22 170
10 80 35 58 7 7 0 0.00 M M 5.7 13 160 M M 0 8 17 160
11 76 34 55 5 10 0 0.10 M M 9.3 22 310 M M 2 1 29 320
12 60 33 47 -3 18 0 0.27 M M 17.9 33 330 M M 6 1 46 330
13 48 27 38 -11 27 0 0.13 M M 22.4 38 340 M M 7 1 61 360
14 52 24 38 -11 27 0 0.00 M M 6.2 12 340 M M 0 14 40
15 61 23 42 -6 23 0 0.00 M M 5.8 14 30 M M 0 1 17 40
16 73 29 51 3 14 0 0.00 M M 5.3 13 330 M M 0 17 340
17 87 34 61 14 4 0 0.00 M M 11.5 30 340 M M 0 40 340
18 68 38 53 6 12 0 0.00 M M 15.4 35 330 M M 0 49 330
19 79 38 59 13 6 0 0.00 M M 14.0 30 350 M M 0 40 340
20 82 39 61 15 4 0 0.00 M M 11.3 21 350 M M 0 28 340
21 75 35 55 9 10 0 0.00 M M 10.4 20 140 M M 0 27 140
22 70 34 52 7 13 0 0.00 M M 7.9 22 140 M M 0 29 150
23 79 35 57 12 8 0 0.00 M M 7.1 17 340 M M 0 24 330
24 59 38 49 5 16 0 0.00 M M 8.7 20 330 M M 2 1 25 350
25 61 46 54 10 11 0 T M M 8.7 17 150 M M 8 12 23 140
26 50 19 35 -9 30 0 0.01 M M 15.5 26 340 M M 9 126 33 330
27 41 12 27 -16 38 0 0.00 M M 8.8 20 140 M M 4 27 150
28 27 18 23 -20 42 0 0.22 M M 8.8 18 140 M M 9 128 24 150
29 31 5 18 -24 47 0 0.02 M M 11.6 25 340 M M 6 18 34 340
30 46 1 24 -18 41 0 0.00 M M 10.4 23 240 M M 0 29 320
31 47 10 29 -13 36 0 0.00 M M 8.6 17 200 M M 0 24 190
================================================================================
SM 2000 952 538 9 1.03 M 317.7 M 72
================================================================================
AV 64.5 30.7 10.2 FASTST M M 2 MAX(MPH)
MISC ----> 38 340 61 360
================================================================================
NOTES:
# LAST OF SEVERAL OCCURRENCES
COLUMN 17 PEAK WIND IN M.P.H.
PRELIMINARY LOCAL CLIMATOLOGICAL DATA (WS FORM: F-6) , PAGE 2
STATION: SIDNEY NEBRASKA AIRPORT
MONTH: OCTOBER
YEAR: 2023
LATITUDE: 41 5 N
LONGITUDE: 102 59 W
[TEMPERATURE DATA] [PRECIPITATION DATA] SYMBOLS USED IN COLUMN 16
AVERAGE MONTHLY: 47.6 TOTAL FOR MONTH: 1.03 1 = FOG OR MIST
DPTR FM NORMAL: -0.5 DPTR FM NORMAL: 0.02 2 = FOG REDUCING VISIBILITY
HIGHEST: 87 ON 17 GRTST 24HR 0.34 ON 12-13 TO 1/4 MILE OR LESS
LOWEST: 1 ON 30 3 = THUNDER
SNOW, ICE PELLETS, HAIL 4 = ICE PELLETS
TOTAL MONTH: M 5 = HAIL
GRTST 24HR M ON M 6 = FREEZING RAIN OR DRIZZLE
GRTST DEPTH: M ON M 7 = DUSTSTORM OR SANDSTORM:
VSBY 1/2 MILE OR LESS
8 = SMOKE OR HAZE
[NO. OF DAYS WITH] [WEATHER - DAYS WITH] 9 = BLOWING SNOW
X = TORNADO
MAX 32 OR BELOW: 2 0.01 INCH OR MORE: 8
MAX 90 OR ABOVE: 0 0.10 INCH OR MORE: 5
MIN 32 OR BELOW: 13 0.50 INCH OR MORE: 0
MIN 0 OR BELOW: 0 1.00 INCH OR MORE: 0
[HDD (BASE 65) ]
TOTAL THIS MO. 538 CLEAR (SCALE 0-3) 22
DPTR FM NORMAL 12 PTCLDY (SCALE 4-7) 7
TOTAL FM JUL 1 638 CLOUDY (SCALE 8-10) 2
DPTR FM NORMAL -53
[CDD (BASE 65) ]
TOTAL THIS MO. 9
DPTR FM NORMAL 6 [PRESSURE DATA]
TOTAL FM JAN 1 610 HIGHEST SLP 30.61 ON 29
DPTR FM NORMAL -82 LOWEST SLP 29.31 ON 11
[REMARKS]
#FINAL-10-23#
OCTOBER 1... RECORD HIGH MINIMUM TEMPERATURE: 58F (PREVIOUS: 55F IN 2015)
THIS ALSO BROKE THE MONTHLY RECORD FOR WARMEST DAILY MINIMUM TEMPERATURE IN OCTOBER
(PREVIOUS: 57F ON OCTOBER 5TH, 2011)
OCTOBER 17... RECORD HIGH TEMPERATURE: 87F (PREVIOUS: 85F IN 2003)
OCTOBER 20... RECORD HIGH TEMPERATURE TIED: 82F (PREVIOUS IN 2022)
OCTOBER 25... RECORD HIGH MINIMUM TEMPERATURE: 46F (PREVIOUS: 42F IN 1959 AND 1982)
OCTOBER 28... RECORD LOW MAXIMUM TEMPERATURE: 27F (PREVIOUS: 30F IN 1971, 1980, 2019)
OCTOBER 30... RECORD LOW TEMPERATURE: 1F (PREVIOUS: 4F IN 1991)