000
CXUS56 KPQR 181201
CF6SPB
PRELIMINARY LOCAL CLIMATOLOGICAL DATA (WS FORM: F-6)
STATION: SCAPPOOSE OR
MONTH: APRIL
YEAR: 2024
LATITUDE: 45 46 N
LONGITUDE: 122 50 W
TEMPERATURE IN F: :PCPN: SNOW: WIND :SUNSHINE: SKY :PK WND
================================================================================
1 2 3 4 5 6A 6B 7 8 9 10 11 12 13 14 15 16 17 18
12Z AVG MX 2MIN
DY MAX MIN AVG DEP HDD CDD WTR SNW DPTH SPD SPD DIR MIN PSBL S-S WX SPD DR
================================================================================
1 69 37 53 5 12 0 0.00 M M 1.8 7 290 M M 0 10 290
2 76 42 59 11 6 0 0.00 M M 4.0 15 310 M M 3 25 310
3 53 38 46 -2 19 0 T M M 3.7 13 330 M M 6 21 320
4 53 38 46 -2 19 0 0.03 M M 5.1 15 350 M M 7 20 340
5 54 37 46 -3 19 0 0.08 M M 2.5 14 130 M M 8 1 20 300
6 55 36 46 -3 19 0 0.12 M M 2.3 10 160 M M 9 1 15 140
7 58 43 51 2 14 0 0.07 M M 4.0 17 230 M M 9 23 230
8 56 40 48 -1 17 0 T M M 3.0 10 160 M M 10 1 17 150
9 64 44 54 5 11 0 0.04 M M 4.6 17 360 M M 7 24 360
10 67 36 52 3 13 0 0.00 M M 3.6 12 360 M M 0 16 320
11 63 39 51 2 14 0 0.02 M M 2.2 10 250 M M 4 15 360
12 69 47 58 8 7 0 0.00 M M 6.4 14 340 M M 4 1 20 340
13 70 49 60 10 5 0 0.00 M M 4.6 10 220 M M 1 14 210
14 68 45 57 7 8 0 0.00 M M 6.6 16 280 M M 1 32 300
15 60 42 51 1 14 0 T M M 5.9 16 310 M M 6 26 330
16 56 41 49 -1 16 0 T M M 4.2 16 310 M M 5 27 310
17 65 33 49 -1 16 0 0.00 M M 5.5 13 340 M M 0 20 320
================================================================================
SM 1056 687 229 0 0.36 M 70.0 M 80
================================================================================
AV 62.1 40.4 4.1 FASTST M M 5 MAX(MPH)
MISC ----> # 17 230 32 300
================================================================================
NOTES:
# LAST OF SEVERAL OCCURRENCES
COLUMN 17 PEAK WIND IN M.P.H.
PRELIMINARY LOCAL CLIMATOLOGICAL DATA (WS FORM: F-6) , PAGE 2
STATION: SCAPPOOSE OR
MONTH: APRIL
YEAR: 2024
LATITUDE: 45 46 N
LONGITUDE: 122 50 W
[TEMPERATURE DATA] [PRECIPITATION DATA] SYMBOLS USED IN COLUMN 16
AVERAGE MONTHLY: 51.3 TOTAL FOR MONTH: 0.36 1 = FOG OR MIST
DPTR FM NORMAL: 2.1 DPTR FM NORMAL: -1.57 2 = FOG REDUCING VISIBILITY
HIGHEST: 76 ON 2 GRTST 24HR 0.13 ON 5- 6 TO 1/4 MILE OR LESS
LOWEST: 33 ON 17 3 = THUNDER
SNOW, ICE PELLETS, HAIL 4 = ICE PELLETS
TOTAL MONTH: M 5 = HAIL
GRTST 24HR M ON M 6 = FREEZING RAIN OR DRIZZLE
GRTST DEPTH: M ON M 7 = DUSTSTORM OR SANDSTORM:
VSBY 1/2 MILE OR LESS
8 = SMOKE OR HAZE
[NO. OF DAYS WITH] [WEATHER - DAYS WITH] 9 = BLOWING SNOW
X = TORNADO
MAX 32 OR BELOW: 0 0.01 INCH OR MORE: 6
MAX 90 OR ABOVE: 0 0.10 INCH OR MORE: 1
MIN 32 OR BELOW: 0 0.50 INCH OR MORE: 0
MIN 0 OR BELOW: 0 1.00 INCH OR MORE: 0
[HDD (BASE 65) ]
TOTAL THIS MO. 229 CLEAR (SCALE 0-3) 6
DPTR FM NORMAL -40 PTCLDY (SCALE 4-7) 8
TOTAL FM JUL 1 3630 CLOUDY (SCALE 8-10) 3
DPTR FM NORMAL -510
[CDD (BASE 65) ]
TOTAL THIS MO. 0
DPTR FM NORMAL 0 [PRESSURE DATA]
TOTAL FM JAN 1 0 HIGHEST SLP M ON M
DPTR FM NORMAL 0 LOWEST SLP 29.70 ON 12
[REMARKS]