000
CXUS56 KPQR 162302
CF6SPB
PRELIMINARY LOCAL CLIMATOLOGICAL DATA (WS FORM: F-6)
STATION: SCAPPOOSE OR
MONTH: JUNE
YEAR: 2023
LATITUDE: 45 46 N
LONGITUDE: 122 50 W
TEMPERATURE IN F: :PCPN: SNOW: WIND :SUNSHINE: SKY :PK WND
================================================================================
1 2 3 4 5 6A 6B 7 8 9 10 11 12 13 14 15 16 17 18
12Z AVG MX 2MIN
DY MAX MIN AVG DEP HDD CDD WTR SNW DPTH SPD SPD DIR MIN PSBL S-S WX SPD DR
================================================================================
1 72 41 57 -3 8 0 0.00 M M 6.3 16 10 M M 1 22 20
2 76 42 59 -1 6 0 0.00 M M 4.8 15 360 M M 0 20 10
3 80 45 63 3 2 0 0.00 M M 7.9 17 360 M M 0 24 20
4 77 50 64 4 1 0 0.00 M M 11.8 23 360 M M 1 31 360
5 81 55 68 8 0 3 0.00 M M 13.6 21 340 M M 0 32 340
6 90 60 75 15 0 10 0.00 M M 9.3 17 350 M M 0 23 340
7 82 53 68 8 0 3 0.00 M M 4.5 12 20 M M 0 15 360
8 71 54 63 2 2 0 T M M 3.8 12 10 M M 5 14 360
9 60 54 57 -4 8 0 0.17 M M 3.1 10 360 M M 10 1 15 360
10 70 52 61 0 4 0 0.00 M M 5.3 16 10 M M 6 22 10
11 76 57 67 6 0 2 0.00 M M 11.5 21 340 M M 2 30 320
12 89 58 74 13 0 9 0.00 M M 7.6 16 10 M M 0 21 10
13 73 54 64 3 1 0 0.00 M M 6.9 16 320 M M 4 24 290
14 69 47 58 -3 7 0 T M M 6.8 16 280 M M 7 25 280
15 76 42 59 -3 6 0 0.00 M M 5.0 15 350 M M 2 21 20
16 78 48 63 1 2 0 0.00 M M 5.4 18 360 M M 2 23 10
17 67 51 59 -3 6 0 0.00 M M 7.1 16 340 M M 9 23 310
18 62 49 56 -6 9 0 0.15 M M 3.1 14 310 M M 9 1 24 310
19 63 45 54 -8 11 0 0.20 M M 4.1 13 280 M M 8 19 310
20 66 41 54 -8 11 0 T M M 4.0 12 240 M M 6 12 19 170
21 78 44 61 -2 4 0 0.00 M M 5.7 14 10 M M 2 12 18 10
22 86 58 72 9 0 7 0.00 M M 6.6 15 360 M M 0 21 360
23 82 55 69 6 0 4 T M M 6.4 15 360 M M 1 3 21 360
24 81 46 64 1 1 0 0.00 M M 6.3 17 360 M M 0 23 360
25 83 53 68 4 0 3 0.00 M M 8.0 16 10 M M 0 22 340
26 81 54 68 4 0 3 0.00 M M 7.1 14 330 M M 1 8 18 330
27 80 54 67 3 0 2 0.00 M M 5.8 10 360 M M 4 15 30
28 86 53 70 6 0 5 0.00 M M 5.0 15 360 M M 0 19 350
29 88 54 71 7 0 6 0.00 M M 6.9 17 10 M M 0 22 10
30 83 59 71 6 0 6 0.00 M M 10.2 20 360 M M 0 28 360
================================================================================
SM 2306 1528 89 63 0.52 M 199.9 M 80
================================================================================
AV 76.9 50.9 6.7 FASTST M M 3 MAX(MPH)
MISC ----> 23 360 32 340
================================================================================
NOTES:
# LAST OF SEVERAL OCCURRENCES
COLUMN 17 PEAK WIND IN M.P.H.
PRELIMINARY LOCAL CLIMATOLOGICAL DATA (WS FORM: F-6) , PAGE 2
STATION: SCAPPOOSE OR
MONTH: JUNE
YEAR: 2023
LATITUDE: 45 46 N
LONGITUDE: 122 50 W
[TEMPERATURE DATA] [PRECIPITATION DATA] SYMBOLS USED IN COLUMN 16
AVERAGE MONTHLY: 63.9 TOTAL FOR MONTH: 0.52 1 = FOG OR MIST
DPTR FM NORMAL: 2.1 DPTR FM NORMAL: -0.85 2 = FOG REDUCING VISIBILITY
HIGHEST: 90 ON 6 GRTST 24HR 0.22 ON 18-19 TO 1/4 MILE OR LESS
LOWEST: 41 ON 20, 1 3 = THUNDER
SNOW, ICE PELLETS, HAIL 4 = ICE PELLETS
TOTAL MONTH: M 5 = HAIL
GRTST 24HR M ON M 6 = FREEZING RAIN OR DRIZZLE
GRTST DEPTH: M ON M 7 = DUSTSTORM OR SANDSTORM:
VSBY 1/2 MILE OR LESS
8 = SMOKE OR HAZE
[NO. OF DAYS WITH] [WEATHER - DAYS WITH] 9 = BLOWING SNOW
X = TORNADO
MAX 32 OR BELOW: 0 0.01 INCH OR MORE: 3
MAX 90 OR ABOVE: 1 0.10 INCH OR MORE: 3
MIN 32 OR BELOW: 0 0.50 INCH OR MORE: 0
MIN 0 OR BELOW: 0 1.00 INCH OR MORE: 0
[HDD (BASE 65) ]
TOTAL THIS MO. 89 CLEAR (SCALE 0-3) 20
DPTR FM NORMAL -41 PTCLDY (SCALE 4-7) 7
TOTAL FM JUL 1 4590 CLOUDY (SCALE 8-10) 3
DPTR FM NORMAL -101
[CDD (BASE 65) ]
TOTAL THIS MO. 63
DPTR FM NORMAL 28 [PRESSURE DATA]
TOTAL FM JAN 1 125 HIGHEST SLP 30.23 ON 21
DPTR FM NORMAL 78 LOWEST SLP 29.68 ON 6
[REMARKS]
#FINAL-06-23#