000
CXUS55 KPUB 011210
CF6SPD
PRELIMINARY LOCAL CLIMATOLOGICAL DATA (WS FORM: F-6)
STATION: SPRINGFIELD CO
MONTH: JUNE
YEAR: 2022
LATITUDE: 37 16 N
LONGITUDE: 102 37 W
TEMPERATURE IN F: :PCPN: SNOW: WIND :SUNSHINE: SKY :PK WND
================================================================================
1 2 3 4 5 6A 6B 7 8 9 10 11 12 13 14 15 16 17 18
12Z AVG MX 2MIN
DY MAX MIN AVG DEP HDD CDD WTR SNW DPTH SPD SPD DIR MIN PSBL S-S WX SPD DR
================================================================================
1 63 49 56 -11 9 0 0.00 M M 11.2 22 10 M M 0 29 20
2 66 52 59 -8 6 0 0.00 M M 11.0 22 150 M M 0 29 160
3 79 53 66 -2 0 1 0.17 M M 14.2 30 170 M M 0 40 360
4 89 53 71 3 0 6 0.00 M M 10.7 29 150 M M 0 37 140
5 88 59 74 6 0 9 0.00 M M 7.6 24 70 M M 0 34 60
6 89 58 74 5 0 9 0.05 M M 10.2 32 10 M M 0 55 260
7 85 59 72 3 0 7 0.11 M M 14.6 35 180 M M 0 44 180
8 76 55 66 -3 0 1 0.31 M M 13.7 31 20 M M 0 45 20
9 92 60 76 6 0 11 0.01 M M 16.0 40 190 M M 0 55 190
10 92 58 75 5 0 10 0.00 M M 9.1 18 320 M M 0 25 320
11 104 63 84 14 0 19 0.00 M M 9.9 18 120 M M 0 26 320
12 105 66 86 16 0 21 0.00 M M 7.9 26 170 M M 0 36 160
13 104 72 88 17 0 23 0.00 M M 19.8 39 190 M M 0 53 230
14 99 64 82 11 0 17 0.00 M M 14.4 33 190 M M 0 43 190
15 87 55 71 0 0 6 0.00 M M 11.9 26 360 M M 0 35 10
16 101 56 79 7 0 14 0.00 M M 11.3 25 160 M M 0 39 190
17 96 67 82 10 0 17 0.00 M M 19.4 32 180 M M M 46 170
18 95 62 79 7 0 14 0.00 M M 21.2 32 170 M M M 52 180
19 96 67 82 10 0 17 0.00 M M 21.7 36 190 M M 0 50 200
20 93 66 80 7 0 15 0.01 M M 21.0 38 170 M M M 50 180
21 75 58 67 -6 0 2 0.12 M M 10.9 21 30 M M M 27 30
22 79 61 70 -3 0 5 0.09 M M 4.0 18 150 M M M 24 140
23 96 62 79 6 0 14 0.00 M M 16.8 47 180 M M M 33 190
24 99 66 83 10 0 18 0.00 M M 12.2 25 350 M M 0 34 200
25 77 61 69 -5 0 4 0.20 M M 12.7 31 360 M M M 39 10
26 65 56 61 -13 4 0 0.14 M M 6.3 14 40 M M M 18 40
27 65 50 58 -16 7 0 0.43 M M 10.1 24 180 M M 0 31 180
28 87 51 69 -5 0 4 0.00 M M 9.5 16 200 M M 0 22 200
29 94 59 77 3 0 12 0.00 M M 13.8 25 190 M M M 36 170
30 98 65 82 8 0 17 0.00 M M 14.4 39 320 M M M 56 320
================================================================================
SM 2634 1783 26 293 1.64 M 387.5 M 0
================================================================================
AV 87.8 59.4 12.9 FASTST M M 0 MAX(MPH)
MISC ----> 47 180 56 320
================================================================================
NOTES:
# LAST OF SEVERAL OCCURRENCES
COLUMN 17 PEAK WIND IN M.P.H.
PRELIMINARY LOCAL CLIMATOLOGICAL DATA (WS FORM: F-6) , PAGE 2
STATION: SPRINGFIELD CO
MONTH: JUNE
YEAR: 2022
LATITUDE: 37 16 N
LONGITUDE: 102 37 W
[TEMPERATURE DATA] [PRECIPITATION DATA] SYMBOLS USED IN COLUMN 16
AVERAGE MONTHLY: 73.6 TOTAL FOR MONTH: 1.64 1 = FOG OR MIST
DPTR FM NORMAL: 2.4 DPTR FM NORMAL: -0.21 2 = FOG REDUCING VISIBILITY
HIGHEST: 105 ON 12 GRTST 24HR 0.43 ON 27-27 TO 1/4 MILE OR LESS
LOWEST: 49 ON 1 3 = THUNDER
SNOW, ICE PELLETS, HAIL 4 = ICE PELLETS
TOTAL MONTH: M 5 = HAIL
GRTST 24HR M ON M 6 = FREEZING RAIN OR DRIZZLE
GRTST DEPTH: M ON M 7 = DUSTSTORM OR SANDSTORM:
VSBY 1/2 MILE OR LESS
8 = SMOKE OR HAZE
[NO. OF DAYS WITH] [WEATHER - DAYS WITH] 9 = BLOWING SNOW
X = TORNADO
MAX 32 OR BELOW: 0 0.01 INCH OR MORE: 11
MAX 90 OR ABOVE: 15 0.10 INCH OR MORE: 7
MIN 32 OR BELOW: 0 0.50 INCH OR MORE: 0
MIN 0 OR BELOW: 0 1.00 INCH OR MORE: 0
[HDD (BASE 65) ]
TOTAL THIS MO. 26 CLEAR (SCALE 0-3) 20
DPTR FM NORMAL 3 PTCLDY (SCALE 4-7) 0
TOTAL FM JUL 1 4587 CLOUDY (SCALE 8-10) 10
DPTR FM NORMAL -825
[CDD (BASE 65) ]
TOTAL THIS MO. 293
DPTR FM NORMAL 84 [PRESSURE DATA]
TOTAL FM JAN 1 425 HIGHEST SLP M ON M
DPTR FM NORMAL 167 LOWEST SLP 29.36 ON 13
[REMARKS]
#FINAL-06-22#