000
CXUS54 KOUN 011248
CLMSPS
CLIMATE REPORT
NATIONAL WEATHER SERVICE NORMAN OK
748 AM CDT MON MAY 01 2023
...................................
...THE WICHITA FALLS CLIMATE SUMMARY FOR THE MONTH OF APRIL 2023...
CLIMATE NORMAL PERIOD 1991 TO 2020
CLIMATE RECORD PERIOD 1897 TO 2023
WEATHER OBSERVED NORMAL DEPART LAST YEAR`S
VALUE DATE(S) VALUE FROM VALUE
NORMAL
..............................................................
TEMPERATURE (F)
RECORD
HIGH 103 04/18/2011
LOW 24 04/03/1975
HIGHEST 92 92 0 99
LOWEST 34 34 0 36
AVG. MAXIMUM 75.0 76.0 -1.0 81.0
AVG. MINIMUM 47.7 49.6 -1.9 51.1
MEAN 61.4 62.8 -1.4 66.1
DAYS MAX >= 90 2 1.8 0.2 8
DAYS MAX <= 32 0 0.0 0.0 0
DAYS MIN <= 32 0 0.5 -0.5 0
DAYS MIN <= 0 0 0.0 0.0 0
PRECIPITATION (INCHES)
RECORD
MAXIMUM 8.50 1957
MINIMUM 0.08 1996
TOTALS 2.22 2.50 -0.28 1.65
DAILY AVG. 0.07 0.08 -0.01 0.06
DAYS >= .01 6 6.6 -0.6 4
DAYS >= .10 2 3.7 -1.7 4
DAYS >= .50 1 1.5 -0.5 2
DAYS >= 1.00 1 0.7 0.3 0
GREATEST
24 HR. TOTAL 1.65 04/26 TO 04/26
SNOWFALL (INCHES)
TOTALS 0.0 0.0 0.0
SINCE 7/1 2.0 3.1 -1.1
DEGREE DAYS
HEATING TOTAL 139 137 2
SINCE 7/1 2591 2872 -281
COOLING TOTAL 39 71 -32
SINCE 1/1 63 96 -33
..............................................................
WIND (MPH)
AVERAGE WIND SPEED 12.2
HIGHEST WIND SPEED/DIRECTION 41/140 DATE 04/26
HIGHEST GUST SPEED/DIRECTION 51/150 DATE 04/26
WEATHER CONDITIONS. NUMBER OF DAYS WITH
THUNDERSTORM 4 MIXED PRECIP 0
HEAVY RAIN 1 RAIN 2
LIGHT RAIN 8 FREEZING RAIN 0
LT FREEZING RAIN 0 HAIL 2
HEAVY SNOW 0 SNOW 0
LIGHT SNOW 0 SLEET 0
FOG 5 FOG W/VIS <= 1/4 MILE 0
HAZE 1
- INDICATES NEGATIVE NUMBERS.
R INDICATES RECORD WAS SET OR TIED.
MM INDICATES DATA IS MISSING.
T INDICATES TRACE AMOUNT.
................................................................
RECORDS/REMARKS
JANUARY - APRIL PRECIPITATION TOTAL IS 7.97 INCHES.
$$