000
CXUS52 KTBW 011243
CF6SRQ
PRELIMINARY LOCAL CLIMATOLOGICAL DATA (WS FORM: F-6)
STATION: SARASOTA BRADENTON
MONTH: JUNE
YEAR: 2023
LATITUDE: 27 23 N
LONGITUDE: 82 33 W
TEMPERATURE IN F: :PCPN: SNOW: WIND :SUNSHINE: SKY :PK WND
================================================================================
1 2 3 4 5 6A 6B 7 8 9 10 11 12 13 14 15 16 17 18
12Z AVG MX 2MIN
DY MAX MIN AVG DEP HDD CDD WTR SNW DPTH SPD SPD DIR MIN PSBL S-S WX SPD DR
================================================================================
1 88 70 79 -1 0 14 0.12 0.0 0 7.4 16 30 M M 3 13 24 20
2 88 71 80 0 0 15 0.38 0.0 0 8.3 17 240 M M 3 13 22 240
3 88 71 80 -1 0 15 0.00 0.0 0 8.0 16 70 M M 2 38 24 290
4 90 70 80 -1 0 15 0.00 0.0 0 8.5 25 10 M M 3 32 10
5 90 71 81 0 0 16 0.03 0.0 0 8.8 15 110 M M 3 20 90
6 91 70 81 0 0 16 0.00 0.0 0 7.8 16 290 M M 0 22 160
7 86 73 80 -1 0 15 T 0.0 0 8.0 15 250 M M 3 23 230
8 86 79 83 2 0 18 0.01 0.0 0 7.9 14 280 M M 2 23 250
9 87 77 82 1 0 17 0.00 0.0 0 8.4 16 270 M M 1 22 260
10 87 74 81 0 0 16 0.00 0.0 0 5.5 14 280 M M 0 21 270
11 88 74 81 -1 0 16 0.00 0.0 0 6.8 14 250 M M 1 28 230
12 89 80 85 3 0 20 0.00 0.0 0 6.9 13 270 M M 1 23 250
13 90 78 84 2 0 19 0.00 0.0 0 7.9 14 290 M M 2 20 290
14 91 78 85 3 0 20 0.00 0.0 0 9.7 16 210 M M 4 23 220
15 91 77 84 2 0 19 0.00 0.0 0 9.5 21 210 M M 1 28 220
16 90 76 83 1 0 18 T 0.0 0 12.2 22 320 M M 4 3 34 320
17 91 83 87 5 0 22 0.01 0.0 0 11.9 22 260 M M 4 32 250
18 89 72 81 -1 0 16 0.91 0.0 0 9.8 29 330 M M 4 138 42 330
19 90 81 86 4 0 21 0.00 0.0 0 10.4 16 270 M M 1 26 320
20 90 83 87 5 0 22 0.00 0.0 0 14.2 24 250 M M 4 3 34 260
21 89 72 81 -1 0 16 0.86 0.0 0 11.3 24 340 M M 4 138 35 20
22 90 73 82 0 0 17 0.00 0.0 0 10.3 17 190 M M 1 22 190
23 91 77 84 2 0 19 0.06 0.0 0 7.9 14 350 M M 1 138 20 210
24 91 76 84 2 0 19 0.00 0.0 0 5.2 14 290 M M 1 20 280
25 90 79 85 2 0 20 0.00 0.0 0 7.0 16 290 M M 2 22 290
26 89 76 83 0 0 18 0.00 0.0 0 7.2 16 270 M M 0 22 260
27 89 81 85 2 0 20 0.00 0.0 0 9.0 14 280 M M 1 20 280
28 91 83 87 4 0 22 0.00 0.0 0 10.9 18 290 M M 5 26 300
29 93 81 87 4 0 22 T 0.0 0 9.2 18 300 M M 3 38 23 290
30 98 77 88 5 0 23 0.00 0.0 0 7.9 16 90 M M 1 22 80
================================================================================
SM 2691 2283 0 546 2.38 0.0 263.8 M 65
================================================================================
AV 89.7 76.1 8.8 FASTST M M 2 MAX(MPH)
MISC ----> 29 330 42 330
================================================================================
NOTES:
# LAST OF SEVERAL OCCURRENCES
COLUMN 17 PEAK WIND IN M.P.H.
PRELIMINARY LOCAL CLIMATOLOGICAL DATA (WS FORM: F-6) , PAGE 2
STATION: SARASOTA BRADENTON
MONTH: JUNE
YEAR: 2023
LATITUDE: 27 23 N
LONGITUDE: 82 33 W
[TEMPERATURE DATA] [PRECIPITATION DATA] SYMBOLS USED IN COLUMN 16
AVERAGE MONTHLY: 82.9 TOTAL FOR MONTH: 2.38 1 = FOG OR MIST
DPTR FM NORMAL: 1.1 DPTR FM NORMAL: -4.67 2 = FOG REDUCING VISIBILITY
HIGHEST: 98 ON 30 GRTST 24HR 1.61 ON 31- 1 TO 1/4 MILE OR LESS
LOWEST: 70 ON 6, 4 3 = THUNDER
SNOW, ICE PELLETS, HAIL 4 = ICE PELLETS
TOTAL MONTH: 0.0 INCH 5 = HAIL
GRTST 24HR 0.0 6 = FREEZING RAIN OR DRIZZLE
GRTST DEPTH: 0 7 = DUSTSTORM OR SANDSTORM:
VSBY 1/2 MILE OR LESS
8 = SMOKE OR HAZE
[NO. OF DAYS WITH] [WEATHER - DAYS WITH] 9 = BLOWING SNOW
X = TORNADO
MAX 32 OR BELOW: 0 0.01 INCH OR MORE: 8
MAX 90 OR ABOVE: 17 0.10 INCH OR MORE: 4
MIN 32 OR BELOW: 0 0.50 INCH OR MORE: 2
MIN 0 OR BELOW: 0 1.00 INCH OR MORE: 0
[HDD (BASE 65) ]
TOTAL THIS MO. 0 CLEAR (SCALE 0-3) 23
DPTR FM NORMAL 0 PTCLDY (SCALE 4-7) 7
TOTAL FM JUL 1 242 CLOUDY (SCALE 8-10) 0
DPTR FM NORMAL -152
[CDD (BASE 65) ]
TOTAL THIS MO. 546
DPTR FM NORMAL 42 [PRESSURE DATA]
TOTAL FM JAN 1 1774 HIGHEST SLP 30.05 ON 24
DPTR FM NORMAL 364 LOWEST SLP 29.64 ON 3
[REMARKS]
#FINAL-06-23#