000
CXUS54 KEWX 011010
CF6SSF
PRELIMINARY LOCAL CLIMATOLOGICAL DATA (WS FORM: F-6)
STATION: SAN ANTONIO STINSON FIELD
MONTH: JULY
YEAR: 2023
LATITUDE: 29 19 N
LONGITUDE: 98 29 W
TEMPERATURE IN F: :PCPN: SNOW: WIND :SUNSHINE: SKY :PK WND
================================================================================
1 2 3 4 5 6A 6B 7 8 9 10 11 12 13 14 15 16 17 18
12Z AVG MX 2MIN
DY MAX MIN AVG DEP HDD CDD WTR SNW DPTH SPD SPD DIR MIN PSBL S-S WX SPD DR
================================================================================
1 101 80 91 6 0 26 0.00 M M 9.3 17 130 M M 6 25 130
2 95 76 86 1 0 21 T M M 4.2 12 130 M M 1 8 18 140
3 97 78 88 3 0 23 0.00 M M 6.6 16 110 M M 0 22 150
4 99 78 89 4 0 24 0.00 M M 6.5 21 130 M M 1 30 140
5 96 79 88 3 0 23 0.00 M M 9.3 21 130 M M 4 27 130
6 95 79 87 2 0 22 0.00 M M 10.5 26 120 M M 7 38 110
7 93 77 85 0 0 20 T M M 8.8 18 130 M M 7 24 130
8 101 77 89 4 0 24 0.00 M M 7.0 18 160 M M 4 26 160
9 103 77 90 5 0 25 0.00 M M 9.4 20 130 M M 3 26 140
10 104 78 91 6 0 26 0.00 M M 8.2 20 140 M M 2 27 130
11 105 79 92 7 0 27 0.00 M M 9.6 22 140 M M 3 30 140
12 106 81 94 9 0 29 0.00 M M 10.6 26 140 M M 3 36 140
13 106 79 93 8 0 28 0.00 M M 10.0 21 140 M M 3 29 150
14 106 79 93 7 0 28 0.00 M M 11.2 22 140 M M 2 30 140
15 106 79 93 7 0 28 0.00 M M 8.8 18 140 M M 2 26 160
16 105 77 91 5 0 26 0.00 M M 7.0 20 140 M M 2 27 160
17 105 74 90 4 0 25 0.00 M M 6.6 20 150 M M 0 27 150
18 106 76 91 5 0 26 0.00 M M 7.0 21 150 M M 1 29 140
19 106 78 92 6 0 27 0.00 M M 9.6 22 140 M M 1 29 150
20 104 78 91 5 0 26 0.00 M M 8.8 21 140 M M 3 28 170
21 103 77 90 4 0 25 0.00 M M 5.3 17 160 M M 2 27 170
22 105 76 91 5 0 26 0.00 M M 3.7 14 100 M M 0 22 130
23 103 78 91 5 0 26 0.15 M M 4.1 21 340 M M 1 38 33 340
24 103 74 89 3 0 24 0.00 M M 5.4 24 130 M M 1 31 120
25 102 75 89 3 0 24 0.00 M M 5.6 17 140 M M 2 24 140
26 104 79 92 5 0 27 0.00 M M 9.3 21 140 M M 2 31 140
27 102 78 90 3 0 25 0.00 M M 8.5 21 150 M M 2 30 140
28 103 75 89 2 0 24 0.00 M M 6.3 21 120 M M 0 27 150
29 101 73 87 0 0 22 0.00 M M 5.8 16 170 M M 0 24 180
30 102 76 89 2 0 24 0.00 M M 5.5 14 160 M M 0 20 120
31 103 77 90 3 0 25 0.00 M M 5.4 18 150 M M 0 27 140
================================================================================
SM 3170 2397 0 776 0.15 M 233.9 M 65
================================================================================
AV102.3 77.3 7.5 FASTST M M 2 MAX(MPH)
MISC ----> # 26 120 38 110
================================================================================
NOTES:
# LAST OF SEVERAL OCCURRENCES
COLUMN 17 PEAK WIND IN M.P.H.
PRELIMINARY LOCAL CLIMATOLOGICAL DATA (WS FORM: F-6) , PAGE 2
STATION: SAN ANTONIO STINSON FIELD
MONTH: JULY
YEAR: 2023
LATITUDE: 29 19 N
LONGITUDE: 98 29 W
[TEMPERATURE DATA] [PRECIPITATION DATA] SYMBOLS USED IN COLUMN 16
AVERAGE MONTHLY: 89.8 TOTAL FOR MONTH: 0.15 1 = FOG OR MIST
DPTR FM NORMAL: 4.0 DPTR FM NORMAL: -1.63 2 = FOG REDUCING VISIBILITY
HIGHEST: 106 ON 19,18 GRTST 24HR 0.15 ON 23-23 TO 1/4 MILE OR LESS
LOWEST: 73 ON 29 3 = THUNDER
SNOW, ICE PELLETS, HAIL 4 = ICE PELLETS
TOTAL MONTH: M 5 = HAIL
GRTST 24HR M ON M 6 = FREEZING RAIN OR DRIZZLE
GRTST DEPTH: M ON M 7 = DUSTSTORM OR SANDSTORM:
VSBY 1/2 MILE OR LESS
8 = SMOKE OR HAZE
[NO. OF DAYS WITH] [WEATHER - DAYS WITH] 9 = BLOWING SNOW
X = TORNADO
MAX 32 OR BELOW: 0 0.01 INCH OR MORE: 1
MAX 90 OR ABOVE: 31 0.10 INCH OR MORE: 1
MIN 32 OR BELOW: 0 0.50 INCH OR MORE: 0
MIN 0 OR BELOW: 0 1.00 INCH OR MORE: 0
[HDD (BASE 65) ]
TOTAL THIS MO. 0 CLEAR (SCALE 0-3) 25
DPTR FM NORMAL 0 PTCLDY (SCALE 4-7) 6
TOTAL FM JUL 1 0 CLOUDY (SCALE 8-10) 0
DPTR FM NORMAL 0
[CDD (BASE 65) ]
TOTAL THIS MO. 776
DPTR FM NORMAL 133 [PRESSURE DATA]
TOTAL FM JAN 1 2240 HIGHEST SLP 30.10 ON 25
DPTR FM NORMAL 276 LOWEST SLP 29.71 ON 13
[REMARKS]
#FINAL-07-23#