000
CXUS52 KJAX 120339
CF6SSI
PRELIMINARY LOCAL CLIMATOLOGICAL DATA (WS FORM: F-6)
STATION: ST SIMONS ISLAND
MONTH: MAY
YEAR: 2022
LATITUDE: 31 9 N
LONGITUDE: 81 23 W
TEMPERATURE IN F: :PCPN: SNOW: WIND :SUNSHINE: SKY :PK WND
================================================================================
1 2 3 4 5 6A 6B 7 8 9 10 11 12 13 14 15 16 17 18
12Z AVG MX 2MIN
DY MAX MIN AVG DEP HDD CDD WTR SNW DPTH SPD SPD DIR MIN PSBL S-S WX SPD DR
================================================================================
1 80 66 73 1 0 8 0.00 0.0 0 8.0 17 130 M M 1 24 140
2 83 70 77 5 0 12 0.00 0.0 0 7.9 17 140 M M 0 23 140
3 82 73 78 5 0 13 0.00 0.0 0 9.3 18 130 M M 0 26 150
4 85 68 77 4 0 12 T 0.0 0 6.0 14 150 M M 0 3 18 150
5 93 72 83 10 0 18 0.00 0.0 0 7.7 14 150 M M 2 20 160
6 89 71 80 7 0 15 0.09 0.0 0 11.9 21 220 M M 2 1 31 220
7 85 68 77 3 0 12 0.00 0.0 0 11.8 23 260 M M 2 36 250
8 77 61 69 -5 0 4 0.00 0.0 0 9.4 20 40 M M 3 31 50
9 69 57 63 -11 2 0 0.00 0.0 0 9.5 21 20 M M 4 28 30
10 82 57 70 -4 0 5 0.00 0.0 0 6.7 20 40 M M 0 30 350
11 81 61 71 -4 0 6 0.00 0.0 0 7.8 17 70 M M 0 27 30
12 77 63 70 -5 0 5 0.20 0.0 0 7.9 17 70 M M 5 1 23 70
13 79 67 73 -2 0 8 0.01 0.0 0 5.5 14 100 M M 7 3 20 90
14 81 65 73 -2 0 8 0.00 0.0 0 5.2 15 130 M M 1 20 110
15 83 71 77 1 0 12 0.01 0.0 0 5.5 16 140 M M 4 3 21 140
16 86 68 77 1 0 12 0.00 0.0 0 7.2 15 150 M M 0 20 140
17 88 74 81 5 0 16 0.00 0.0 0 8.6 16 100 M M 1 23 100
18 86 73 80 4 0 15 0.00 0.0 0 8.4 16 130 M M 0 23 160
19 95 74 85 8 0 20 0.00 0.0 0 10.0 17 170 M M 0 29 170
20 88 75 82 5 0 17 T 0.0 0 9.2 20 180 M M 0 35 180
21 84 72 78 1 0 13 0.21 0.0 0 5.9 18 200 M M 3 13 31 200
22 85 71 78 1 0 13 0.08 0.0 0 9.7 21 270 M M 2 13 31 260
23 85 70 78 1 0 13 0.78 0.0 0 10.6 18 160 M M 3 13 27 150
24 86 77 82 4 0 17 0.00 0.0 0 10.0 16 130 M M 3 21 140
25 87 77 82 4 0 17 0.00 0.0 0 11.5 17 140 M M 2 24 130
26 86 78 82 4 0 17 T 0.0 0 13.0 21 170 M M 2 31 180
27 85 74 80 2 0 15 0.68 0.0 0 9.4 21 270 M M 7 13 35 160
28 89 72 81 3 0 16 0.00 0.0 0 8.6 15 160 M M 1 22 180
29 89 73 81 3 0 16 0.00 0.0 0 8.4 17 130 M M 2 22 120
30 86 76 81 2 0 16 0.00 0.0 0 10.4 17 100 M M 1 23 100
31 87 75 81 2 0 16 T 0.0 0 7.2 15 100 M M 1 21 100
================================================================================
SM 2618 2169 2 387 2.06 0.0 268.2 M 59
================================================================================
AV 84.5 70.0 8.7 FASTST M M 2 MAX(MPH)
MISC ----> 23 260 36 250
================================================================================
NOTES:
# LAST OF SEVERAL OCCURRENCES
COLUMN 17 PEAK WIND IN M.P.H.
PRELIMINARY LOCAL CLIMATOLOGICAL DATA (WS FORM: F-6) , PAGE 2
STATION: ST SIMONS ISLAND
MONTH: MAY
YEAR: 2022
LATITUDE: 31 9 N
LONGITUDE: 81 23 W
[TEMPERATURE DATA] [PRECIPITATION DATA] SYMBOLS USED IN COLUMN 16
AVERAGE MONTHLY: 77.2 TOTAL FOR MONTH: 2.06 1 = FOG OR MIST
DPTR FM NORMAL: 1.6 DPTR FM NORMAL: -0.23 2 = FOG REDUCING VISIBILITY
HIGHEST: 95 ON 19 GRTST 24HR 0.78 ON 23-23 TO 1/4 MILE OR LESS
LOWEST: 57 ON 10, 9 3 = THUNDER
SNOW, ICE PELLETS, HAIL 4 = ICE PELLETS
TOTAL MONTH: 0.0 INCH 5 = HAIL
GRTST 24HR 0.0 6 = FREEZING RAIN OR DRIZZLE
GRTST DEPTH: 0 7 = DUSTSTORM OR SANDSTORM:
VSBY 1/2 MILE OR LESS
8 = SMOKE OR HAZE
[NO. OF DAYS WITH] [WEATHER - DAYS WITH] 9 = BLOWING SNOW
X = TORNADO
MAX 32 OR BELOW: 0 0.01 INCH OR MORE: 8
MAX 90 OR ABOVE: 2 0.10 INCH OR MORE: 4
MIN 32 OR BELOW: 0 0.50 INCH OR MORE: 2
MIN 0 OR BELOW: 0 1.00 INCH OR MORE: 0
[HDD (BASE 65) ]
TOTAL THIS MO. 2 CLEAR (SCALE 0-3) 25
DPTR FM NORMAL -1 PTCLDY (SCALE 4-7) 6
TOTAL FM JUL 1 984 CLOUDY (SCALE 8-10) 0
DPTR FM NORMAL -323
[CDD (BASE 65) ]
TOTAL THIS MO. 387
DPTR FM NORMAL 54 [PRESSURE DATA]
TOTAL FM JAN 1 686 HIGHEST SLP 30.26 ON 21
DPTR FM NORMAL 155 LOWEST SLP 29.65 ON 7
[REMARKS]
#FINAL-05-22#